{"id":997,"date":"2014-08-24T17:12:51","date_gmt":"2014-08-24T15:12:51","guid":{"rendered":"http:\/\/woerrlein-naturfoto.de\/wordpress\/?page_id=997"},"modified":"2015-02-16T12:51:57","modified_gmt":"2015-02-16T11:51:57","slug":"silbermoewe","status":"publish","type":"page","link":"https:\/\/woerrlein-naturfoto.de\/wordpress\/moewen-a-z\/silbermoewe\/","title":{"rendered":"Silberm\u00f6we"},"content":{"rendered":"<p><a href=\"http:\/\/woerrlein-naturfoto.de\/wordpress\/voegel\/\"><span style=\"color: #ffff66;\">V\u00f6gel<\/span> <\/a>-&gt;<a href=\"http:\/\/woerrlein-naturfoto.de\/wordpress\/hauptseite-voegel\/voegel\/watvoegel-2\"> <span style=\"color: #ffff66;\">Watv\u00f6gel<\/span> <\/a>-&gt;<a href=\"http:\/\/woerrlein-naturfoto.de\/wordpress\/hauptseite-voegel\/voegel\/watvoegel\/moewen-2\/\"> <span style=\"color: #ffff66;\">M\u00f6wen<\/span><\/a><br \/>\n<a title=\"V\u00f6gel von A-Z\" href=\"http:\/\/woerrlein-naturfoto.de\/wordpress\/voegel\/voegel_von_a-z\/\">V\u00f6gel von A-Z<\/a><br \/>\nZur Galerie <a title=\"M\u00f6wen\" href=\"http:\/\/woerrlein-naturfoto.de\/wordpress\/hauptseite-voegel\/voegel\/watvoegel\/moewen-2\/\">M\u00f6wen<\/a><\/p>\n<p><img loading=\"lazy\" decoding=\"async\" class=\"alignleft wp-image-937\" src=\"http:\/\/woerrlein-naturfoto.de\/wordpress\/wp-content\/uploads\/Silbermoewe_16722L_v-400x600.jpg\" alt=\"Silbermoewe_16722L_v.jpg\" width=\"267\" height=\"400\" srcset=\"https:\/\/woerrlein-naturfoto.de\/wordpress\/wp-content\/uploads\/Silbermoewe_16722L_v-400x600.jpg 400w, https:\/\/woerrlein-naturfoto.de\/wordpress\/wp-content\/uploads\/Silbermoewe_16722L_v.jpg 567w\" sizes=\"auto, (max-width: 267px) 100vw, 267px\" \/> Die <b>Silberm\u00f6we<\/b> (<i>Larus argentatus<\/i>) ist eine Vogelart aus der Familie der M\u00f6wen und die h\u00e4ufigste Gro\u00dfm\u00f6we in Nord- und Westeuropa. Ihr Verbreitungsgebiet erstreckt sich vom Wei\u00dfen Meer \u00fcber die K\u00fcsten der Ostsee, der Nordsee und des \u00c4rmelkanals sowie \u00fcber gro\u00dfe Teile der Atlantikk\u00fcste Frankreichs und der Britischen Inseln. Au\u00dferdem kommt die Art auf Island vor.\u00a0Silberm\u00f6wen sind Koloniebr\u00fcter, deren Brutpl\u00e4tze meist auf unzug\u00e4nglichen Inseln oder an Steilk\u00fcsten liegen. Vielerorts br\u00fctet die Art aber auch in D\u00fcnengebieten oder Salzwiesen. Sie ist wie die meisten M\u00f6wen ein Allesfresser, ern\u00e4hrt sich aber vor allem von Krusten\u2013 und Weichtieren, Fischen und menschlichen Abf\u00e4llen. W\u00e4hrend die n\u00f6rdlichen Populationen Zugv\u00f6gel sind, verbleiben die meisten \u00fcbrigen Silberm\u00f6wen in der N\u00e4he ihrer Brutgebiete. Vor allem junge Silberm\u00f6wen wandern jedoch teils gro\u00dfe Strecken und sind dann auch weit im Binnenland zu finden.<\/p>\n<p>L\u00e4nge: 55-67 cm\u00a0\u00a0 Spannweite: 130-158 cm\u00a0\u00a0 Gewicht: 800-1000 g\u00a0\u00a0 Gelege: 2-3 Eier<\/p>\n<p>Zur Galerie <a title=\"M\u00f6wen\" href=\"http:\/\/woerrlein-naturfoto.de\/wordpress\/hauptseite-voegel\/voegel\/watvoegel\/moewen-2\/\">M\u00f6wen<\/a><\/p>\n<p>&nbsp;<\/p>\n<p><em>Quelle des Textauszuges und weitere Infos bei <\/em><a href=\"http:\/\/de.wikipedia.org\/wiki\/Silberm%C3%B6we\" target=\"_blank\">Wikipedia<\/a> <em>(<\/em><a href=\"http:\/\/www.gnu.org\/licenses\/fdl-1.3.txt\" target=\"_blank\">GNU-Lizenz<\/a><em>)<\/em> \u2013 <em>mein Dank gilt den<\/em> <a href=\"http:\/\/de.wikipedia.org\/w\/index.php?title=Silberm%C3%B6we&amp;action=history\" target=\"_blank\">Autoren<\/a>.<\/p>\n","protected":false},"excerpt":{"rendered":"<p>V\u00f6gel -&gt; Watv\u00f6gel -&gt; M\u00f6wen V\u00f6gel von A-Z Zur Galerie M\u00f6wen Die Silberm\u00f6we (Larus argentatus) ist eine Vogelart aus der Familie der M\u00f6wen und die h\u00e4ufigste Gro\u00dfm\u00f6we in Nord- und Westeuropa. Ihr Verbreitungsgebiet erstreckt sich vom Wei\u00dfen Meer \u00fcber die K\u00fcsten der Ostsee, der Nordsee und des \u00c4rmelkanals sowie \u00fcber gro\u00dfe Teile der Atlantikk\u00fcste Frankreichs &hellip; <a href=\"https:\/\/woerrlein-naturfoto.de\/wordpress\/moewen-a-z\/silbermoewe\/\" class=\"more-link\"><span class=\"screen-reader-text\">Silberm\u00f6we<\/span> weiterlesen <span class=\"meta-nav\">&rarr;<\/span><\/a><\/p>\n","protected":false},"author":1,"featured_media":0,"parent":961,"menu_order":0,"comment_status":"closed","ping_status":"closed","template":"page-templates\/full-width.php","meta":{"footnotes":""},"class_list":["post-997","page","type-page","status-publish","hentry"],"_links":{"self":[{"href":"https:\/\/woerrlein-naturfoto.de\/wordpress\/wp-json\/wp\/v2\/pages\/997","targetHints":{"allow":["GET"]}}],"collection":[{"href":"https:\/\/woerrlein-naturfoto.de\/wordpress\/wp-json\/wp\/v2\/pages"}],"about":[{"href":"https:\/\/woerrlein-naturfoto.de\/wordpress\/wp-json\/wp\/v2\/types\/page"}],"author":[{"embeddable":true,"href":"https:\/\/woerrlein-naturfoto.de\/wordpress\/wp-json\/wp\/v2\/users\/1"}],"replies":[{"embeddable":true,"href":"https:\/\/woerrlein-naturfoto.de\/wordpress\/wp-json\/wp\/v2\/comments?post=997"}],"version-history":[{"count":13,"href":"https:\/\/woerrlein-naturfoto.de\/wordpress\/wp-json\/wp\/v2\/pages\/997\/revisions"}],"predecessor-version":[{"id":6247,"href":"https:\/\/woerrlein-naturfoto.de\/wordpress\/wp-json\/wp\/v2\/pages\/997\/revisions\/6247"}],"up":[{"embeddable":true,"href":"https:\/\/woerrlein-naturfoto.de\/wordpress\/wp-json\/wp\/v2\/pages\/961"}],"wp:attachment":[{"href":"https:\/\/woerrlein-naturfoto.de\/wordpress\/wp-json\/wp\/v2\/media?parent=997"}],"curies":[{"name":"wp","href":"https:\/\/api.w.org\/{rel}","templated":true}]}}