{"id":9527,"date":"2017-12-31T15:28:58","date_gmt":"2017-12-31T14:28:58","guid":{"rendered":"http:\/\/woerrlein-naturfoto.de\/wordpress\/?page_id=9527"},"modified":"2017-12-31T15:31:23","modified_gmt":"2017-12-31T14:31:23","slug":"waldeidechse","status":"publish","type":"page","link":"https:\/\/woerrlein-naturfoto.de\/wordpress\/reptilien-a-z\/waldeidechse\/","title":{"rendered":"Waldeidechse"},"content":{"rendered":"<p><a href=\"http:\/\/woerrlein-naturfoto.de\/wordpress\/hauptseite-sonstige-tiere\/sonstige-tiere\/\"><span style=\"color: #ffff66;\">sonstige Tiere<\/span> <\/a>-&gt;<a title=\"Reptilien\" href=\"http:\/\/woerrlein-naturfoto.de\/wordpress\/hauptseite-sonstige-tiere\/sonstige-tiere\/reptilien-2\/\"> <span style=\"color: #ffff66;\">Reptilien<\/span><\/a><br \/>\n<a href=\"http:\/\/woerrlein-naturfoto.de\/wordpress\/sonstige-tiere-von-a-z\/\">sonstige Tiere von A-Z<\/a><br \/>\nzur Galerie <a title=\"Reptilien\" href=\"http:\/\/woerrlein-naturfoto.de\/wordpress\/hauptseite-sonstige-tiere\/sonstige-tiere\/reptilien-2\/\">Reptilien<\/a><\/p>\n<p><img loading=\"lazy\" decoding=\"async\" class=\"alignleft wp-image-9526\" src=\"http:\/\/woerrlein-naturfoto.de\/wordpress\/wp-content\/uploads\/2015\/02\/Waldeidechse_AW04867L_5843x3895-600x400.jpg\" alt=\"\" width=\"600\" height=\"400\" srcset=\"https:\/\/woerrlein-naturfoto.de\/wordpress\/wp-content\/uploads\/2015\/02\/Waldeidechse_AW04867L_5843x3895-600x400.jpg 600w, https:\/\/woerrlein-naturfoto.de\/wordpress\/wp-content\/uploads\/2015\/02\/Waldeidechse_AW04867L_5843x3895-768x511.jpg 768w, https:\/\/woerrlein-naturfoto.de\/wordpress\/wp-content\/uploads\/2015\/02\/Waldeidechse_AW04867L_5843x3895-120x80.jpg 120w, https:\/\/woerrlein-naturfoto.de\/wordpress\/wp-content\/uploads\/2015\/02\/Waldeidechse_AW04867L_5843x3895.jpg 1000w\" sizes=\"auto, (max-width: 600px) 100vw, 600px\" \/>Die <b>Waldeidechse<\/b> (<i>Zootoca vivipara<\/i>, Syn.: <i>Lacerta vivipara<\/i>), auch <b>Bergeidechse<\/b> oder <b>Mooreidechse<\/b> genannt, geh\u00f6rt zur Klasse der Reptilien und zur Familie der Echten Eidechsen (Lacertidae). Die neuer etablierte Gattung <i>Zootoca<\/i> ist monotypisch, besteht also nur aus dieser einen Art. Von der Deutschen Gesellschaft f\u00fcr Herpetologie und Terrarienkunde wurde sie 2006 zum <a title=\"Reptil\/Lurch des Jahres\" href=\"https:\/\/de.wikipedia.org\/wiki\/Reptil\/Lurch_des_Jahres\" target=\"_blank\" rel=\"noopener noreferrer\">Reptil des Jahres<\/a> gek\u00fcrt. Damit sollte die \u201eerfolgreichste\u201c Reptilienart der Welt (gemessen an ihrer weiten Verbreitung) in das \u00f6ffentliche Bewusstsein ger\u00fcckt werden.<br \/>\nDie Waldeidechse hat eine Gesamtl\u00e4nge von maximal 18\u00a0Zentimetern. Davon entfallen bis zu sechs, bei den Weibchen bis zu sieben Zentimeter auf Kopf und Rumpf. Der kr\u00e4ftige Schwanz erreicht das 1,25- bis zweifache der Kopf-Rumpf-L\u00e4nge (Maximalwert bei M\u00e4nnchen). Die Art ist schlank, kurzbeinig und weist einen, im Vergleich beispielsweise zur <a title=\"Zauneidechse\" href=\"http:\/\/woerrlein-naturfoto.de\/wordpress\/reptilien-a-z\/zauneidechse\/\">Zauneidechse<\/a>, kleinen, ziemlich abgeflachten Kopf auf \u2013 bei den Weibchen noch mehr als bei den M\u00e4nnchen.<\/p>\n<p>Zur Galerie <a title=\"Reptilien\" href=\"http:\/\/woerrlein-naturfoto.de\/wordpress\/hauptseite-sonstige-tiere\/sonstige-tiere\/reptilien-2\/\">Reptilien<\/a><\/p>\n<p><em>Quelle des Textauszuges und weitere Infos bei <\/em><a href=\"https:\/\/de.wikipedia.org\/wiki\/Waldeidechse\" target=\"_blank\" rel=\"noopener noreferrer\">Wikipedia<\/a><em> (<\/em><a href=\"http:\/\/www.gnu.org\/licenses\/fdl-1.3.txt\" target=\"_blank\" rel=\"noopener noreferrer\">GNU-Lizenz<\/a><em>)\u2013 mein Dank gilt den <\/em><a href=\"https:\/\/de.wikipedia.org\/w\/index.php?title=Waldeidechse&amp;action=history\" target=\"_blank\" rel=\"noopener noreferrer\">Autoren<\/a><em>.<\/em><\/p>\n","protected":false},"excerpt":{"rendered":"<p>sonstige Tiere -&gt; Reptilien sonstige Tiere von A-Z zur Galerie Reptilien Die Waldeidechse (Zootoca vivipara, Syn.: Lacerta vivipara), auch Bergeidechse oder Mooreidechse genannt, geh\u00f6rt zur Klasse der Reptilien und zur Familie der Echten Eidechsen (Lacertidae). Die neuer etablierte Gattung Zootoca ist monotypisch, besteht also nur aus dieser einen Art. Von der Deutschen Gesellschaft f\u00fcr Herpetologie &hellip; <a href=\"https:\/\/woerrlein-naturfoto.de\/wordpress\/reptilien-a-z\/waldeidechse\/\" class=\"more-link\"><span class=\"screen-reader-text\">Waldeidechse<\/span> weiterlesen <span class=\"meta-nav\">&rarr;<\/span><\/a><\/p>\n","protected":false},"author":1,"featured_media":0,"parent":5452,"menu_order":0,"comment_status":"closed","ping_status":"closed","template":"page-templates\/full-width.php","meta":{"footnotes":""},"class_list":["post-9527","page","type-page","status-publish","hentry"],"_links":{"self":[{"href":"https:\/\/woerrlein-naturfoto.de\/wordpress\/wp-json\/wp\/v2\/pages\/9527","targetHints":{"allow":["GET"]}}],"collection":[{"href":"https:\/\/woerrlein-naturfoto.de\/wordpress\/wp-json\/wp\/v2\/pages"}],"about":[{"href":"https:\/\/woerrlein-naturfoto.de\/wordpress\/wp-json\/wp\/v2\/types\/page"}],"author":[{"embeddable":true,"href":"https:\/\/woerrlein-naturfoto.de\/wordpress\/wp-json\/wp\/v2\/users\/1"}],"replies":[{"embeddable":true,"href":"https:\/\/woerrlein-naturfoto.de\/wordpress\/wp-json\/wp\/v2\/comments?post=9527"}],"version-history":[{"count":4,"href":"https:\/\/woerrlein-naturfoto.de\/wordpress\/wp-json\/wp\/v2\/pages\/9527\/revisions"}],"predecessor-version":[{"id":9531,"href":"https:\/\/woerrlein-naturfoto.de\/wordpress\/wp-json\/wp\/v2\/pages\/9527\/revisions\/9531"}],"up":[{"embeddable":true,"href":"https:\/\/woerrlein-naturfoto.de\/wordpress\/wp-json\/wp\/v2\/pages\/5452"}],"wp:attachment":[{"href":"https:\/\/woerrlein-naturfoto.de\/wordpress\/wp-json\/wp\/v2\/media?parent=9527"}],"curies":[{"name":"wp","href":"https:\/\/api.w.org\/{rel}","templated":true}]}}