{"id":906,"date":"2014-08-23T16:58:15","date_gmt":"2014-08-23T14:58:15","guid":{"rendered":"http:\/\/woerrlein-naturfoto.de\/wordpress\/?page_id=906"},"modified":"2020-06-07T19:11:15","modified_gmt":"2020-06-07T17:11:15","slug":"papageitaucher","status":"publish","type":"page","link":"https:\/\/woerrlein-naturfoto.de\/wordpress\/alkenvoegel-a-z\/papageitaucher\/","title":{"rendered":"Papageitaucher"},"content":{"rendered":"<p><a href=\"http:\/\/woerrlein-naturfoto.de\/wordpress\/voegel\/\"><span style=\"color: #ffff66;\">V\u00f6gel<\/span> <\/a>-&gt;<a href=\"http:\/\/woerrlein-naturfoto.de\/wordpress\/hauptseite-voegel\/voegel\/watvoegel-2\"> <span style=\"color: #ffff66;\">Watv\u00f6gel<\/span> <\/a>-&gt;<a href=\"http:\/\/woerrlein-naturfoto.de\/wordpress\/hauptseite-voegel\/voegel\/watvoegel\/alkenvoegel\/\"> <span style=\"color: #ffff66;\">Alkenv\u00f6gel<\/span><\/a><br \/>\n<a title=\"V\u00f6gel von A-Z\" href=\"http:\/\/woerrlein-naturfoto.de\/wordpress\/voegel\/voegel_von_a-z\/\">V\u00f6gel von A-Z<\/a><br \/>\nZur Galerie <a title=\"Alkenv\u00f6gel\" href=\"http:\/\/woerrlein-naturfoto.de\/wordpress\/hauptseite-voegel\/voegel\/watvoegel\/alkenvoegel\/\">Alkenv\u00f6gel<\/a><\/p>\n<p><img loading=\"lazy\" decoding=\"async\" class=\"alignleft wp-image-9483\" src=\"http:\/\/woerrlein-naturfoto.de\/wordpress\/wp-content\/uploads\/2014\/08\/Papageitaucher_D170627_8071-600x400.jpg\" alt=\"\" width=\"600\" height=\"400\" srcset=\"https:\/\/woerrlein-naturfoto.de\/wordpress\/wp-content\/uploads\/2014\/08\/Papageitaucher_D170627_8071-600x400.jpg 600w, https:\/\/woerrlein-naturfoto.de\/wordpress\/wp-content\/uploads\/2014\/08\/Papageitaucher_D170627_8071-768x512.jpg 768w, https:\/\/woerrlein-naturfoto.de\/wordpress\/wp-content\/uploads\/2014\/08\/Papageitaucher_D170627_8071-120x80.jpg 120w, https:\/\/woerrlein-naturfoto.de\/wordpress\/wp-content\/uploads\/2014\/08\/Papageitaucher_D170627_8071.jpg 1000w\" sizes=\"auto, (max-width: 600px) 100vw, 600px\" \/>Der <b>Papageitaucher<\/b> (<i>Fratercula arctica<\/i>) ist eine Vogelart aus der Familie der Alkenv\u00f6gel. Die Art br\u00fctet in Erdh\u00f6hlen an und auf Klippen oder an deren Fu\u00df im n\u00f6rdlichen Atlantik sowie im westlichen Nordpolarmeer. Sie sind etwa so gro\u00df wie eine Haustaube. M\u00e4nnchen sind etwas gr\u00f6\u00dfer und schwerer als Weibchen. Wie bei vielen Vertretern der Familie sind Brustband, Oberkopf, R\u00fccken sowie die Oberseite der Fl\u00fcgel schwarz und die Unterseite des Rumpfes wei\u00df. Der im Profil etwa dreieckige Schnabel ist extrem hoch, aber sehr schmal. Zur Brutzeit werden die Oberkanten oder H\u00e4nge grasbewachsener, steiler Klippen oder Ger\u00f6ll- oder Blockschutthalden an deren Fu\u00df aufgesucht. Die besiedelten Klippenbereiche weisen meist eine mindestens 20 cm dicke, grabf\u00e4hige Substratschicht auf, in der sich H\u00f6hlen befinden oder in der selbst H\u00f6hlen gegraben werden k\u00f6nnen. Au\u00dferhalb der Brutzeit sind Papageitaucher noch st\u00e4rker an das offene Meer gebunden als die anderen europ\u00e4ischen Lummen und der Tordalk.<\/p>\n<p>L\u00e4nge: 27 cm&nbsp;&nbsp; Spannweite: 47-63 cm&nbsp;&nbsp; Gewicht: 370-400 g&nbsp;&nbsp; Gelege: 1 Ei<\/p>\n<p>Zur Galerie <a title=\"Alkenv\u00f6gel\" href=\"http:\/\/woerrlein-naturfoto.de\/wordpress\/voegel\/watvoegel\/alkenvoegel\/\">Alkenv\u00f6gel<\/a><\/p>\n<p>&nbsp;<\/p>\n<p><em>Quelle des Textauszuges und weitere Infos bei <\/em><a href=\"http:\/\/de.wikipedia.org\/wiki\/Papageitaucher\" target=\"_blank\" rel=\"noopener noreferrer\">Wikipedia<\/a> <em>(<\/em><a href=\"http:\/\/www.gnu.org\/licenses\/fdl-1.3.txt\" target=\"_blank\" rel=\"noopener noreferrer\">GNU-Lizenz<\/a><em>)<\/em> \u2013 <em>mein Dank gilt den<\/em> <a href=\"http:\/\/de.wikipedia.org\/w\/index.php?title=Papageitaucher&amp;action=history\" target=\"_blank\" rel=\"noopener noreferrer\">Autoren<\/a>.<\/p>\n","protected":false},"excerpt":{"rendered":"<p>V\u00f6gel -&gt; Watv\u00f6gel -&gt; Alkenv\u00f6gel V\u00f6gel von A-Z Zur Galerie Alkenv\u00f6gel Der Papageitaucher (Fratercula arctica) ist eine Vogelart aus der Familie der Alkenv\u00f6gel. Die Art br\u00fctet in Erdh\u00f6hlen an und auf Klippen oder an deren Fu\u00df im n\u00f6rdlichen Atlantik sowie im westlichen Nordpolarmeer. Sie sind etwa so gro\u00df wie eine Haustaube. M\u00e4nnchen sind etwas gr\u00f6\u00dfer &hellip; <a href=\"https:\/\/woerrlein-naturfoto.de\/wordpress\/alkenvoegel-a-z\/papageitaucher\/\" class=\"more-link\"><span class=\"screen-reader-text\">Papageitaucher<\/span> weiterlesen <span class=\"meta-nav\">&rarr;<\/span><\/a><\/p>\n","protected":false},"author":1,"featured_media":0,"parent":911,"menu_order":0,"comment_status":"closed","ping_status":"closed","template":"page-templates\/full-width.php","meta":{"footnotes":""},"class_list":["post-906","page","type-page","status-publish","hentry"],"_links":{"self":[{"href":"https:\/\/woerrlein-naturfoto.de\/wordpress\/wp-json\/wp\/v2\/pages\/906","targetHints":{"allow":["GET"]}}],"collection":[{"href":"https:\/\/woerrlein-naturfoto.de\/wordpress\/wp-json\/wp\/v2\/pages"}],"about":[{"href":"https:\/\/woerrlein-naturfoto.de\/wordpress\/wp-json\/wp\/v2\/types\/page"}],"author":[{"embeddable":true,"href":"https:\/\/woerrlein-naturfoto.de\/wordpress\/wp-json\/wp\/v2\/users\/1"}],"replies":[{"embeddable":true,"href":"https:\/\/woerrlein-naturfoto.de\/wordpress\/wp-json\/wp\/v2\/comments?post=906"}],"version-history":[{"count":25,"href":"https:\/\/woerrlein-naturfoto.de\/wordpress\/wp-json\/wp\/v2\/pages\/906\/revisions"}],"predecessor-version":[{"id":12353,"href":"https:\/\/woerrlein-naturfoto.de\/wordpress\/wp-json\/wp\/v2\/pages\/906\/revisions\/12353"}],"up":[{"embeddable":true,"href":"https:\/\/woerrlein-naturfoto.de\/wordpress\/wp-json\/wp\/v2\/pages\/911"}],"wp:attachment":[{"href":"https:\/\/woerrlein-naturfoto.de\/wordpress\/wp-json\/wp\/v2\/media?parent=906"}],"curies":[{"name":"wp","href":"https:\/\/api.w.org\/{rel}","templated":true}]}}