{"id":8920,"date":"2017-05-06T19:00:46","date_gmt":"2017-05-06T17:00:46","guid":{"rendered":"http:\/\/woerrlein-naturfoto.de\/wordpress\/?page_id=8920"},"modified":"2017-05-06T19:08:18","modified_gmt":"2017-05-06T17:08:18","slug":"langblaettriger-sonnentau","status":"publish","type":"page","link":"https:\/\/woerrlein-naturfoto.de\/wordpress\/blueten-ii-a-z\/langblaettriger-sonnentau\/","title":{"rendered":"Langbl\u00e4ttriger Sonnentau"},"content":{"rendered":"<p><a href=\"http:\/\/woerrlein-naturfoto.de\/wordpress\/hauptseite-pflanzen\/pflanzen\/\"><span style=\"color: #ffff66;\">Pflanzen<\/span> <\/a>-&gt;<a href=\"http:\/\/woerrlein-naturfoto.de\/wordpress\/hauptseite-pflanzen\/pflanzen\/blueten-ii-sonstige-blueten\/\"> <span style=\"color: #ffff66;\">Bl\u00fcten II (sonstige Bl\u00fcten)<\/span><\/a><br \/>\n<a href=\"http:\/\/woerrlein-naturfoto.de\/wordpress\/pflanzen-von-a-z\/\">Pflanzen von A-Z<\/a><br \/>\nZur Galerie <a href=\"http:\/\/woerrlein-naturfoto.de\/wordpress\/hauptseite-pflanzen\/pflanzen\/blueten-ii-sonstige-blueten\/\">sonstige Bl\u00fcten<\/a><\/p>\n<p><img loading=\"lazy\" decoding=\"async\" class=\"alignleft wp-image-8711\" src=\"http:\/\/woerrlein-naturfoto.de\/wordpress\/wp-content\/uploads\/2016\/12\/Sonnentau_AW05757L_4912x7360-401x600.jpg\" alt=\"\" width=\"267\" height=\"400\" srcset=\"https:\/\/woerrlein-naturfoto.de\/wordpress\/wp-content\/uploads\/2016\/12\/Sonnentau_AW05757L_4912x7360-401x600.jpg 401w, https:\/\/woerrlein-naturfoto.de\/wordpress\/wp-content\/uploads\/2016\/12\/Sonnentau_AW05757L_4912x7360.jpg 568w\" sizes=\"auto, (max-width: 267px) 100vw, 267px\" \/>Der <b>Langbl\u00e4ttrige Sonnentau<\/b> (<i>Drosera anglica<\/i>, Syn.: <i>D. longifolia<\/i>), auch <b>Langblatt-Sonnentau<\/b> oder <b>Englischer Sonnentau<\/b>, ist eine Art aus der Gattung Sonnentau, einer Gattung fleischfressender Pflanzen. Er ist eine der nur drei Arten, die auch in Mitteleuropa vorkommen.<br \/>\nDer Langbl\u00e4ttrige Sonnentau ist eine mehrj\u00e4hrige, krautige Pflanze und bildet eine aufrechte Rosette. Das weniger auf N\u00e4hrstoffversorgung als auf Verankerung und Wasseraufnahme ausgerichtete Wurzelsystem der Pflanze ist schwach ausgepr\u00e4gt und reicht nur wenige Zentimeter tief.<br \/>\nDie Bl\u00e4tter der Pflanzen sind zwischen 35 und 95 Millimeter lang. Die l\u00e4nglich- bis linealisch-spatelige Blattspreite ist dabei nur 15 bis 35 Millimeter lang und 2 bis 5 Millimeter breit und -typisch f\u00fcr die Gattung- mit r\u00f6tlichen Tentakeln besetzt. Mit ihren Bl\u00e4ttern f\u00e4ngt sie haupts\u00e4chlich Fliegen, aber auch kleinere Schmetterlinge oder Libellen werden gelegentlich gefangen, innerhalb von Minuten biegen sich die Tentakel auf den Fang, innerhalb von Stunden gefolgt von der Blattspreite selbst, erst nach Abschluss des Verdauungsprozesses entrollt sich das Blatt dann wieder.<\/p>\n<p><strong>Bl\u00fctezeit:<\/strong>\u00a0\u00a0\u00a0\u00a0 Juni bis Juli<\/p>\n<p>Zur Galerie <a title=\"Eulen\" href=\"http:\/\/woerrlein-naturfoto.de\/wordpress\/hauptseite-pflanzen\/pflanzen\/blueten-ii-sonstige-blueten\/\">sonstige Bl\u00fcten<\/a><\/p>\n<p><em>Quelle des Textauszuges und weitere Infos bei <\/em><a href=\"https:\/\/de.wikipedia.org\/wiki\/Langbl%C3%A4ttriger_Sonnentau\" target=\"_blank\" rel=\"noopener noreferrer\">Wikipedia<\/a><em> (<\/em><a href=\"http:\/\/www.gnu.org\/licenses\/fdl-1.3.txt\" target=\"_blank\" rel=\"noopener noreferrer\">GNU-Lizenz<\/a><em>)\u2013 mein Dank gilt den <\/em><a href=\"https:\/\/de.wikipedia.org\/w\/index.php?title=Langbl%C3%A4ttriger_Sonnentau&amp;action=history\" target=\"_blank\" rel=\"noopener noreferrer\">Autoren<\/a><em>.<\/em><\/p>\n","protected":false},"excerpt":{"rendered":"<p>Pflanzen -&gt; Bl\u00fcten II (sonstige Bl\u00fcten) Pflanzen von A-Z Zur Galerie sonstige Bl\u00fcten Der Langbl\u00e4ttrige Sonnentau (Drosera anglica, Syn.: D. longifolia), auch Langblatt-Sonnentau oder Englischer Sonnentau, ist eine Art aus der Gattung Sonnentau, einer Gattung fleischfressender Pflanzen. Er ist eine der nur drei Arten, die auch in Mitteleuropa vorkommen. Der Langbl\u00e4ttrige Sonnentau ist eine mehrj\u00e4hrige, &hellip; <a href=\"https:\/\/woerrlein-naturfoto.de\/wordpress\/blueten-ii-a-z\/langblaettriger-sonnentau\/\" class=\"more-link\"><span class=\"screen-reader-text\">Langbl\u00e4ttriger Sonnentau<\/span> weiterlesen <span class=\"meta-nav\">&rarr;<\/span><\/a><\/p>\n","protected":false},"author":1,"featured_media":0,"parent":4851,"menu_order":0,"comment_status":"closed","ping_status":"closed","template":"page-templates\/full-width.php","meta":{"footnotes":""},"class_list":["post-8920","page","type-page","status-publish","hentry"],"_links":{"self":[{"href":"https:\/\/woerrlein-naturfoto.de\/wordpress\/wp-json\/wp\/v2\/pages\/8920","targetHints":{"allow":["GET"]}}],"collection":[{"href":"https:\/\/woerrlein-naturfoto.de\/wordpress\/wp-json\/wp\/v2\/pages"}],"about":[{"href":"https:\/\/woerrlein-naturfoto.de\/wordpress\/wp-json\/wp\/v2\/types\/page"}],"author":[{"embeddable":true,"href":"https:\/\/woerrlein-naturfoto.de\/wordpress\/wp-json\/wp\/v2\/users\/1"}],"replies":[{"embeddable":true,"href":"https:\/\/woerrlein-naturfoto.de\/wordpress\/wp-json\/wp\/v2\/comments?post=8920"}],"version-history":[{"count":4,"href":"https:\/\/woerrlein-naturfoto.de\/wordpress\/wp-json\/wp\/v2\/pages\/8920\/revisions"}],"predecessor-version":[{"id":8927,"href":"https:\/\/woerrlein-naturfoto.de\/wordpress\/wp-json\/wp\/v2\/pages\/8920\/revisions\/8927"}],"up":[{"embeddable":true,"href":"https:\/\/woerrlein-naturfoto.de\/wordpress\/wp-json\/wp\/v2\/pages\/4851"}],"wp:attachment":[{"href":"https:\/\/woerrlein-naturfoto.de\/wordpress\/wp-json\/wp\/v2\/media?parent=8920"}],"curies":[{"name":"wp","href":"https:\/\/api.w.org\/{rel}","templated":true}]}}