{"id":8915,"date":"2017-05-06T18:48:40","date_gmt":"2017-05-06T16:48:40","guid":{"rendered":"http:\/\/woerrlein-naturfoto.de\/wordpress\/?page_id=8915"},"modified":"2017-05-06T18:56:41","modified_gmt":"2017-05-06T16:56:41","slug":"echtes-salomonssiegel","status":"publish","type":"page","link":"https:\/\/woerrlein-naturfoto.de\/wordpress\/blueten-ii-a-z\/echtes-salomonssiegel\/","title":{"rendered":"Echtes Salomonssiegel"},"content":{"rendered":"<p><a href=\"http:\/\/woerrlein-naturfoto.de\/wordpress\/hauptseite-pflanzen\/pflanzen\/\"><span style=\"color: #ffff66;\">Pflanzen<\/span> <\/a>-&gt;<a href=\"http:\/\/woerrlein-naturfoto.de\/wordpress\/hauptseite-pflanzen\/pflanzen\/blueten-ii-sonstige-blueten\/\"> <span style=\"color: #ffff66;\">Bl\u00fcten II (sonstige Bl\u00fcten)<\/span><\/a><br \/>\n<a href=\"http:\/\/woerrlein-naturfoto.de\/wordpress\/pflanzen-von-a-z\/\">Pflanzen von A-Z<\/a><br \/>\nZur Galerie <a href=\"http:\/\/woerrlein-naturfoto.de\/wordpress\/hauptseite-pflanzen\/pflanzen\/blueten-ii-sonstige-blueten\/\">sonstige Bl\u00fcten<\/a><\/p>\n<p><img loading=\"lazy\" decoding=\"async\" class=\"alignleft wp-image-8903\" src=\"http:\/\/woerrlein-naturfoto.de\/wordpress\/wp-content\/uploads\/2015\/01\/Salomonssiegel_D160522_8409-400x600.jpg\" alt=\"\" width=\"267\" height=\"400\" \/>Das <b>Echte Salomonssiegel<\/b> (<i>Polygonatum odoratum<\/i>), auch <b>Wohlriechende Wei\u00dfwurz<\/b>, ist eine Pflanzenart aus der Familie der Spargelgew\u00e4chse.<br \/>\nBeim Echten Salomonssiegel handelt sich um eine ausdauernde, krautige Pflanze, die Wuchsh\u00f6hen von 15 bis 50, selten bis zu 100 Zentimetern erreicht. Es wird ein <a title=\"Rhizom\" href=\"https:\/\/de.wikipedia.org\/wiki\/Rhizom\" target=\"_blank\" rel=\"noopener noreferrer\">Rhizom<\/a>, das einen Durchmesser von 5 bis 14\u00a0cm aufweist, als \u00dcberdauerungsorgan gebildet. Am Rhizom hinterl\u00e4sst der absterbende St\u00e4ngel den siegelartigen Abdruck, der zum Trivialnamen f\u00fchrte. Ihr aufrechter, glatter St\u00e4ngel w\u00e4chst \u00fcbergebogen und ist \u2013 im Gegensatz zur Vielbl\u00fctigen Wei\u00dfwurz \u2013 scharfkantig. Die sieben bis zw\u00f6lf wechselst\u00e4ndig und zweizeilig stehenden, ungestielten Laubbl\u00e4tter sind einfach, ganzrandig parallelnervig, 5 bis 12 (selten bis 20) cm lang und 3 bis 6 (selten bis 8) cm breit. Nebenbl\u00e4tter fehlen.<\/p>\n<p><strong>Bl\u00fctezeit:<\/strong>\u00a0\u00a0\u00a0\u00a0 Mai bis Juni<\/p>\n<p>Zur Galerie <a title=\"Eulen\" href=\"http:\/\/woerrlein-naturfoto.de\/wordpress\/hauptseite-pflanzen\/pflanzen\/blueten-ii-sonstige-blueten\/\">sonstige Bl\u00fcten<\/a><\/p>\n<p><em>Quelle des Textauszuges und weitere Infos bei <\/em><a href=\"https:\/\/de.wikipedia.org\/wiki\/Echtes_Salomonssiegel\" target=\"_blank\" rel=\"noopener noreferrer\">Wikipedia<\/a><em> (<\/em><a href=\"http:\/\/www.gnu.org\/licenses\/fdl-1.3.txt\" target=\"_blank\" rel=\"noopener noreferrer\">GNU-Lizenz<\/a><em>)\u2013 mein Dank gilt den <\/em><a href=\"https:\/\/de.wikipedia.org\/w\/index.php?title=Echtes_Salomonssiegel&amp;action=history\" target=\"_blank\" rel=\"noopener noreferrer\">Autoren<\/a><em>.<\/em><\/p>\n","protected":false},"excerpt":{"rendered":"<p>Pflanzen -&gt; Bl\u00fcten II (sonstige Bl\u00fcten) Pflanzen von A-Z Zur Galerie sonstige Bl\u00fcten Das Echte Salomonssiegel (Polygonatum odoratum), auch Wohlriechende Wei\u00dfwurz, ist eine Pflanzenart aus der Familie der Spargelgew\u00e4chse. Beim Echten Salomonssiegel handelt sich um eine ausdauernde, krautige Pflanze, die Wuchsh\u00f6hen von 15 bis 50, selten bis zu 100 Zentimetern erreicht. Es wird ein Rhizom, &hellip; <a href=\"https:\/\/woerrlein-naturfoto.de\/wordpress\/blueten-ii-a-z\/echtes-salomonssiegel\/\" class=\"more-link\"><span class=\"screen-reader-text\">Echtes Salomonssiegel<\/span> weiterlesen <span class=\"meta-nav\">&rarr;<\/span><\/a><\/p>\n","protected":false},"author":1,"featured_media":0,"parent":4851,"menu_order":0,"comment_status":"closed","ping_status":"closed","template":"page-templates\/full-width.php","meta":{"footnotes":""},"class_list":["post-8915","page","type-page","status-publish","hentry"],"_links":{"self":[{"href":"https:\/\/woerrlein-naturfoto.de\/wordpress\/wp-json\/wp\/v2\/pages\/8915","targetHints":{"allow":["GET"]}}],"collection":[{"href":"https:\/\/woerrlein-naturfoto.de\/wordpress\/wp-json\/wp\/v2\/pages"}],"about":[{"href":"https:\/\/woerrlein-naturfoto.de\/wordpress\/wp-json\/wp\/v2\/types\/page"}],"author":[{"embeddable":true,"href":"https:\/\/woerrlein-naturfoto.de\/wordpress\/wp-json\/wp\/v2\/users\/1"}],"replies":[{"embeddable":true,"href":"https:\/\/woerrlein-naturfoto.de\/wordpress\/wp-json\/wp\/v2\/comments?post=8915"}],"version-history":[{"count":4,"href":"https:\/\/woerrlein-naturfoto.de\/wordpress\/wp-json\/wp\/v2\/pages\/8915\/revisions"}],"predecessor-version":[{"id":8919,"href":"https:\/\/woerrlein-naturfoto.de\/wordpress\/wp-json\/wp\/v2\/pages\/8915\/revisions\/8919"}],"up":[{"embeddable":true,"href":"https:\/\/woerrlein-naturfoto.de\/wordpress\/wp-json\/wp\/v2\/pages\/4851"}],"wp:attachment":[{"href":"https:\/\/woerrlein-naturfoto.de\/wordpress\/wp-json\/wp\/v2\/media?parent=8915"}],"curies":[{"name":"wp","href":"https:\/\/api.w.org\/{rel}","templated":true}]}}