{"id":8911,"date":"2017-05-06T18:38:45","date_gmt":"2017-05-06T16:38:45","guid":{"rendered":"http:\/\/woerrlein-naturfoto.de\/wordpress\/?page_id=8911"},"modified":"2017-05-06T18:40:53","modified_gmt":"2017-05-06T16:40:53","slug":"schachbrettblume","status":"publish","type":"page","link":"https:\/\/woerrlein-naturfoto.de\/wordpress\/blueten-ii-a-z\/schachbrettblume\/","title":{"rendered":"Schachbrettblume"},"content":{"rendered":"<p><a href=\"http:\/\/woerrlein-naturfoto.de\/wordpress\/hauptseite-pflanzen\/pflanzen\/\"><span style=\"color: #ffff66;\">Pflanzen<\/span> <\/a>-&gt;<a href=\"http:\/\/woerrlein-naturfoto.de\/wordpress\/hauptseite-pflanzen\/pflanzen\/blueten-ii-sonstige-blueten\/\"> <span style=\"color: #ffff66;\">Bl\u00fcten II (sonstige Bl\u00fcten)<\/span><\/a><br \/>\n<a href=\"http:\/\/woerrlein-naturfoto.de\/wordpress\/pflanzen-von-a-z\/\">Pflanzen von A-Z<\/a><br \/>\nZur Galerie <a href=\"http:\/\/woerrlein-naturfoto.de\/wordpress\/hauptseite-pflanzen\/pflanzen\/blueten-ii-sonstige-blueten\/\">sonstige Bl\u00fcten<\/a><\/p>\n<p><img loading=\"lazy\" decoding=\"async\" class=\"alignleft wp-image-8902\" src=\"http:\/\/woerrlein-naturfoto.de\/wordpress\/wp-content\/uploads\/2015\/01\/Schachbrettblume_D170409_1881-400x600.jpg\" alt=\"\" width=\"267\" height=\"400\" \/>Die <b>Schachblume<\/b> (<i>Fritillaria meleagris<\/i>), auch <b>Schachbrettblume<\/b> oder <b>Kiebitzei<\/b> genannt, ist eine Pflanzenart aus der Familie der Liliengew\u00e4chse (Liliaceae). Sie wird als Zierpflanze verwendet und wurde zur <a href=\"https:\/\/de.wikipedia.org\/wiki\/Blume_des_Jahres\" target=\"_blank\" rel=\"noopener noreferrer\">Blume des Jahres 1993<\/a> gew\u00e4hlt.<br \/>\nDie Schachblume w\u00e4chst als ausdauernde krautige Pflanze. Dieser vorsommergr\u00fcne <a class=\"mw-redirect\" title=\"Geophyt\" href=\"https:\/\/de.wikipedia.org\/wiki\/Geophyt\" target=\"_blank\" rel=\"noopener noreferrer\">Geophyt<\/a> bildet als \u00dcberdauerungsorgan eine runde, im Durchmesser 1 bis 2\u00a0Zentimeter gro\u00dfe Zwiebel, die aus wenigen Zwiebelschuppen besteht. Im zeitigen Fr\u00fchjahr treibt sie einen etwa 15 bis 20\u00a0Zentimeter langen unverzweigten und beinahe runden St\u00e4ngel. Die oberirdischen Pflanzenteile sind kahl. Am St\u00e4ngel stehen wechselst\u00e4ndig meist vier bis sechs (drei bis acht) graugr\u00fcn gef\u00e4rbte Laubbl\u00e4tter. Die einfache Blattspreite ist maximal 1\u00a0Zentimeter breit, linealisch und schmal-rinnig.<\/p>\n<p><strong>Bl\u00fctezeit:<\/strong>\u00a0\u00a0\u00a0\u00a0 April bis Mai<\/p>\n<p>Zur Galerie <a title=\"Eulen\" href=\"http:\/\/woerrlein-naturfoto.de\/wordpress\/hauptseite-pflanzen\/pflanzen\/blueten-ii-sonstige-blueten\/\">sonstige Bl\u00fcten<\/a><\/p>\n<p><em>Quelle des Textauszuges und weitere Infos bei <\/em><a href=\"https:\/\/de.wikipedia.org\/wiki\/Schachblume\" target=\"_blank\" rel=\"noopener noreferrer\">Wikipedia<\/a><em> (<\/em><a href=\"http:\/\/www.gnu.org\/licenses\/fdl-1.3.txt\" target=\"_blank\" rel=\"noopener noreferrer\">GNU-Lizenz<\/a><em>)\u2013 mein Dank gilt den <\/em><a href=\"https:\/\/de.wikipedia.org\/w\/index.php?title=Schachblume&amp;action=history\" target=\"_blank\" rel=\"noopener noreferrer\">Autoren<\/a><em>.<\/em><\/p>\n","protected":false},"excerpt":{"rendered":"<p>Pflanzen -&gt; Bl\u00fcten II (sonstige Bl\u00fcten) Pflanzen von A-Z Zur Galerie sonstige Bl\u00fcten Die Schachblume (Fritillaria meleagris), auch Schachbrettblume oder Kiebitzei genannt, ist eine Pflanzenart aus der Familie der Liliengew\u00e4chse (Liliaceae). Sie wird als Zierpflanze verwendet und wurde zur Blume des Jahres 1993 gew\u00e4hlt. Die Schachblume w\u00e4chst als ausdauernde krautige Pflanze. Dieser vorsommergr\u00fcne Geophyt bildet &hellip; <a href=\"https:\/\/woerrlein-naturfoto.de\/wordpress\/blueten-ii-a-z\/schachbrettblume\/\" class=\"more-link\"><span class=\"screen-reader-text\">Schachbrettblume<\/span> weiterlesen <span class=\"meta-nav\">&rarr;<\/span><\/a><\/p>\n","protected":false},"author":1,"featured_media":0,"parent":4851,"menu_order":0,"comment_status":"closed","ping_status":"closed","template":"page-templates\/full-width.php","meta":{"footnotes":""},"class_list":["post-8911","page","type-page","status-publish","hentry"],"_links":{"self":[{"href":"https:\/\/woerrlein-naturfoto.de\/wordpress\/wp-json\/wp\/v2\/pages\/8911","targetHints":{"allow":["GET"]}}],"collection":[{"href":"https:\/\/woerrlein-naturfoto.de\/wordpress\/wp-json\/wp\/v2\/pages"}],"about":[{"href":"https:\/\/woerrlein-naturfoto.de\/wordpress\/wp-json\/wp\/v2\/types\/page"}],"author":[{"embeddable":true,"href":"https:\/\/woerrlein-naturfoto.de\/wordpress\/wp-json\/wp\/v2\/users\/1"}],"replies":[{"embeddable":true,"href":"https:\/\/woerrlein-naturfoto.de\/wordpress\/wp-json\/wp\/v2\/comments?post=8911"}],"version-history":[{"count":3,"href":"https:\/\/woerrlein-naturfoto.de\/wordpress\/wp-json\/wp\/v2\/pages\/8911\/revisions"}],"predecessor-version":[{"id":8914,"href":"https:\/\/woerrlein-naturfoto.de\/wordpress\/wp-json\/wp\/v2\/pages\/8911\/revisions\/8914"}],"up":[{"embeddable":true,"href":"https:\/\/woerrlein-naturfoto.de\/wordpress\/wp-json\/wp\/v2\/pages\/4851"}],"wp:attachment":[{"href":"https:\/\/woerrlein-naturfoto.de\/wordpress\/wp-json\/wp\/v2\/media?parent=8911"}],"curies":[{"name":"wp","href":"https:\/\/api.w.org\/{rel}","templated":true}]}}