{"id":8694,"date":"2017-01-21T13:51:45","date_gmt":"2017-01-21T12:51:45","guid":{"rendered":"http:\/\/woerrlein-naturfoto.de\/wordpress\/?page_id=8694"},"modified":"2017-01-21T13:51:45","modified_gmt":"2017-01-21T12:51:45","slug":"braunkehlchen","status":"publish","type":"page","link":"https:\/\/woerrlein-naturfoto.de\/wordpress\/drosseln_a-z\/braunkehlchen\/","title":{"rendered":"Braunkehlchen"},"content":{"rendered":"<p><a href=\"http:\/\/woerrlein-naturfoto.de\/wordpress\/voegel\/\"><span style=\"color: #ffff66;\">V\u00f6gel<\/span> <\/a>-&gt;<a href=\"http:\/\/woerrlein-naturfoto.de\/wordpress\/voegel\/sperlingsvoegel\/\"> <span style=\"color: #ffff66;\">Sperlingsv\u00f6gel<\/span><\/a> -&gt;<a href=\"http:\/\/woerrlein-naturfoto.de\/wordpress\/hauptseite-voegel\/voegel\/sperlingsvoegel\/drosseln\"> <span style=\"color: #ffff66;\">Drosseln<\/span><\/a><br \/>\n<a title=\"V\u00f6gel von A-Z\" href=\"http:\/\/woerrlein-naturfoto.de\/wordpress\/voegel\/voegel_von_a-z\/\">V\u00f6gel von A-Z<\/a><br \/>\nZur Galerie <a href=\"http:\/\/woerrlein-naturfoto.de\/wordpress\/hauptseite-voegel\/voegel\/sperlingsvoegel\/drosseln\">Drosseln<\/a><\/p>\n<p><img loading=\"lazy\" decoding=\"async\" class=\"alignleft wp-image-8679\" src=\"http:\/\/woerrlein-naturfoto.de\/wordpress\/wp-content\/uploads\/2014\/03\/Braunkehlchen_D160604_2059-600x400.jpg\" width=\"600\" height=\"400\" \/>Das <b>Braunkehlchen<\/b> (<i>Saxicola rubetra<\/i>) ist ein Singvogel aus der Gattung der Wiesenschm\u00e4tzer und der Familie der Fliegenschn\u00e4pper, die in vielen B\u00fcchern den Drosseln zugerechnet werden. In Deutschland z\u00e4hlt das Braunkehlchen zu den gef\u00e4hrdeten Arten.<br \/>\nVon April bis September ist der Langstreckenzieher in fast ganz Europa verbreitet. Sein Winterquartier hat er s\u00fcdlich der Sahara in Afrika. Als Lebensraum bevorzugt das Braunkehlchen offene, frische bis feuchte Fl\u00e4chen mit nicht zu hoher Geh\u00f6lz- und Heckendichte. F\u00fcr die Nestanlage ben\u00f6tigt es eine Deckung bietende Kraut- und\/oder Zwergstrauchschicht. F\u00fcr die Nahrungssuche ben\u00f6tigt es Stellen mit niedriger und l\u00fcckiger Vegetation, die au\u00dferdem Ansitzwarten wie beispielsweise sperrige Kr\u00e4uterstengel, Schilfhalme, Hochstauden, Z\u00e4une, Pf\u00e4hle oder einzelne Geh\u00f6lze aufweisen. Das Braunkehlchen ern\u00e4hrt sich haupts\u00e4chlich von Insekten, W\u00fcrmern, Schnecken, Spinnen und Beeren.<\/p>\n<p>L\u00e4nge: 12-14 cm\u00a0\u00a0 Spannweite: 21-24 cm\u00a0\u00a0 Gewicht: 14-22 g\u00a0\u00a0 Gelege: 4-7 Eier<\/p>\n<p>Zur Galerie <a href=\"http:\/\/woerrlein-naturfoto.de\/wordpress\/hauptseite-voegel\/voegel\/sperlingsvoegel\/drosseln\">Drosseln<\/a><\/p>\n<p><em>Quelle des Textauszuges und weitere Infos bei <\/em><a href=\"https:\/\/de.wikipedia.org\/wiki\/Braunkehlchen\" target=\"_blank\">Wikipedia<\/a> <em>(<\/em><a href=\"http:\/\/www.gnu.org\/licenses\/fdl-1.3.txt\" target=\"_blank\">GNU-Lizenz<\/a><em>)<\/em> \u2013 <em>mein Dank gilt den<\/em> <a href=\"https:\/\/de.wikipedia.org\/w\/index.php?title=Braunkehlchen&amp;action=history\" target=\"_blank\">Autoren<\/a>.<\/p>\n","protected":false},"excerpt":{"rendered":"<p>V\u00f6gel -&gt; Sperlingsv\u00f6gel -&gt; Drosseln V\u00f6gel von A-Z Zur Galerie Drosseln Das Braunkehlchen (Saxicola rubetra) ist ein Singvogel aus der Gattung der Wiesenschm\u00e4tzer und der Familie der Fliegenschn\u00e4pper, die in vielen B\u00fcchern den Drosseln zugerechnet werden. In Deutschland z\u00e4hlt das Braunkehlchen zu den gef\u00e4hrdeten Arten. Von April bis September ist der Langstreckenzieher in fast ganz &hellip; <a href=\"https:\/\/woerrlein-naturfoto.de\/wordpress\/drosseln_a-z\/braunkehlchen\/\" class=\"more-link\"><span class=\"screen-reader-text\">Braunkehlchen<\/span> weiterlesen <span class=\"meta-nav\">&rarr;<\/span><\/a><\/p>\n","protected":false},"author":1,"featured_media":0,"parent":211,"menu_order":0,"comment_status":"closed","ping_status":"closed","template":"page-templates\/full-width.php","meta":{"footnotes":""},"class_list":["post-8694","page","type-page","status-publish","hentry"],"_links":{"self":[{"href":"https:\/\/woerrlein-naturfoto.de\/wordpress\/wp-json\/wp\/v2\/pages\/8694","targetHints":{"allow":["GET"]}}],"collection":[{"href":"https:\/\/woerrlein-naturfoto.de\/wordpress\/wp-json\/wp\/v2\/pages"}],"about":[{"href":"https:\/\/woerrlein-naturfoto.de\/wordpress\/wp-json\/wp\/v2\/types\/page"}],"author":[{"embeddable":true,"href":"https:\/\/woerrlein-naturfoto.de\/wordpress\/wp-json\/wp\/v2\/users\/1"}],"replies":[{"embeddable":true,"href":"https:\/\/woerrlein-naturfoto.de\/wordpress\/wp-json\/wp\/v2\/comments?post=8694"}],"version-history":[{"count":1,"href":"https:\/\/woerrlein-naturfoto.de\/wordpress\/wp-json\/wp\/v2\/pages\/8694\/revisions"}],"predecessor-version":[{"id":8695,"href":"https:\/\/woerrlein-naturfoto.de\/wordpress\/wp-json\/wp\/v2\/pages\/8694\/revisions\/8695"}],"up":[{"embeddable":true,"href":"https:\/\/woerrlein-naturfoto.de\/wordpress\/wp-json\/wp\/v2\/pages\/211"}],"wp:attachment":[{"href":"https:\/\/woerrlein-naturfoto.de\/wordpress\/wp-json\/wp\/v2\/media?parent=8694"}],"curies":[{"name":"wp","href":"https:\/\/api.w.org\/{rel}","templated":true}]}}