{"id":8470,"date":"2016-12-25T16:04:08","date_gmt":"2016-12-25T15:04:08","guid":{"rendered":"http:\/\/woerrlein-naturfoto.de\/wordpress\/?page_id=8470"},"modified":"2022-10-19T13:28:44","modified_gmt":"2022-10-19T11:28:44","slug":"gipsweisser-scheinhelmling","status":"publish","type":"page","link":"https:\/\/woerrlein-naturfoto.de\/wordpress\/pilze-a-z\/gipsweisser-scheinhelmling\/","title":{"rendered":"Gipswei\u00dfer Scheinhelmling"},"content":{"rendered":"<p><a href=\"http:\/\/woerrlein-naturfoto.de\/wordpress\/hauptseite-pflanzen\/pflanzen\/\"><span style=\"color: #ffff66;\">Pflanzen<\/span> <\/a>-&gt;<a href=\"http:\/\/woerrlein-naturfoto.de\/wordpress\/hauptseite-pflanzen\/pflanzen\/pilze-2\/\"> <span style=\"color: #ffff66;\">Pilze<\/span><\/a><br \/>\n<a href=\"http:\/\/woerrlein-naturfoto.de\/wordpress\/pflanzen-von-a-z\/\">Pflanzen von A-Z<\/a><br \/>\nzur Galerie <a href=\"https:\/\/woerrlein-naturfoto.de\/wordpress\/hauptseite-pflanzen\/pflanzen\/pilze-2\/pilze-i-a-bis-g\/\">Pilze I<\/a><\/p>\n<p><img loading=\"lazy\" decoding=\"async\" class=\"alignleft wp-image-8450\" src=\"http:\/\/woerrlein-naturfoto.de\/wordpress\/wp-content\/uploads\/2015\/01\/Gipswei\u00dfe_Scheinhelmling_AW_50786_4912x7360-400x600.jpg\" width=\"267\" height=\"400\" srcset=\"https:\/\/woerrlein-naturfoto.de\/wordpress\/wp-content\/uploads\/2015\/01\/Gipswei\u00dfe_Scheinhelmling_AW_50786_4912x7360-400x600.jpg 400w, https:\/\/woerrlein-naturfoto.de\/wordpress\/wp-content\/uploads\/2015\/01\/Gipswei\u00dfe_Scheinhelmling_AW_50786_4912x7360.jpg 567w\" sizes=\"auto, (max-width: 267px) 100vw, 267px\" \/><strong>Gipswei\u00dfer Scheinhelmling<\/strong> <em>(Hemimycena cucullata)<br \/>\n<\/em><span style=\"font-size: small;\"><u>Hut<\/u><br \/>\nDurchmesser: bis 15 mm<br \/>\nFarbe: wei\u00df<br \/>\nOberfl\u00e4che\/Form: Matt. Jung glockig, sp\u00e4ter nicht ganz ausgebreitet, Rand oft wellig.<br \/>\n<u>Fleisch<\/u><br \/>\nFarbe: wei\u00df<br \/>\nGeruch: Aromatisch. Trotz seiner geringen Gr\u00f6\u00dfe \u00fcberraschend gut wahrnehmbar.<br \/>\nBeschaffenheit: zerbrechlich<br \/>\n<u>Lamellen\/R\u00f6hren\/Poren\/&#8230;:<\/u> Lamellen<br \/>\nFarbe: wei\u00df<br \/>\nForm: leicht herablaufend<br \/>\nSporenpulverfarbe: wei\u00df<br \/>\n<u>Stiel<\/u><br \/>\nFarbe: wei\u00df<br \/>\nL\u00e4nge:bis 4 cm<br \/>\nDurchmesser: 2 mm<br \/>\nBeschaffenheit: biegsam<\/span><\/p>\n<p><strong>Vorkommen:<\/strong>\u00a0\u00a0\u00a0\u00a0\u00a0\u00a0\u00a0 August bis Oktober<\/p>\n<p>zur Galerie <a href=\"https:\/\/woerrlein-naturfoto.de\/wordpress\/hauptseite-pflanzen\/pflanzen\/pilze-2\/pilze-i-a-bis-g\/\">Pilze I<\/a><\/p>\n","protected":false},"excerpt":{"rendered":"<p>Pflanzen -&gt; Pilze Pflanzen von A-Z zur Galerie Pilze I Gipswei\u00dfer Scheinhelmling (Hemimycena cucullata) Hut Durchmesser: bis 15 mm Farbe: wei\u00df Oberfl\u00e4che\/Form: Matt. Jung glockig, sp\u00e4ter nicht ganz ausgebreitet, Rand oft wellig. Fleisch Farbe: wei\u00df Geruch: Aromatisch. Trotz seiner geringen Gr\u00f6\u00dfe \u00fcberraschend gut wahrnehmbar. Beschaffenheit: zerbrechlich Lamellen\/R\u00f6hren\/Poren\/&#8230;: Lamellen Farbe: wei\u00df Form: leicht herablaufend Sporenpulverfarbe: wei\u00df &hellip; <a href=\"https:\/\/woerrlein-naturfoto.de\/wordpress\/pilze-a-z\/gipsweisser-scheinhelmling\/\" class=\"more-link\"><span class=\"screen-reader-text\">Gipswei\u00dfer Scheinhelmling<\/span> weiterlesen <span class=\"meta-nav\">&rarr;<\/span><\/a><\/p>\n","protected":false},"author":1,"featured_media":0,"parent":5118,"menu_order":0,"comment_status":"closed","ping_status":"closed","template":"page-templates\/full-width.php","meta":{"footnotes":""},"class_list":["post-8470","page","type-page","status-publish","hentry"],"_links":{"self":[{"href":"https:\/\/woerrlein-naturfoto.de\/wordpress\/wp-json\/wp\/v2\/pages\/8470","targetHints":{"allow":["GET"]}}],"collection":[{"href":"https:\/\/woerrlein-naturfoto.de\/wordpress\/wp-json\/wp\/v2\/pages"}],"about":[{"href":"https:\/\/woerrlein-naturfoto.de\/wordpress\/wp-json\/wp\/v2\/types\/page"}],"author":[{"embeddable":true,"href":"https:\/\/woerrlein-naturfoto.de\/wordpress\/wp-json\/wp\/v2\/users\/1"}],"replies":[{"embeddable":true,"href":"https:\/\/woerrlein-naturfoto.de\/wordpress\/wp-json\/wp\/v2\/comments?post=8470"}],"version-history":[{"count":4,"href":"https:\/\/woerrlein-naturfoto.de\/wordpress\/wp-json\/wp\/v2\/pages\/8470\/revisions"}],"predecessor-version":[{"id":15523,"href":"https:\/\/woerrlein-naturfoto.de\/wordpress\/wp-json\/wp\/v2\/pages\/8470\/revisions\/15523"}],"up":[{"embeddable":true,"href":"https:\/\/woerrlein-naturfoto.de\/wordpress\/wp-json\/wp\/v2\/pages\/5118"}],"wp:attachment":[{"href":"https:\/\/woerrlein-naturfoto.de\/wordpress\/wp-json\/wp\/v2\/media?parent=8470"}],"curies":[{"name":"wp","href":"https:\/\/api.w.org\/{rel}","templated":true}]}}