{"id":8464,"date":"2016-12-25T15:45:14","date_gmt":"2016-12-25T14:45:14","guid":{"rendered":"http:\/\/woerrlein-naturfoto.de\/wordpress\/?page_id=8464"},"modified":"2022-10-19T13:27:03","modified_gmt":"2022-10-19T11:27:03","slug":"geweihfoermige-holzkeule","status":"publish","type":"page","link":"https:\/\/woerrlein-naturfoto.de\/wordpress\/pilze-a-z\/geweihfoermige-holzkeule\/","title":{"rendered":"Geweihf\u00f6rmige Holzkeule"},"content":{"rendered":"<p><a href=\"http:\/\/woerrlein-naturfoto.de\/wordpress\/hauptseite-pflanzen\/pflanzen\/\"><span style=\"color: #ffff66;\">Pflanzen<\/span> <\/a>-&gt;<a href=\"http:\/\/woerrlein-naturfoto.de\/wordpress\/hauptseite-pflanzen\/pflanzen\/pilze-2\/\"> <span style=\"color: #ffff66;\">Pilze<\/span><\/a><br \/>\n<a href=\"http:\/\/woerrlein-naturfoto.de\/wordpress\/pflanzen-von-a-z\/\">Pflanzen von A-Z<\/a><br \/>\nzur Galerie <a href=\"https:\/\/woerrlein-naturfoto.de\/wordpress\/hauptseite-pflanzen\/pflanzen\/pilze-2\/pilze-i-a-bis-g\/\">Pilze I<\/a><\/p>\n<p><img loading=\"lazy\" decoding=\"async\" class=\"alignleft wp-image-8453\" src=\"http:\/\/woerrlein-naturfoto.de\/wordpress\/wp-content\/uploads\/2015\/01\/Geweihfoermige_Holzkeule_AW_46772_4839x7258-400x600.jpg\" width=\"267\" height=\"400\" srcset=\"https:\/\/woerrlein-naturfoto.de\/wordpress\/wp-content\/uploads\/2015\/01\/Geweihfoermige_Holzkeule_AW_46772_4839x7258-400x600.jpg 400w, https:\/\/woerrlein-naturfoto.de\/wordpress\/wp-content\/uploads\/2015\/01\/Geweihfoermige_Holzkeule_AW_46772_4839x7258.jpg 567w\" sizes=\"auto, (max-width: 267px) 100vw, 267px\" \/>Die <strong>Geweihf\u00f6rmige Holzkeule<\/strong> <em>(Xylaria hypoxylon)<\/em> bildet aus vegetativem Myzel 2\u20135(\u20138)\u00a0cm hohe, dunkle und z\u00e4he Stromata (Sammelfruchtk\u00f6rper), in deren Bauchteile die eigentlichen Fruchtk\u00f6rper (Perithecien) eingesenkt sind. Anders als die Rinde zeigt das Fleisch des Stroma eine wei\u00dfliche F\u00e4rbung. Unreife Stromata erinnern in ihrer Form an ein verzweigtes Hirschgeweih und sind an den Spitzen durch zahlreiche Konidiosporen wei\u00df bepudert. Im Fr\u00fchjahr verschwindet die Best\u00e4ubung und das Bauchteil schwillt an. Die Oberfl\u00e4che erscheint durch die zahlreichen Perithecien rau \u2013 durch jene \u00d6ffnungen gelangen die Ascosporen schlie\u00dflich ins Freie. Die Farbe des Sporenpulvers ist schwarz.<br \/>\nDie Geweihf\u00f6rmige Holzkeule ist ein saprobiontischer Bewohner von Laubholzst\u00fcmpfen und abgefallenen \u00c4sten, auf Nadelholz kommt sie dagegen nur selten vor. Sie kann im Konidienstadium das ganze Jahr \u00fcber in W\u00e4ldern mit geeigneten Substraten gefunden werden und ist sehr h\u00e4ufig. Perithecien werden im Fr\u00fchjahr gebildet und sind etwa von M\u00e4rz bis Mai zu finden.<\/p>\n<p><strong>Vorkommen:<\/strong>\u00a0\u00a0\u00a0\u00a0\u00a0\u00a0\u00a0 Ganzj\u00e4hrig<\/p>\n<p>zur Galerie <a href=\"https:\/\/woerrlein-naturfoto.de\/wordpress\/hauptseite-pflanzen\/pflanzen\/pilze-2\/pilze-i-a-bis-g\/\">Pilze I<\/a><\/p>\n<p><em>Quelle des Textauszuges und weitere Infos bei <\/em><a href=\"https:\/\/de.wikipedia.org\/wiki\/Geweihf%C3%B6rmige_Holzkeule\" target=\"_blank\" rel=\"noopener noreferrer\">Wikipedia<\/a><em> (<\/em><a href=\"http:\/\/www.gnu.org\/licenses\/fdl-1.3.txt\" target=\"_blank\" rel=\"noopener noreferrer\">GNU-Lizenz<\/a><em>)\u2013 mein Dank gilt den <\/em><a href=\"https:\/\/de.wikipedia.org\/w\/index.php?title=Geweihf\u00f6rmige_Holzkeule&amp;action=history\" target=\"_blank\" rel=\"noopener noreferrer\">Autoren<\/a><em>.<\/em><\/p>\n","protected":false},"excerpt":{"rendered":"<p>Pflanzen -&gt; Pilze Pflanzen von A-Z zur Galerie Pilze I Die Geweihf\u00f6rmige Holzkeule (Xylaria hypoxylon) bildet aus vegetativem Myzel 2\u20135(\u20138)\u00a0cm hohe, dunkle und z\u00e4he Stromata (Sammelfruchtk\u00f6rper), in deren Bauchteile die eigentlichen Fruchtk\u00f6rper (Perithecien) eingesenkt sind. Anders als die Rinde zeigt das Fleisch des Stroma eine wei\u00dfliche F\u00e4rbung. Unreife Stromata erinnern in ihrer Form an ein &hellip; <a href=\"https:\/\/woerrlein-naturfoto.de\/wordpress\/pilze-a-z\/geweihfoermige-holzkeule\/\" class=\"more-link\"><span class=\"screen-reader-text\">Geweihf\u00f6rmige Holzkeule<\/span> weiterlesen <span class=\"meta-nav\">&rarr;<\/span><\/a><\/p>\n","protected":false},"author":1,"featured_media":0,"parent":5118,"menu_order":0,"comment_status":"closed","ping_status":"closed","template":"page-templates\/full-width.php","meta":{"footnotes":""},"class_list":["post-8464","page","type-page","status-publish","hentry"],"_links":{"self":[{"href":"https:\/\/woerrlein-naturfoto.de\/wordpress\/wp-json\/wp\/v2\/pages\/8464","targetHints":{"allow":["GET"]}}],"collection":[{"href":"https:\/\/woerrlein-naturfoto.de\/wordpress\/wp-json\/wp\/v2\/pages"}],"about":[{"href":"https:\/\/woerrlein-naturfoto.de\/wordpress\/wp-json\/wp\/v2\/types\/page"}],"author":[{"embeddable":true,"href":"https:\/\/woerrlein-naturfoto.de\/wordpress\/wp-json\/wp\/v2\/users\/1"}],"replies":[{"embeddable":true,"href":"https:\/\/woerrlein-naturfoto.de\/wordpress\/wp-json\/wp\/v2\/comments?post=8464"}],"version-history":[{"count":4,"href":"https:\/\/woerrlein-naturfoto.de\/wordpress\/wp-json\/wp\/v2\/pages\/8464\/revisions"}],"predecessor-version":[{"id":15522,"href":"https:\/\/woerrlein-naturfoto.de\/wordpress\/wp-json\/wp\/v2\/pages\/8464\/revisions\/15522"}],"up":[{"embeddable":true,"href":"https:\/\/woerrlein-naturfoto.de\/wordpress\/wp-json\/wp\/v2\/pages\/5118"}],"wp:attachment":[{"href":"https:\/\/woerrlein-naturfoto.de\/wordpress\/wp-json\/wp\/v2\/media?parent=8464"}],"curies":[{"name":"wp","href":"https:\/\/api.w.org\/{rel}","templated":true}]}}