{"id":8238,"date":"2016-09-18T10:44:52","date_gmt":"2016-09-18T08:44:52","guid":{"rendered":"http:\/\/woerrlein-naturfoto.de\/wordpress\/?page_id=8238"},"modified":"2019-10-02T16:43:48","modified_gmt":"2019-10-02T14:43:48","slug":"degeers-langfuehler","status":"publish","type":"page","link":"https:\/\/woerrlein-naturfoto.de\/wordpress\/verschiedene-schmetterlinge-a-z\/degeers-langfuehler\/","title":{"rendered":"Degeers Langf\u00fchler"},"content":{"rendered":"<p><a href=\"http:\/\/woerrlein-naturfoto.de\/wordpress\/insekten\/\"><span style=\"color: #ffff66;\">Insekten<\/span> <\/a>-&gt;<a href=\"http:\/\/woerrlein-naturfoto.de\/wordpress\/hauptseite-insekten\/insekten\/schmetterlinge-2\/\"> <span style=\"color: #ffff66;\">Schmetterlinge<\/span><\/a><br \/>\n<a title=\"Insekten A-Z\" href=\"http:\/\/woerrlein-naturfoto.de\/wordpress\/insekten-a-z\/\">Insekten von A-Z<\/a><br \/>\nzur Galerie <a href=\"https:\/\/woerrlein-naturfoto.de\/wordpress\/hauptseite-insekten\/insekten\/schmetterlinge-2\/wildes-durcheinander\/\">sonstige Schmetterlinge<\/a><\/p>\n<p><img loading=\"lazy\" decoding=\"async\" class=\"alignleft wp-image-8232\" src=\"http:\/\/woerrlein-naturfoto.de\/wordpress\/wp-content\/uploads\/2016\/09\/Degeers_Langhornf\u00fchler_03231-400x600.jpg\" alt=\"degeers_langhornfuehler_03231\" width=\"267\" height=\"400\" srcset=\"https:\/\/woerrlein-naturfoto.de\/wordpress\/wp-content\/uploads\/2016\/09\/Degeers_Langhornf\u00fchler_03231-400x600.jpg 400w, https:\/\/woerrlein-naturfoto.de\/wordpress\/wp-content\/uploads\/2016\/09\/Degeers_Langhornf\u00fchler_03231.jpg 567w\" sizes=\"auto, (max-width: 267px) 100vw, 267px\" \/><b>Degeers Langf\u00fchler<\/b> (<i>Nemophora degeerella<\/i>) ist eine Schmetterlingsart aus der Familie der Langhornmotten. Die Art ist erkennbar an den au\u00dferordentlich langen F\u00fchlern der M\u00e4nnchen, welche die vierfache L\u00e4nge der Vorderfl\u00fcgel erreichen. Die F\u00fchler der Weibchen sind erheblich k\u00fcrzer. Die Fl\u00fcgelspannweite betr\u00e4gt 16 bis 23 mm.<br \/>\nDie Raupen von Degeers Langf\u00fchler minieren in den Bl\u00e4ttern von <a title=\"Busch-Windr\u00f6schen\" href=\"http:\/\/woerrlein-naturfoto.de\/wordpress\/hahnenfussgewaechse-a_z\/buschwindroeschen\/\" target=\"_blank\" rel=\"noopener noreferrer\">Busch-Windr\u00f6schen<\/a> und Ampferarten. Sp\u00e4ter leben sie in der Laubstreu in einem aus wei\u00dfen Blattfragmenten konstruierten, birnenf\u00f6rmigen Sack. Die Verpuppung erfolgt nach der \u00dcberwinterung im Raupensack. Der Falter fliegt an feuchten, schattigen Standorten in lichten Laubw\u00e4ldern.<\/p>\n<p><strong>Flugzeit:<\/strong>\u00a0\u00a0\u00a0\u00a0 stark unterschiedliche Angaben, in einer Generation.<\/p>\n<p>Zur Galerie <a href=\"https:\/\/woerrlein-naturfoto.de\/wordpress\/hauptseite-insekten\/insekten\/schmetterlinge-2\/wildes-durcheinander\/\">sonstige Schmetterlinge<\/a><\/p>\n","protected":false},"excerpt":{"rendered":"<p>Insekten -&gt; Schmetterlinge Insekten von A-Z zur Galerie sonstige Schmetterlinge Degeers Langf\u00fchler (Nemophora degeerella) ist eine Schmetterlingsart aus der Familie der Langhornmotten. Die Art ist erkennbar an den au\u00dferordentlich langen F\u00fchlern der M\u00e4nnchen, welche die vierfache L\u00e4nge der Vorderfl\u00fcgel erreichen. Die F\u00fchler der Weibchen sind erheblich k\u00fcrzer. Die Fl\u00fcgelspannweite betr\u00e4gt 16 bis 23 mm. Die &hellip; <a href=\"https:\/\/woerrlein-naturfoto.de\/wordpress\/verschiedene-schmetterlinge-a-z\/degeers-langfuehler\/\" class=\"more-link\"><span class=\"screen-reader-text\">Degeers Langf\u00fchler<\/span> weiterlesen <span class=\"meta-nav\">&rarr;<\/span><\/a><\/p>\n","protected":false},"author":1,"featured_media":0,"parent":11203,"menu_order":0,"comment_status":"closed","ping_status":"closed","template":"page-templates\/full-width.php","meta":{"footnotes":""},"class_list":["post-8238","page","type-page","status-publish","hentry"],"_links":{"self":[{"href":"https:\/\/woerrlein-naturfoto.de\/wordpress\/wp-json\/wp\/v2\/pages\/8238","targetHints":{"allow":["GET"]}}],"collection":[{"href":"https:\/\/woerrlein-naturfoto.de\/wordpress\/wp-json\/wp\/v2\/pages"}],"about":[{"href":"https:\/\/woerrlein-naturfoto.de\/wordpress\/wp-json\/wp\/v2\/types\/page"}],"author":[{"embeddable":true,"href":"https:\/\/woerrlein-naturfoto.de\/wordpress\/wp-json\/wp\/v2\/users\/1"}],"replies":[{"embeddable":true,"href":"https:\/\/woerrlein-naturfoto.de\/wordpress\/wp-json\/wp\/v2\/comments?post=8238"}],"version-history":[{"count":5,"href":"https:\/\/woerrlein-naturfoto.de\/wordpress\/wp-json\/wp\/v2\/pages\/8238\/revisions"}],"predecessor-version":[{"id":11227,"href":"https:\/\/woerrlein-naturfoto.de\/wordpress\/wp-json\/wp\/v2\/pages\/8238\/revisions\/11227"}],"up":[{"embeddable":true,"href":"https:\/\/woerrlein-naturfoto.de\/wordpress\/wp-json\/wp\/v2\/pages\/11203"}],"wp:attachment":[{"href":"https:\/\/woerrlein-naturfoto.de\/wordpress\/wp-json\/wp\/v2\/media?parent=8238"}],"curies":[{"name":"wp","href":"https:\/\/api.w.org\/{rel}","templated":true}]}}