{"id":7867,"date":"2015-12-31T18:58:11","date_gmt":"2015-12-31T17:58:11","guid":{"rendered":"http:\/\/woerrlein-naturfoto.de\/wordpress\/?page_id=7867"},"modified":"2024-10-13T10:19:23","modified_gmt":"2024-10-13T08:19:23","slug":"alpenstrandlaeufer","status":"publish","type":"page","link":"https:\/\/woerrlein-naturfoto.de\/wordpress\/schnepfen_a-z\/alpenstrandlaeufer\/","title":{"rendered":"Alpenstrandl\u00e4ufer"},"content":{"rendered":"<p><a href=\"http:\/\/woerrlein-naturfoto.de\/wordpress\/voegel\/\"><span style=\"color: #ffff66;\">V\u00f6gel<\/span> <\/a>-&gt;<a href=\"http:\/\/woerrlein-naturfoto.de\/wordpress\/hauptseite-voegel\/voegel\/watvoegel-2\"> <span style=\"color: #ffff66;\">Watv\u00f6gel<\/span> <\/a><br \/>\n<a title=\"V\u00f6gel von A-Z\" href=\"http:\/\/woerrlein-naturfoto.de\/wordpress\/voegel\/voegel_von_a-z\/\">V\u00f6gel von A-Z<\/a><br \/>\nZur Galerie <a title=\"Schnepfenv\u00f6gel\" href=\"https:\/\/woerrlein-naturfoto.de\/wordpress\/hauptseite-voegel\/voegel\/watvoegel-2\/schnepfenvoegel-ii-strandlaeufer\/\">Schnepfen II<\/a><\/p>\n<p><img loading=\"lazy\" decoding=\"async\" class=\"alignleft wp-image-14725\" src=\"https:\/\/woerrlein-naturfoto.de\/wordpress\/wp-content\/uploads\/2014\/08\/Alpenstrandlaeufer_210928_5771-600x400.jpg\" alt=\"\" width=\"600\" height=\"400\" srcset=\"https:\/\/woerrlein-naturfoto.de\/wordpress\/wp-content\/uploads\/2014\/08\/Alpenstrandlaeufer_210928_5771-600x400.jpg 600w, https:\/\/woerrlein-naturfoto.de\/wordpress\/wp-content\/uploads\/2014\/08\/Alpenstrandlaeufer_210928_5771-768x512.jpg 768w, https:\/\/woerrlein-naturfoto.de\/wordpress\/wp-content\/uploads\/2014\/08\/Alpenstrandlaeufer_210928_5771-120x80.jpg 120w, https:\/\/woerrlein-naturfoto.de\/wordpress\/wp-content\/uploads\/2014\/08\/Alpenstrandlaeufer_210928_5771.jpg 1000w\" sizes=\"auto, (max-width: 600px) 100vw, 600px\" \/><\/p>\n<p>Der <b>Alpenstrandl\u00e4ufer<\/b> (<i>Calidris alpina<\/i>) ist eine zirkumpolar verbreitete Vogelart aus der Familie der Schnepfenv\u00f6gel. Es werden sechs bis zuweilen sogar zehn Unterarten unterschieden, die drei genetisch deutlich differenzierte Unterartengruppen bilden, von denen je eine in Europa, Sibirien und Alaska sowie Kanada verbreitet ist.<br \/>\nDer Alpenstrandl\u00e4ufer ist ein Brutvogel arktischer Tundren. Drei Viertel seines Lebens verbringt er jedoch auf dem Zug oder in den \u00dcberwinterungsgebieten. In Mitteleuropa ist er vor allem w\u00e4hrend des herbstlichen Zuges an den K\u00fcsten und Feuchtgebieten zu beobachten. Die etwas irref\u00fchrende Bezeichnung Alpenstrandl\u00e4ufer ist vermutlich darauf zur\u00fcckzuf\u00fchren, dass deutschsprachige Ornithologen ihn zu Beginn des 19. Jahrhunderts vor allem als Brutvogel der lappl\u00e4ndischen Alpen kannten.<\/p>\n<p>L\u00e4nge: 16-22 cm\u00a0\u00a0 Spannweite: 35-40 cm\u00a0\u00a0 Gewicht: 36-57 g\u00a0\u00a0 Gelege: 4 Eier<\/p>\n<p>Zur Galerie <a title=\"Schnepfenv\u00f6gel\" href=\"https:\/\/woerrlein-naturfoto.de\/wordpress\/hauptseite-voegel\/voegel\/watvoegel-2\/schnepfenvoegel-ii-strandlaeufer\/\">Schnepfen II<\/a><\/p>\n<p><em>Quelle des Textauszuges und weitere Infos bei <\/em><a href=\"https:\/\/de.wikipedia.org\/wiki\/Alpenstrandl%C3%A4ufer\" target=\"_blank\" rel=\"noopener\">Wikipedia<\/a> <em>(<\/em><a href=\"http:\/\/www.gnu.org\/licenses\/fdl-1.3.txt\" target=\"_blank\" rel=\"noopener\">GNU-Lizenz<\/a><em>)<\/em> \u2013 <em>mein Dank gilt den<\/em> <a href=\"https:\/\/de.wikipedia.org\/w\/index.php?title=Alpenstrandl%C3%A4ufer&amp;action=history\" target=\"_blank\" rel=\"noopener\">Autoren<\/a>.<\/p>\n","protected":false},"excerpt":{"rendered":"<p>V\u00f6gel -&gt; Watv\u00f6gel V\u00f6gel von A-Z Zur Galerie Schnepfen II Der Alpenstrandl\u00e4ufer (Calidris alpina) ist eine zirkumpolar verbreitete Vogelart aus der Familie der Schnepfenv\u00f6gel. Es werden sechs bis zuweilen sogar zehn Unterarten unterschieden, die drei genetisch deutlich differenzierte Unterartengruppen bilden, von denen je eine in Europa, Sibirien und Alaska sowie Kanada verbreitet ist. Der Alpenstrandl\u00e4ufer &hellip; <a href=\"https:\/\/woerrlein-naturfoto.de\/wordpress\/schnepfen_a-z\/alpenstrandlaeufer\/\" class=\"more-link\"><span class=\"screen-reader-text\">Alpenstrandl\u00e4ufer<\/span> weiterlesen <span class=\"meta-nav\">&rarr;<\/span><\/a><\/p>\n","protected":false},"author":1,"featured_media":0,"parent":1143,"menu_order":0,"comment_status":"closed","ping_status":"closed","template":"page-templates\/full-width.php","meta":{"footnotes":""},"class_list":["post-7867","page","type-page","status-publish","hentry"],"_links":{"self":[{"href":"https:\/\/woerrlein-naturfoto.de\/wordpress\/wp-json\/wp\/v2\/pages\/7867","targetHints":{"allow":["GET"]}}],"collection":[{"href":"https:\/\/woerrlein-naturfoto.de\/wordpress\/wp-json\/wp\/v2\/pages"}],"about":[{"href":"https:\/\/woerrlein-naturfoto.de\/wordpress\/wp-json\/wp\/v2\/types\/page"}],"author":[{"embeddable":true,"href":"https:\/\/woerrlein-naturfoto.de\/wordpress\/wp-json\/wp\/v2\/users\/1"}],"replies":[{"embeddable":true,"href":"https:\/\/woerrlein-naturfoto.de\/wordpress\/wp-json\/wp\/v2\/comments?post=7867"}],"version-history":[{"count":5,"href":"https:\/\/woerrlein-naturfoto.de\/wordpress\/wp-json\/wp\/v2\/pages\/7867\/revisions"}],"predecessor-version":[{"id":18961,"href":"https:\/\/woerrlein-naturfoto.de\/wordpress\/wp-json\/wp\/v2\/pages\/7867\/revisions\/18961"}],"up":[{"embeddable":true,"href":"https:\/\/woerrlein-naturfoto.de\/wordpress\/wp-json\/wp\/v2\/pages\/1143"}],"wp:attachment":[{"href":"https:\/\/woerrlein-naturfoto.de\/wordpress\/wp-json\/wp\/v2\/media?parent=7867"}],"curies":[{"name":"wp","href":"https:\/\/api.w.org\/{rel}","templated":true}]}}