{"id":7455,"date":"2015-09-13T23:18:37","date_gmt":"2015-09-13T21:18:37","guid":{"rendered":"http:\/\/woerrlein-naturfoto.de\/wordpress\/?page_id=7455"},"modified":"2019-10-02T15:32:37","modified_gmt":"2019-10-02T13:32:37","slug":"schwarzer-baer","status":"publish","type":"page","link":"https:\/\/woerrlein-naturfoto.de\/wordpress\/nachtfalter-a-z\/schwarzer-baer\/","title":{"rendered":"Schwarzer B\u00e4r"},"content":{"rendered":"<p><a href=\"http:\/\/woerrlein-naturfoto.de\/wordpress\/insekten\/\"><span style=\"color: #ffff66;\">Insekten<\/span> <\/a>-&gt;<a href=\"http:\/\/woerrlein-naturfoto.de\/wordpress\/hauptseite-insekten\/insekten\/schmetterlinge-2\/\"> <span style=\"color: #ffff66;\">Schmetterlinge<\/span><\/a>-&gt;<a href=\"https:\/\/woerrlein-naturfoto.de\/wordpress\/hauptseite-insekten\/insekten\/schmetterlinge-2\/nachtfalter\/\"><span style=\"color: #ffff66;\">Nachtfalter<\/span><\/a><br \/>\n<a title=\"Insekten A-Z\" href=\"http:\/\/woerrlein-naturfoto.de\/wordpress\/insekten-a-z\/\">Insekten von A-Z<\/a><br \/>\nzur Galerie <a href=\"https:\/\/woerrlein-naturfoto.de\/wordpress\/hauptseite-insekten\/insekten\/schmetterlinge-2\/nachtfalter\/\">Nachtfalter<\/a><\/p>\n<p><img loading=\"lazy\" decoding=\"async\" class=\"alignleft wp-image-7444\" src=\"http:\/\/woerrlein-naturfoto.de\/wordpress\/wp-content\/uploads\/2015\/09\/SchwarzerBaer_D150602_6549-600x400.jpg\" alt=\"SchwarzerBaer_D150602_6549\" width=\"600\" height=\"400\" srcset=\"https:\/\/woerrlein-naturfoto.de\/wordpress\/wp-content\/uploads\/2015\/09\/SchwarzerBaer_D150602_6549-600x400.jpg 600w, https:\/\/woerrlein-naturfoto.de\/wordpress\/wp-content\/uploads\/2015\/09\/SchwarzerBaer_D150602_6549-120x80.jpg 120w, https:\/\/woerrlein-naturfoto.de\/wordpress\/wp-content\/uploads\/2015\/09\/SchwarzerBaer_D150602_6549.jpg 1000w\" sizes=\"auto, (max-width: 600px) 100vw, 600px\" \/>Der <b>Schwarze B\u00e4r<\/b> (<i>Arctia villica<\/i>) ist ein Schmetterling (Nachtfalter) aus der Unterfamilie der B\u00e4renspinner. Die Falter erreichen eine Fl\u00fcgelspannweite von 45 bis 60 Millimetern. Sie haben schwarze Vorderfl\u00fcgel mit wei\u00dfen, ausgedehnten Flecken, die ineinander laufen k\u00f6nnen. Auch gibt es Flecken, die sehr klein ausgebildet sind. Die orangen Hinterfl\u00fcgel haben schwarze Flecken.<br \/>\nDie Art ist von Nordafrika und der Iberischen Halbinsel \u00fcber West- und S\u00fcdeuropa und das Schwarzmeergebiet bis Russland und Vorderasien verbreitet. In S\u00fcd- und Mitteleuropa kann man die Falter in sonnigen und warmen Gegenden mit B\u00fcschen und Hecken finden. In Deutschland ist die Art nur sehr lokal an w\u00e4rmebeg\u00fcnstigten Stellen anzutreffen (Hessen, Rheinland-Pfalz, Bayern (Donauh\u00e4nge bei Passau) Saarland, Brandenburg).<\/p>\n<p><strong>Flugzeit:<\/strong>\u00a0\u00a0\u00a0\u00a0 Juni bis Juli<\/p>\n<p>Zur Galerie <a href=\"https:\/\/woerrlein-naturfoto.de\/wordpress\/hauptseite-insekten\/insekten\/schmetterlinge-2\/nachtfalter\/\">Nachtfalter<\/a><\/p>\n<p><em>Quelle des Textauszuges und weitere Infos bei <\/em><a href=\"https:\/\/de.wikipedia.org\/wiki\/Schwarzer_B%C3%A4r_%28Schmetterling%29\" target=\"_blank\" rel=\"noopener noreferrer\">Wikipedia<\/a><em> (<\/em><a href=\"http:\/\/www.gnu.org\/licenses\/fdl-1.3.txt\" target=\"_blank\" rel=\"noopener noreferrer\">GNU-Lizenz<\/a><em>)\u2013 mein Dank gilt den <\/em><a href=\"https:\/\/de.wikipedia.org\/w\/index.php?title=Schwarzer_B%C3%A4r_%28Schmetterling%29&amp;action=history\" target=\"_blank\" rel=\"noopener noreferrer\">Autoren<\/a><em>.<\/em><\/p>\n","protected":false},"excerpt":{"rendered":"<p>Insekten -&gt; Schmetterlinge-&gt;Nachtfalter Insekten von A-Z zur Galerie Nachtfalter Der Schwarze B\u00e4r (Arctia villica) ist ein Schmetterling (Nachtfalter) aus der Unterfamilie der B\u00e4renspinner. Die Falter erreichen eine Fl\u00fcgelspannweite von 45 bis 60 Millimetern. Sie haben schwarze Vorderfl\u00fcgel mit wei\u00dfen, ausgedehnten Flecken, die ineinander laufen k\u00f6nnen. Auch gibt es Flecken, die sehr klein ausgebildet sind. Die &hellip; <a href=\"https:\/\/woerrlein-naturfoto.de\/wordpress\/nachtfalter-a-z\/schwarzer-baer\/\" class=\"more-link\"><span class=\"screen-reader-text\">Schwarzer B\u00e4r<\/span> weiterlesen <span class=\"meta-nav\">&rarr;<\/span><\/a><\/p>\n","protected":false},"author":1,"featured_media":0,"parent":11172,"menu_order":0,"comment_status":"closed","ping_status":"closed","template":"page-templates\/full-width.php","meta":{"footnotes":""},"class_list":["post-7455","page","type-page","status-publish","hentry"],"_links":{"self":[{"href":"https:\/\/woerrlein-naturfoto.de\/wordpress\/wp-json\/wp\/v2\/pages\/7455","targetHints":{"allow":["GET"]}}],"collection":[{"href":"https:\/\/woerrlein-naturfoto.de\/wordpress\/wp-json\/wp\/v2\/pages"}],"about":[{"href":"https:\/\/woerrlein-naturfoto.de\/wordpress\/wp-json\/wp\/v2\/types\/page"}],"author":[{"embeddable":true,"href":"https:\/\/woerrlein-naturfoto.de\/wordpress\/wp-json\/wp\/v2\/users\/1"}],"replies":[{"embeddable":true,"href":"https:\/\/woerrlein-naturfoto.de\/wordpress\/wp-json\/wp\/v2\/comments?post=7455"}],"version-history":[{"count":5,"href":"https:\/\/woerrlein-naturfoto.de\/wordpress\/wp-json\/wp\/v2\/pages\/7455\/revisions"}],"predecessor-version":[{"id":11199,"href":"https:\/\/woerrlein-naturfoto.de\/wordpress\/wp-json\/wp\/v2\/pages\/7455\/revisions\/11199"}],"up":[{"embeddable":true,"href":"https:\/\/woerrlein-naturfoto.de\/wordpress\/wp-json\/wp\/v2\/pages\/11172"}],"wp:attachment":[{"href":"https:\/\/woerrlein-naturfoto.de\/wordpress\/wp-json\/wp\/v2\/media?parent=7455"}],"curies":[{"name":"wp","href":"https:\/\/api.w.org\/{rel}","templated":true}]}}