{"id":7003,"date":"2015-07-04T17:58:43","date_gmt":"2015-07-04T15:58:43","guid":{"rendered":"http:\/\/woerrlein-naturfoto.de\/wordpress\/?page_id=7003"},"modified":"2021-12-19T13:36:42","modified_gmt":"2021-12-19T12:36:42","slug":"sumpf-knabenkraut","status":"publish","type":"page","link":"https:\/\/woerrlein-naturfoto.de\/wordpress\/knabenkraeuter-i-anacamptis-neotinea-a-z\/sumpf-knabenkraut\/","title":{"rendered":"Sumpf-Knabenkraut"},"content":{"rendered":"<p><span style=\"color: #ffff66;\"><a style=\"color: #ffff66;\" href=\"http:\/\/woerrlein-naturfoto.de\/wordpress\/hauptseite-pflanzen\/pflanzen\/\"><span style=\"color: #ffff00;\">Pflanzen<\/span><\/a> <\/span>-&gt;<span style=\"color: #ffff66;\"><a style=\"color: #ffff66;\" href=\"http:\/\/woerrlein-naturfoto.de\/wordpress\/hauptseite-pflanzen\/pflanzen\/blueten-i-orchideen-2\/\"><span style=\"color: #ffff00;\">Orchideen <\/span><\/a><\/span>-&gt;<span style=\"color: #ffff00;\"> <a style=\"color: #ffff00;\" href=\"http:\/\/woerrlein-naturfoto.de\/wordpress\/hauptseite-pflanzen\/pflanzen\/blueten-i-orchideen-2\/knabenktaeuter-i-anacamptis-neotinea\/\">Knabenkr\u00e4uter I (Anacamptis\/Neotinea)<\/a><\/span><br \/>\n<a href=\"http:\/\/woerrlein-naturfoto.de\/wordpress\/pflanzen-von-a-z\/\">Pflanzen von A-Z<\/a><br \/>\nZur Galerie <a href=\"http:\/\/woerrlein-naturfoto.de\/wordpress\/hauptseite-pflanzen\/pflanzen\/blueten-i-orchideen-2\/knabenktaeuter-i-anacamptis-neotinea\/\">Knabenkr\u00e4uter I<\/a><code><br \/>\n<\/code><\/p>\n<p><img loading=\"lazy\" decoding=\"async\" class=\"alignleft wp-image-7015\" src=\"http:\/\/woerrlein-naturfoto.de\/wordpress\/wp-content\/uploads\/2015\/07\/Sumpfknabenkraut_D150525_36435598e15ae3976-400x600.jpg\" alt=\"Sumpfknabenkraut_D150525_36435598e15ae3976.jpg\" width=\"267\" height=\"400\" srcset=\"https:\/\/woerrlein-naturfoto.de\/wordpress\/wp-content\/uploads\/2015\/07\/Sumpfknabenkraut_D150525_36435598e15ae3976-400x600.jpg 400w, https:\/\/woerrlein-naturfoto.de\/wordpress\/wp-content\/uploads\/2015\/07\/Sumpfknabenkraut_D150525_36435598e15ae3976.jpg 567w\" sizes=\"auto, (max-width: 267px) 100vw, 267px\" \/><\/p>\n<p>Das <strong>Sumpf-Knabenkraut <\/strong><em>(Anacamptis palustris)<\/em> geh\u00f6rt zur Familie der Orchideen. Die Pflanze wird mit bis zu 60 cm relativ gro\u00df. Bis zu f\u00fcnf rinnig gefaltete Bl\u00e4tter stehen steif nach oben und umschliessen den St\u00e4ngel unten scheidig.<br \/>\nDer Bl\u00fctenstand ist lang gestreckt und locker mit bis zu 20 Bl\u00fcten versehen. Der St\u00e4ngel kann im Bereich des Bl\u00fctenstandes leicht rot \u00fcberlaufen sein. Im Normalfall sind die Bl\u00fcten rosafarben, helle, und wei\u00dfe, Varianten k\u00f6nnen auftreten. Die Lippe ist schwach dreigeteilt und wird ca. 15 mm lang und 12 mm breit. In der Mitte ist die Lippe heller gef\u00e4rbt und gepunktet.<em><br \/>\n<\/em><\/p>\n<p><strong>Bl\u00fctezeit:<\/strong>\u00a0\u00a0\u00a0 Mai bis Juli<\/p>\n<p>Zur Galerie <a href=\"http:\/\/woerrlein-naturfoto.de\/wordpress\/hauptseite-pflanzen\/pflanzen\/blueten-i-orchideen-2\/knabenktaeuter-i-anacamptis-neotinea\/\">Knabenkr\u00e4uter I<\/a><\/p>\n<p>&nbsp;<\/p>\n","protected":false},"excerpt":{"rendered":"<p>Pflanzen -&gt;Orchideen -&gt; Knabenkr\u00e4uter I (Anacamptis\/Neotinea) Pflanzen von A-Z Zur Galerie Knabenkr\u00e4uter I Das Sumpf-Knabenkraut (Anacamptis palustris) geh\u00f6rt zur Familie der Orchideen. Die Pflanze wird mit bis zu 60 cm relativ gro\u00df. Bis zu f\u00fcnf rinnig gefaltete Bl\u00e4tter stehen steif nach oben und umschliessen den St\u00e4ngel unten scheidig. Der Bl\u00fctenstand ist lang gestreckt und locker &hellip; <a href=\"https:\/\/woerrlein-naturfoto.de\/wordpress\/knabenkraeuter-i-anacamptis-neotinea-a-z\/sumpf-knabenkraut\/\" class=\"more-link\"><span class=\"screen-reader-text\">Sumpf-Knabenkraut<\/span> weiterlesen <span class=\"meta-nav\">&rarr;<\/span><\/a><\/p>\n","protected":false},"author":1,"featured_media":0,"parent":14208,"menu_order":0,"comment_status":"closed","ping_status":"closed","template":"page-templates\/full-width.php","meta":{"footnotes":""},"class_list":["post-7003","page","type-page","status-publish","hentry"],"_links":{"self":[{"href":"https:\/\/woerrlein-naturfoto.de\/wordpress\/wp-json\/wp\/v2\/pages\/7003","targetHints":{"allow":["GET"]}}],"collection":[{"href":"https:\/\/woerrlein-naturfoto.de\/wordpress\/wp-json\/wp\/v2\/pages"}],"about":[{"href":"https:\/\/woerrlein-naturfoto.de\/wordpress\/wp-json\/wp\/v2\/types\/page"}],"author":[{"embeddable":true,"href":"https:\/\/woerrlein-naturfoto.de\/wordpress\/wp-json\/wp\/v2\/users\/1"}],"replies":[{"embeddable":true,"href":"https:\/\/woerrlein-naturfoto.de\/wordpress\/wp-json\/wp\/v2\/comments?post=7003"}],"version-history":[{"count":10,"href":"https:\/\/woerrlein-naturfoto.de\/wordpress\/wp-json\/wp\/v2\/pages\/7003\/revisions"}],"predecessor-version":[{"id":14452,"href":"https:\/\/woerrlein-naturfoto.de\/wordpress\/wp-json\/wp\/v2\/pages\/7003\/revisions\/14452"}],"up":[{"embeddable":true,"href":"https:\/\/woerrlein-naturfoto.de\/wordpress\/wp-json\/wp\/v2\/pages\/14208"}],"wp:attachment":[{"href":"https:\/\/woerrlein-naturfoto.de\/wordpress\/wp-json\/wp\/v2\/media?parent=7003"}],"curies":[{"name":"wp","href":"https:\/\/api.w.org\/{rel}","templated":true}]}}