{"id":6858,"date":"2015-03-30T21:27:30","date_gmt":"2015-03-30T19:27:30","guid":{"rendered":"http:\/\/woerrlein-naturfoto.de\/wordpress\/?page_id=6858"},"modified":"2015-03-30T21:30:23","modified_gmt":"2015-03-30T19:30:23","slug":"dohle","status":"publish","type":"page","link":"https:\/\/woerrlein-naturfoto.de\/wordpress\/kraehen-a-z\/dohle\/","title":{"rendered":"Dohle"},"content":{"rendered":"<p><a href=\"http:\/\/woerrlein-naturfoto.de\/wordpress\/voegel\/\"><span style=\"color: #ffff66;\">V\u00f6gel<\/span> <\/a>-&gt;<a href=\"http:\/\/woerrlein-naturfoto.de\/wordpress\/voegel\/sperlingsvoegel\/\"> <span style=\"color: #ffff66;\">Sperlingsv\u00f6gel<\/span> <\/a>-&gt;<a href=\"http:\/\/woerrlein-naturfoto.de\/wordpress\/hauptseite-voegel\/voegel\/sperlingsvoegel-2\/kraehen\/\"> <span style=\"color: #ffff66;\">Kr\u00e4hen<\/span><\/a><br \/>\n<a href=\"http:\/\/woerrlein-naturfoto.de\/wordpress\/voegel_von_a-z\/\">V\u00f6gel von A-Z<\/a><br \/>\nZur Galerie <a title=\"Kr\u00e4hen\" href=\"http:\/\/woerrlein-naturfoto.de\/wordpress\/hauptseite-voegel\/voegel\/sperlingsvoegel-2\/kraehen\/\">Kr\u00e4hen<\/a><\/p>\n<p><img loading=\"lazy\" decoding=\"async\" class=\"alignleft wp-image-6857\" src=\"http:\/\/woerrlein-naturfoto.de\/wordpress\/wp-content\/uploads\/2015\/03\/Dohle_1594L-600x400.jpg\" alt=\"Dohle_1594L.jpg\" width=\"600\" height=\"400\" srcset=\"https:\/\/woerrlein-naturfoto.de\/wordpress\/wp-content\/uploads\/2015\/03\/Dohle_1594L-600x400.jpg 600w, https:\/\/woerrlein-naturfoto.de\/wordpress\/wp-content\/uploads\/2015\/03\/Dohle_1594L-120x80.jpg 120w, https:\/\/woerrlein-naturfoto.de\/wordpress\/wp-content\/uploads\/2015\/03\/Dohle_1594L.jpg 1000w\" sizes=\"auto, (max-width: 600px) 100vw, 600px\" \/>Die <b>Dohle<\/b> (<i>Corvus monedula<\/i>) ist eine Singvogelart aus der Familie der Rabenv\u00f6gel. Unter den Raben und Kr\u00e4hen ist sie einer der kleinsten Vertreter. Sie zeichnet sich durch schwarz-graues Gefieder, einen st\u00e4mmigen Schnabel und hellblaue Augen aus. Das Verbreitungsgebiet der Dohle reicht vom nordafrikanischen Atlasgebirge \u00fcber Europa bis zum Baikalsee. Sie bevorzugt offene Lebensr\u00e4ume mit Baumbestand, Felsen oder alten Geb\u00e4uden als Habitat. Die Nahrung der Dohle besteht \u00fcberwiegend aus Samen und Insekten, bei Gelegenheit frisst sie aber auch Aas oder menschlichen Abfall. Dohlen leben meist in gr\u00f6\u00dferen Gruppen und bilden lebenslange monogame Paare. Ihr Nest bauen sie in L\u00f6chern und Nischen aller Art, etwa in Spechth\u00f6hlen oder Geb\u00e4udenischen. Das Weibchen br\u00fctet vier bis sechs Eier aus, die Nestlinge werden anschlie\u00dfend von beiden Eltern gef\u00fcttert.<\/p>\n<p>L\u00e4nge: 33-34 cm\u00a0\u00a0 Spannweite: 67-74 cm\u00a0\u00a0 Gewicht: 200-250 g\u00a0\u00a0 Gelege: 4-6 Eier<\/p>\n<p>Zur Galerie <a title=\"Kr\u00e4hen\" href=\"http:\/\/woerrlein-naturfoto.de\/wordpress\/hauptseite-voegel\/voegel\/sperlingsvoegel-2\/kraehen\/\">Kr\u00e4hen<\/a><\/p>\n<p>&nbsp;<\/p>\n<p><em>Quelle des Textauszuges und weitere Infos bei <\/em><a href=\"http:\/\/de.wikipedia.org\/wiki\/Dohle\" target=\"_blank\">Wikipedia<\/a> <em>(<\/em><a href=\"http:\/\/www.gnu.org\/licenses\/fdl-1.3.txt\" target=\"_blank\">GNU-Lizenz<\/a><em>)<\/em> \u2013 <em>mein Dank gilt den<\/em> <a href=\"http:\/\/de.wikipedia.org\/w\/index.php?title=Dohle&amp;action=history\" target=\"_blank\">Autoren<\/a>.<\/p>\n","protected":false},"excerpt":{"rendered":"<p>V\u00f6gel -&gt; Sperlingsv\u00f6gel -&gt; Kr\u00e4hen V\u00f6gel von A-Z Zur Galerie Kr\u00e4hen Die Dohle (Corvus monedula) ist eine Singvogelart aus der Familie der Rabenv\u00f6gel. Unter den Raben und Kr\u00e4hen ist sie einer der kleinsten Vertreter. Sie zeichnet sich durch schwarz-graues Gefieder, einen st\u00e4mmigen Schnabel und hellblaue Augen aus. Das Verbreitungsgebiet der Dohle reicht vom nordafrikanischen Atlasgebirge &hellip; <a href=\"https:\/\/woerrlein-naturfoto.de\/wordpress\/kraehen-a-z\/dohle\/\" class=\"more-link\"><span class=\"screen-reader-text\">Dohle<\/span> weiterlesen <span class=\"meta-nav\">&rarr;<\/span><\/a><\/p>\n","protected":false},"author":1,"featured_media":0,"parent":2813,"menu_order":0,"comment_status":"closed","ping_status":"closed","template":"page-templates\/full-width.php","meta":{"footnotes":""},"class_list":["post-6858","page","type-page","status-publish","hentry"],"_links":{"self":[{"href":"https:\/\/woerrlein-naturfoto.de\/wordpress\/wp-json\/wp\/v2\/pages\/6858","targetHints":{"allow":["GET"]}}],"collection":[{"href":"https:\/\/woerrlein-naturfoto.de\/wordpress\/wp-json\/wp\/v2\/pages"}],"about":[{"href":"https:\/\/woerrlein-naturfoto.de\/wordpress\/wp-json\/wp\/v2\/types\/page"}],"author":[{"embeddable":true,"href":"https:\/\/woerrlein-naturfoto.de\/wordpress\/wp-json\/wp\/v2\/users\/1"}],"replies":[{"embeddable":true,"href":"https:\/\/woerrlein-naturfoto.de\/wordpress\/wp-json\/wp\/v2\/comments?post=6858"}],"version-history":[{"count":1,"href":"https:\/\/woerrlein-naturfoto.de\/wordpress\/wp-json\/wp\/v2\/pages\/6858\/revisions"}],"predecessor-version":[{"id":6859,"href":"https:\/\/woerrlein-naturfoto.de\/wordpress\/wp-json\/wp\/v2\/pages\/6858\/revisions\/6859"}],"up":[{"embeddable":true,"href":"https:\/\/woerrlein-naturfoto.de\/wordpress\/wp-json\/wp\/v2\/pages\/2813"}],"wp:attachment":[{"href":"https:\/\/woerrlein-naturfoto.de\/wordpress\/wp-json\/wp\/v2\/media?parent=6858"}],"curies":[{"name":"wp","href":"https:\/\/api.w.org\/{rel}","templated":true}]}}