{"id":6180,"date":"2015-02-15T17:39:41","date_gmt":"2015-02-15T16:39:41","guid":{"rendered":"http:\/\/woerrlein-naturfoto.de\/wordpress\/?page_id=6180"},"modified":"2024-01-15T16:25:28","modified_gmt":"2024-01-15T15:25:28","slug":"wir","status":"publish","type":"page","link":"https:\/\/woerrlein-naturfoto.de\/wordpress\/wir\/","title":{"rendered":"Wir &#8230;"},"content":{"rendered":"<p>&#8230; das sind Anke &#8230;<\/p>\n<h6><img loading=\"lazy\" decoding=\"async\" class=\" wp-image-6181 alignnone\" src=\"http:\/\/woerrlein-naturfoto.de\/wordpress\/wp-content\/uploads\/2015\/02\/Anke_18824-600x400.jpg\" alt=\"Anke_18824\" width=\"600\" height=\"400\" srcset=\"https:\/\/woerrlein-naturfoto.de\/wordpress\/wp-content\/uploads\/2015\/02\/Anke_18824-600x400.jpg 600w, https:\/\/woerrlein-naturfoto.de\/wordpress\/wp-content\/uploads\/2015\/02\/Anke_18824-120x80.jpg 120w, https:\/\/woerrlein-naturfoto.de\/wordpress\/wp-content\/uploads\/2015\/02\/Anke_18824.jpg 1000w\" sizes=\"auto, (max-width: 600px) 100vw, 600px\" \/> Geboren : Februar 1963<br \/>\nBeruf\u00a0\u00a0\u00a0\u00a0\u00a0\u00a0\u00a0 : Fremdsprachenkorrespondentin<br \/>\nHobbies\u00a0 : Naturfotografie, Vogelbeobachten, Kochen, Lesen,\u00a0 Reisen, Radfahren, Genealogie<\/h6>\n<p>&nbsp;<\/p>\n<p>&#8230;\u00a0 Dieter &#8230;<\/p>\n<h6><img loading=\"lazy\" decoding=\"async\" class=\"alignnone wp-image-6184\" src=\"http:\/\/woerrlein-naturfoto.de\/wordpress\/wp-content\/uploads\/2015\/02\/Dieter_49622-600x400.jpg\" alt=\"Dieter_49622\" width=\"600\" height=\"400\" srcset=\"https:\/\/woerrlein-naturfoto.de\/wordpress\/wp-content\/uploads\/2015\/02\/Dieter_49622-600x400.jpg 600w, https:\/\/woerrlein-naturfoto.de\/wordpress\/wp-content\/uploads\/2015\/02\/Dieter_49622-120x80.jpg 120w, https:\/\/woerrlein-naturfoto.de\/wordpress\/wp-content\/uploads\/2015\/02\/Dieter_49622.jpg 1000w\" sizes=\"auto, (max-width: 600px) 100vw, 600px\" \/>Geboren : Dezember 1956<br \/>\nBeruf\u00a0\u00a0\u00a0\u00a0\u00a0\u00a0\u00a0 : Maschinenbautechniker<br \/>\nHobbies\u00a0 : Naturfotografie, Vogelbeobachten,\u00a0 Reisen, Radfahren<\/h6>\n<p>&nbsp;<\/p>\n<p>&#8230; Marina &#8230;<\/p>\n<h6><img loading=\"lazy\" decoding=\"async\" class=\"alignnone wp-image-12022\" src=\"http:\/\/woerrlein-naturfoto.de\/wordpress\/wp-content\/uploads\/2015\/02\/Marina_20190811_091354-600x400.jpg\" alt=\"\" width=\"600\" height=\"400\" srcset=\"https:\/\/woerrlein-naturfoto.de\/wordpress\/wp-content\/uploads\/2015\/02\/Marina_20190811_091354-600x400.jpg 600w, https:\/\/woerrlein-naturfoto.de\/wordpress\/wp-content\/uploads\/2015\/02\/Marina_20190811_091354-768x512.jpg 768w, https:\/\/woerrlein-naturfoto.de\/wordpress\/wp-content\/uploads\/2015\/02\/Marina_20190811_091354-120x80.jpg 120w, https:\/\/woerrlein-naturfoto.de\/wordpress\/wp-content\/uploads\/2015\/02\/Marina_20190811_091354.jpg 1000w\" sizes=\"auto, (max-width: 600px) 100vw, 600px\" \/>Geboren : August 1992<br \/>\nBeruf\u00a0\u00a0\u00a0\u00a0\u00a0\u00a0\u00a0 : Maschinenbau-Ingenieurin<br \/>\nHobbies\u00a0 : Sport, Fotografie, Kochen &amp; Backen<\/h6>\n<p>&nbsp;<\/p>\n<p>&#8230; und Ramona<\/p>\n<h6><img loading=\"lazy\" decoding=\"async\" class=\"alignnone size-medium wp-image-12226\" src=\"http:\/\/woerrlein-naturfoto.de\/wordpress\/wp-content\/uploads\/2015\/02\/Ramona_3745-600x400.jpg\" alt=\"\" width=\"600\" height=\"400\" srcset=\"https:\/\/woerrlein-naturfoto.de\/wordpress\/wp-content\/uploads\/2015\/02\/Ramona_3745-600x400.jpg 600w, https:\/\/woerrlein-naturfoto.de\/wordpress\/wp-content\/uploads\/2015\/02\/Ramona_3745-768x512.jpg 768w, https:\/\/woerrlein-naturfoto.de\/wordpress\/wp-content\/uploads\/2015\/02\/Ramona_3745-120x80.jpg 120w, https:\/\/woerrlein-naturfoto.de\/wordpress\/wp-content\/uploads\/2015\/02\/Ramona_3745.jpg 1000w\" sizes=\"auto, (max-width: 600px) 100vw, 600px\" \/>Geboren : November 1994<br \/>\nBeruf\u00a0\u00a0\u00a0\u00a0\u00a0\u00a0\u00a0 : Industriekauffrau<br \/>\nHobbies\u00a0 : Sport, Fotografie, Reisen<\/h6>\n<p>&nbsp;<\/p>\n<p>Unsere Hauptmotive sind Tiere &#8211; besonders V\u00f6gel und Libellen &#8211; so wie Pflanzen. Diese fotografieren wir in unserer fr\u00e4nkischen Heimat und auf Reisen, die uns h\u00e4ufig mit einem Wohnmobil durch Europa f\u00fchren.<br \/>\nUnsere Aufnahmen machen wir mit Kameras von Nikon. Dabei verwenden wir Festbrennweiten und Zoom Objektive von Nikon und Sigma mit Brennweiten von 12mm bis 500mm erg\u00e4nzt durch Telekonverter und Zwischenringe.<\/p>\n","protected":false},"excerpt":{"rendered":"<p>&#8230; das sind Anke &#8230; Geboren : Februar 1963 Beruf\u00a0\u00a0\u00a0\u00a0\u00a0\u00a0\u00a0 : Fremdsprachenkorrespondentin Hobbies\u00a0 : Naturfotografie, Vogelbeobachten, Kochen, Lesen,\u00a0 Reisen, Radfahren, Genealogie &nbsp; &#8230;\u00a0 Dieter &#8230; Geboren : Dezember 1956 Beruf\u00a0\u00a0\u00a0\u00a0\u00a0\u00a0\u00a0 : Maschinenbautechniker Hobbies\u00a0 : Naturfotografie, Vogelbeobachten,\u00a0 Reisen, Radfahren &nbsp; &#8230; Marina &#8230; Geboren : August 1992 Beruf\u00a0\u00a0\u00a0\u00a0\u00a0\u00a0\u00a0 : Maschinenbau-Ingenieurin Hobbies\u00a0 : Sport, Fotografie, Kochen &amp; &hellip; <a href=\"https:\/\/woerrlein-naturfoto.de\/wordpress\/wir\/\" class=\"more-link\"><span class=\"screen-reader-text\">Wir &#8230;<\/span> weiterlesen <span class=\"meta-nav\">&rarr;<\/span><\/a><\/p>\n","protected":false},"author":1,"featured_media":0,"parent":0,"menu_order":0,"comment_status":"closed","ping_status":"closed","template":"","meta":{"footnotes":""},"class_list":["post-6180","page","type-page","status-publish","hentry"],"_links":{"self":[{"href":"https:\/\/woerrlein-naturfoto.de\/wordpress\/wp-json\/wp\/v2\/pages\/6180","targetHints":{"allow":["GET"]}}],"collection":[{"href":"https:\/\/woerrlein-naturfoto.de\/wordpress\/wp-json\/wp\/v2\/pages"}],"about":[{"href":"https:\/\/woerrlein-naturfoto.de\/wordpress\/wp-json\/wp\/v2\/types\/page"}],"author":[{"embeddable":true,"href":"https:\/\/woerrlein-naturfoto.de\/wordpress\/wp-json\/wp\/v2\/users\/1"}],"replies":[{"embeddable":true,"href":"https:\/\/woerrlein-naturfoto.de\/wordpress\/wp-json\/wp\/v2\/comments?post=6180"}],"version-history":[{"count":33,"href":"https:\/\/woerrlein-naturfoto.de\/wordpress\/wp-json\/wp\/v2\/pages\/6180\/revisions"}],"predecessor-version":[{"id":17827,"href":"https:\/\/woerrlein-naturfoto.de\/wordpress\/wp-json\/wp\/v2\/pages\/6180\/revisions\/17827"}],"wp:attachment":[{"href":"https:\/\/woerrlein-naturfoto.de\/wordpress\/wp-json\/wp\/v2\/media?parent=6180"}],"curies":[{"name":"wp","href":"https:\/\/api.w.org\/{rel}","templated":true}]}}

<p>&#8230; das sind Anke &#8230;</p>
<h6><img loading="lazy" decoding="async" class=" wp-image-6181 alignnone" src="http://woerrlein-naturfoto.de/wordpress/wp-content/uploads/2015/02/Anke_18824-600x400.jpg" alt="Anke_18824" width="600" height="400" srcset="https://woerrlein-naturfoto.de/wordpress/wp-content/uploads/2015/02/Anke_18824-600x400.jpg 600w, https://woerrlein-naturfoto.de/wordpress/wp-content/uploads/2015/02/Anke_18824-120x80.jpg 120w, https://woerrlein-naturfoto.de/wordpress/wp-content/uploads/2015/02/Anke_18824.jpg 1000w" sizes="auto, (max-width: 600px) 100vw, 600px" /> Geboren : Februar 1963<br />
Beruf        : Fremdsprachenkorrespondentin<br />
Hobbies  : Naturfotografie, Vogelbeobachten, Kochen, Lesen,  Reisen, Radfahren, Genealogie</h6>
<p>&nbsp;</p>
<p>&#8230;  Dieter &#8230;</p>
<h6><img loading="lazy" decoding="async" class="alignnone wp-image-6184" src="http://woerrlein-naturfoto.de/wordpress/wp-content/uploads/2015/02/Dieter_49622-600x400.jpg" alt="Dieter_49622" width="600" height="400" srcset="https://woerrlein-naturfoto.de/wordpress/wp-content/uploads/2015/02/Dieter_49622-600x400.jpg 600w, https://woerrlein-naturfoto.de/wordpress/wp-content/uploads/2015/02/Dieter_49622-120x80.jpg 120w, https://woerrlein-naturfoto.de/wordpress/wp-content/uploads/2015/02/Dieter_49622.jpg 1000w" sizes="auto, (max-width: 600px) 100vw, 600px" />Geboren : Dezember 1956<br />
Beruf        : Maschinenbautechniker<br />
Hobbies  : Naturfotografie, Vogelbeobachten,  Reisen, Radfahren</h6>
<p>&nbsp;</p>
<p>&#8230; Marina &#8230;</p>
<h6><img loading="lazy" decoding="async" class="alignnone wp-image-12022" src="http://woerrlein-naturfoto.de/wordpress/wp-content/uploads/2015/02/Marina_20190811_091354-600x400.jpg" alt="" width="600" height="400" srcset="https://woerrlein-naturfoto.de/wordpress/wp-content/uploads/2015/02/Marina_20190811_091354-600x400.jpg 600w, https://woerrlein-naturfoto.de/wordpress/wp-content/uploads/2015/02/Marina_20190811_091354-768x512.jpg 768w, https://woerrlein-naturfoto.de/wordpress/wp-content/uploads/2015/02/Marina_20190811_091354-120x80.jpg 120w, https://woerrlein-naturfoto.de/wordpress/wp-content/uploads/2015/02/Marina_20190811_091354.jpg 1000w" sizes="auto, (max-width: 600px) 100vw, 600px" />Geboren : August 1992<br />
Beruf        : Maschinenbau-Ingenieurin<br />
Hobbies  : Sport, Fotografie, Kochen &amp; Backen</h6>
<p>&nbsp;</p>
<p>&#8230; und Ramona</p>
<h6><img loading="lazy" decoding="async" class="alignnone size-medium wp-image-12226" src="http://woerrlein-naturfoto.de/wordpress/wp-content/uploads/2015/02/Ramona_3745-600x400.jpg" alt="" width="600" height="400" srcset="https://woerrlein-naturfoto.de/wordpress/wp-content/uploads/2015/02/Ramona_3745-600x400.jpg 600w, https://woerrlein-naturfoto.de/wordpress/wp-content/uploads/2015/02/Ramona_3745-768x512.jpg 768w, https://woerrlein-naturfoto.de/wordpress/wp-content/uploads/2015/02/Ramona_3745-120x80.jpg 120w, https://woerrlein-naturfoto.de/wordpress/wp-content/uploads/2015/02/Ramona_3745.jpg 1000w" sizes="auto, (max-width: 600px) 100vw, 600px" />Geboren : November 1994<br />
Beruf        : Industriekauffrau<br />
Hobbies  : Sport, Fotografie, Reisen</h6>
<p>&nbsp;</p>
<p>Unsere Hauptmotive sind Tiere &#8211; besonders Vögel und Libellen &#8211; so wie Pflanzen. Diese fotografieren wir in unserer fränkischen Heimat und auf Reisen, die uns häufig mit einem Wohnmobil durch Europa führen.<br />
Unsere Aufnahmen machen wir mit Kameras von Nikon. Dabei verwenden wir Festbrennweiten und Zoom Objektive von Nikon und Sigma mit Brennweiten von 12mm bis 500mm ergänzt durch Telekonverter und Zwischenringe.</p>
