{"id":5652,"date":"2015-02-08T15:02:42","date_gmt":"2015-02-08T14:02:42","guid":{"rendered":"http:\/\/woerrlein-naturfoto.de\/wordpress\/?page_id=5652"},"modified":"2015-02-11T12:43:37","modified_gmt":"2015-02-11T11:43:37","slug":"siebenschlaefer","status":"publish","type":"page","link":"https:\/\/woerrlein-naturfoto.de\/wordpress\/saeugetiere-iii-a-z\/siebenschlaefer\/","title":{"rendered":"Siebenschl\u00e4fer"},"content":{"rendered":"<p><a href=\"http:\/\/woerrlein-naturfoto.de\/wordpress\/hauptseite-sonstige-tiere\/sonstige-tiere\/\"><span style=\"color: #ffff66;\">sonstige Tiere<\/span> <\/a>-&gt;<a title=\"S\u00e4ugetiere III (sonstige S\u00e4ugetiere)\" href=\"http:\/\/woerrlein-naturfoto.de\/wordpress\/hauptseite-sonstige-tiere\/sonstige-tiere\/saeugetiere-iii-sonstige-saeugetiere\/\"> <span style=\"color: #ffff66;\">S\u00e4ugetiere III (sonstige S\u00e4ugetiere)<\/span><\/a><br \/>\n<a href=\"http:\/\/woerrlein-naturfoto.de\/wordpress\/sonstige-tiere-von-a-z\/\">sonstige Tiere von A-Z<\/a><br \/>\nzur Galerie <a title=\"S\u00e4ugetiere III (sonstige S\u00e4ugetiere)\" href=\"http:\/\/woerrlein-naturfoto.de\/wordpress\/hauptseite-sonstige-tiere\/sonstige-tiere\/saeugetiere-iii-sonstige-saeugetiere\/\">sonstige S\u00e4ugetiere<\/a><\/p>\n<p><img loading=\"lazy\" decoding=\"async\" class=\"alignleft wp-image-5624\" src=\"http:\/\/woerrlein-naturfoto.de\/wordpress\/wp-content\/uploads\/2015\/02\/Siebenschlaefer_AW_30539_v-600x400.jpg\" alt=\"Siebenschlaefer_AW_30539_v.jpg\" width=\"600\" height=\"400\" srcset=\"https:\/\/woerrlein-naturfoto.de\/wordpress\/wp-content\/uploads\/2015\/02\/Siebenschlaefer_AW_30539_v-600x400.jpg 600w, https:\/\/woerrlein-naturfoto.de\/wordpress\/wp-content\/uploads\/2015\/02\/Siebenschlaefer_AW_30539_v-120x80.jpg 120w, https:\/\/woerrlein-naturfoto.de\/wordpress\/wp-content\/uploads\/2015\/02\/Siebenschlaefer_AW_30539_v.jpg 1000w\" sizes=\"auto, (max-width: 600px) 100vw, 600px\" \/>Der <b>Siebenschl\u00e4fer<\/b> (<i>Glis glis<\/i>) ist ein \u00e4u\u00dferlich maus\u00e4hnliches, nachtaktives Nagetier aus der Familie der Bilche (Gliridae). Die Gestalt dieses Tieres erinnert an Eichh\u00f6rnchen und Grauh\u00f6rnchen. Doch ist der Siebenschl\u00e4fer deutlich kleiner, hat gro\u00dfe, schwarze Augen, rundliche Ohren und einen buschigen Schwanz. Das Gesicht weist keine Zeichnungen, aber lange Tasthaare auf. Die Fu\u00dfballen dieser Tiere sind stets etwas feucht und so beschaffen, dass Siebenschl\u00e4fer B\u00e4ume und W\u00e4nde ohne Probleme erklimmen k\u00f6nnen. Die Tiere werden etwa 70\u2013160\u00a0g schwer, die Kopf-Rumpfl\u00e4nge betr\u00e4gt 13\u201318\u00a0cm, dazu kommt der 11\u201315\u00a0cm lange Schwanz. Der Siebenschl\u00e4fer war <a title=\"Tier des Jahres\" href=\"http:\/\/de.wikipedia.org\/wiki\/Tier_des_Jahres\" target=\"_blank\">Tier des Jahres<\/a> 2004.<\/p>\n<p>Zur Galerie <a title=\"S\u00e4ugetiere III (sonstige S\u00e4ugetiere)\" href=\"http:\/\/woerrlein-naturfoto.de\/wordpress\/hauptseite-sonstige-tiere\/sonstige-tiere\/saeugetiere-iii-sonstige-saeugetiere\/\">sonstige S\u00e4ugetiere<\/a><\/p>\n<p>&nbsp;<\/p>\n<p><em>Quelle des Textauszuges und weitere Infos bei <\/em><a href=\"de.wikipedia.org\/wiki\/Siebenschl\u00e4fer\" target=\"_blank\">Wikipedia<\/a><em> (<\/em><a href=\"http:\/\/www.gnu.org\/licenses\/fdl-1.3.txt\" target=\"_blank\">GNU-Lizenz<\/a><em>)\u2013 mein Dank gilt den <\/em><a href=\"http:\/\/de.wikipedia.org\/w\/index.php?title=Siebenschl%C3%A4fer&amp;action=history\" target=\"_blank\">Autoren<\/a><em>.<\/em><\/p>\n","protected":false},"excerpt":{"rendered":"<p>sonstige Tiere -&gt; S\u00e4ugetiere III (sonstige S\u00e4ugetiere) sonstige Tiere von A-Z zur Galerie sonstige S\u00e4ugetiere Der Siebenschl\u00e4fer (Glis glis) ist ein \u00e4u\u00dferlich maus\u00e4hnliches, nachtaktives Nagetier aus der Familie der Bilche (Gliridae). Die Gestalt dieses Tieres erinnert an Eichh\u00f6rnchen und Grauh\u00f6rnchen. Doch ist der Siebenschl\u00e4fer deutlich kleiner, hat gro\u00dfe, schwarze Augen, rundliche Ohren und einen buschigen &hellip; <a href=\"https:\/\/woerrlein-naturfoto.de\/wordpress\/saeugetiere-iii-a-z\/siebenschlaefer\/\" class=\"more-link\"><span class=\"screen-reader-text\">Siebenschl\u00e4fer<\/span> weiterlesen <span class=\"meta-nav\">&rarr;<\/span><\/a><\/p>\n","protected":false},"author":1,"featured_media":0,"parent":5629,"menu_order":0,"comment_status":"closed","ping_status":"closed","template":"page-templates\/full-width.php","meta":{"footnotes":""},"class_list":["post-5652","page","type-page","status-publish","hentry"],"_links":{"self":[{"href":"https:\/\/woerrlein-naturfoto.de\/wordpress\/wp-json\/wp\/v2\/pages\/5652","targetHints":{"allow":["GET"]}}],"collection":[{"href":"https:\/\/woerrlein-naturfoto.de\/wordpress\/wp-json\/wp\/v2\/pages"}],"about":[{"href":"https:\/\/woerrlein-naturfoto.de\/wordpress\/wp-json\/wp\/v2\/types\/page"}],"author":[{"embeddable":true,"href":"https:\/\/woerrlein-naturfoto.de\/wordpress\/wp-json\/wp\/v2\/users\/1"}],"replies":[{"embeddable":true,"href":"https:\/\/woerrlein-naturfoto.de\/wordpress\/wp-json\/wp\/v2\/comments?post=5652"}],"version-history":[{"count":2,"href":"https:\/\/woerrlein-naturfoto.de\/wordpress\/wp-json\/wp\/v2\/pages\/5652\/revisions"}],"predecessor-version":[{"id":5815,"href":"https:\/\/woerrlein-naturfoto.de\/wordpress\/wp-json\/wp\/v2\/pages\/5652\/revisions\/5815"}],"up":[{"embeddable":true,"href":"https:\/\/woerrlein-naturfoto.de\/wordpress\/wp-json\/wp\/v2\/pages\/5629"}],"wp:attachment":[{"href":"https:\/\/woerrlein-naturfoto.de\/wordpress\/wp-json\/wp\/v2\/media?parent=5652"}],"curies":[{"name":"wp","href":"https:\/\/api.w.org\/{rel}","templated":true}]}}