{"id":5631,"date":"2015-02-08T13:50:26","date_gmt":"2015-02-08T12:50:26","guid":{"rendered":"http:\/\/woerrlein-naturfoto.de\/wordpress\/?page_id=5631"},"modified":"2016-06-25T17:59:38","modified_gmt":"2016-06-25T15:59:38","slug":"berglemming","status":"publish","type":"page","link":"https:\/\/woerrlein-naturfoto.de\/wordpress\/saeugetiere-iii-a-z\/berglemming\/","title":{"rendered":"Berglemming"},"content":{"rendered":"<p><a href=\"http:\/\/woerrlein-naturfoto.de\/wordpress\/hauptseite-sonstige-tiere\/sonstige-tiere\/\"><span style=\"color: #ffff66;\">sonstige Tiere<\/span> <\/a>-&gt;<a title=\"S\u00e4ugetiere III (sonstige S\u00e4ugetiere)\" href=\"http:\/\/woerrlein-naturfoto.de\/wordpress\/hauptseite-sonstige-tiere\/sonstige-tiere\/saeugetiere-iii-sonstige-saeugetiere\/\"> <span style=\"color: #ffff66;\">S\u00e4ugetiere III (sonstige S\u00e4ugetiere)<\/span><\/a><br \/>\n<a href=\"http:\/\/woerrlein-naturfoto.de\/wordpress\/sonstige-tiere-von-a-z\/\">sonstige Tiere von A-Z<\/a><br \/>\nzur Galerie <a title=\"S\u00e4ugetiere III (sonstige S\u00e4ugetiere)\" href=\"http:\/\/woerrlein-naturfoto.de\/wordpress\/hauptseite-sonstige-tiere\/sonstige-tiere\/saeugetiere-iii-sonstige-saeugetiere\/\">sonstige S\u00e4ugetiere<\/a><\/p>\n<p><img loading=\"lazy\" decoding=\"async\" class=\"alignleft wp-image-5577\" src=\"http:\/\/woerrlein-naturfoto.de\/wordpress\/wp-content\/uploads\/2015\/02\/Berglemming_D130921_512_v-600x400.jpg\" alt=\"Berglemming_D130921_512_v.jpg\" width=\"600\" height=\"400\" \/>Der <b>Berglemming<\/b> (<i>Lemmus lemmus<\/i>) ist eine Art der Echten Lemminge, die in subarktischen und arktischen Gebieten Skandinaviens und der Kolahalbinsel lebt. Berglemminge sind tags wie nachts aktiv. Sie halten keinen Winterschlaf. Im Sommer legen sie Baue an, die bis zu 30 cm tief reichen. Diese verbinden die Oberfl\u00e4che mit einer Nestkammer, die einen Durchmesser von etwa 15 cm hat und mit Gr\u00e4sern und Haaren ausgepolstert wird.<br \/>\nBerglemminge erfahren starke Populationsschwankungen. Alle zwei bis f\u00fcnf Jahre wird eine Bestandsgr\u00f6\u00dfe erreicht, die so gro\u00df ist, dass zahlreiche Lemminge ein Gebiet verlassen und sich auf die Suche nach neuen Lebensr\u00e4umen begeben. Hierbei kann es dann zu Massenwanderungen kommen, bei denen Tausende Berglemminge gemeinsam unterwegs sind, Fl\u00fcsse \u00fcberqueren und bis zu 100 km zur\u00fccklegen. Solche Massenwanderungen sind jedoch extrem selten; sie scheinen in Lappland alle 30 bis 35 Jahre aufzutreten, weiter s\u00fcdlich dagegen gar nicht. Da viele Lemminge auf diesen Wanderungen zu Tode kommen, entstand die Legende vom \u201eMassenselbstmord\u201c, die aber jeder Grundlage entbehrt.<\/p>\n<p>Zur Galerie <a title=\"S\u00e4ugetiere III (sonstige S\u00e4ugetiere)\" href=\"http:\/\/woerrlein-naturfoto.de\/wordpress\/hauptseite-sonstige-tiere\/sonstige-tiere\/saeugetiere-iii-sonstige-saeugetiere\/\">sonstige S\u00e4ugetiere<\/a><\/p>\n<p><a href=\"http:\/\/woerrlein-naturfoto.de\/wordpress\/wp-content\/uploads\/2016\/06\/Berglemming.mov\" target=\"_blank\">Video<\/a><\/p>\n<p><em>Quelle des Textauszuges und weitere Infos bei <\/em><a href=\"http:\/\/de.wikipedia.org\/wiki\/Berglemming\" target=\"_blank\">Wikipedia<\/a><em> (<\/em><a href=\"http:\/\/www.gnu.org\/licenses\/fdl-1.3.txt\" target=\"_blank\">GNU-Lizenz<\/a><em>)\u2013 mein Dank gilt den <\/em><a href=\"http:\/\/de.wikipedia.org\/w\/index.php?title=Berglemming&amp;action=history\" target=\"_blank\">Autoren<\/a><em>.<\/em><\/p>\n","protected":false},"excerpt":{"rendered":"<p>sonstige Tiere -&gt; S\u00e4ugetiere III (sonstige S\u00e4ugetiere) sonstige Tiere von A-Z zur Galerie sonstige S\u00e4ugetiere Der Berglemming (Lemmus lemmus) ist eine Art der Echten Lemminge, die in subarktischen und arktischen Gebieten Skandinaviens und der Kolahalbinsel lebt. Berglemminge sind tags wie nachts aktiv. Sie halten keinen Winterschlaf. Im Sommer legen sie Baue an, die bis zu &hellip; <a href=\"https:\/\/woerrlein-naturfoto.de\/wordpress\/saeugetiere-iii-a-z\/berglemming\/\" class=\"more-link\"><span class=\"screen-reader-text\">Berglemming<\/span> weiterlesen <span class=\"meta-nav\">&rarr;<\/span><\/a><\/p>\n","protected":false},"author":1,"featured_media":0,"parent":5629,"menu_order":0,"comment_status":"closed","ping_status":"closed","template":"page-templates\/full-width.php","meta":{"footnotes":""},"class_list":["post-5631","page","type-page","status-publish","hentry"],"_links":{"self":[{"href":"https:\/\/woerrlein-naturfoto.de\/wordpress\/wp-json\/wp\/v2\/pages\/5631","targetHints":{"allow":["GET"]}}],"collection":[{"href":"https:\/\/woerrlein-naturfoto.de\/wordpress\/wp-json\/wp\/v2\/pages"}],"about":[{"href":"https:\/\/woerrlein-naturfoto.de\/wordpress\/wp-json\/wp\/v2\/types\/page"}],"author":[{"embeddable":true,"href":"https:\/\/woerrlein-naturfoto.de\/wordpress\/wp-json\/wp\/v2\/users\/1"}],"replies":[{"embeddable":true,"href":"https:\/\/woerrlein-naturfoto.de\/wordpress\/wp-json\/wp\/v2\/comments?post=5631"}],"version-history":[{"count":8,"href":"https:\/\/woerrlein-naturfoto.de\/wordpress\/wp-json\/wp\/v2\/pages\/5631\/revisions"}],"predecessor-version":[{"id":8093,"href":"https:\/\/woerrlein-naturfoto.de\/wordpress\/wp-json\/wp\/v2\/pages\/5631\/revisions\/8093"}],"up":[{"embeddable":true,"href":"https:\/\/woerrlein-naturfoto.de\/wordpress\/wp-json\/wp\/v2\/pages\/5629"}],"wp:attachment":[{"href":"https:\/\/woerrlein-naturfoto.de\/wordpress\/wp-json\/wp\/v2\/media?parent=5631"}],"curies":[{"name":"wp","href":"https:\/\/api.w.org\/{rel}","templated":true}]}}