{"id":5410,"date":"2015-02-05T12:38:11","date_gmt":"2015-02-05T11:38:11","guid":{"rendered":"http:\/\/woerrlein-naturfoto.de\/wordpress\/?page_id=5410"},"modified":"2015-02-11T12:50:03","modified_gmt":"2015-02-11T11:50:03","slug":"bergmolch","status":"publish","type":"page","link":"https:\/\/woerrlein-naturfoto.de\/wordpress\/molche-salamander-a-z\/bergmolch\/","title":{"rendered":"Bergmolch"},"content":{"rendered":"<p><a href=\"http:\/\/woerrlein-naturfoto.de\/wordpress\/hauptseite-sonstige-tiere\/sonstige-tiere\/\"><span style=\"color: #ffff66;\">sonstige Tiere<\/span> <\/a>-&gt;<a title=\"Amphibien III (Molche, Salamander)\" href=\"http:\/\/woerrlein-naturfoto.de\/wordpress\/hauptseite-sonstige-tiere\/sonstige-tiere\/amphibien-iii-molche-salamander\/\"> <span style=\"color: #ffff66;\">Amphibien III (Molche, Salamander)<\/span><\/a><br \/>\n<a href=\"http:\/\/woerrlein-naturfoto.de\/wordpress\/sonstige-tiere-von-a-z\/\">sonstige Tiere von A-Z<\/a><br \/>\nzur Galerie <a title=\"Amphibien III (Molche, Salamander)\" href=\"http:\/\/woerrlein-naturfoto.de\/wordpress\/hauptseite-sonstige-tiere\/sonstige-tiere\/amphibien-iii-molche-salamander\/\">Molche, Salamander<\/a><\/p>\n<p><img loading=\"lazy\" decoding=\"async\" class=\"alignleft wp-image-5341\" src=\"http:\/\/woerrlein-naturfoto.de\/wordpress\/wp-content\/uploads\/2015\/02\/Bergmolch_04020S_Gros-600x400.jpg\" alt=\"Bergmolch_04020S_Gros.jpg\" width=\"600\" height=\"400\" srcset=\"https:\/\/woerrlein-naturfoto.de\/wordpress\/wp-content\/uploads\/2015\/02\/Bergmolch_04020S_Gros-600x400.jpg 600w, https:\/\/woerrlein-naturfoto.de\/wordpress\/wp-content\/uploads\/2015\/02\/Bergmolch_04020S_Gros-120x80.jpg 120w, https:\/\/woerrlein-naturfoto.de\/wordpress\/wp-content\/uploads\/2015\/02\/Bergmolch_04020S_Gros.jpg 1000w\" sizes=\"auto, (max-width: 600px) 100vw, 600px\" \/>Der <b>Bergmolch<\/b> oder <b>Alpenmolch<\/b> (<i>Ichthyosaura alpestris;<\/i> Syn.: <i>Triturus alpestris<\/i>, zwischenzeitlich auch <i>Mesotriton alpestris;<\/i> vgl.: <i>Triturus<\/i>) geh\u00f6rt zur Ordnung der Schwanzlurche innerhalb der Klasse der Amphibien. Die Art ist in Teilen Europas verbreitet. Der Bergmolch ist ein typischer Bewohner von gew\u00e4sserreichen W\u00e4ldern in h\u00fcgeligen bis bergigen Landschaften \u2013 oft ist er dabei mit dem Fadenmolch vergesellschaftet, welcher aber insgesamt seltener ist.<\/p>\n<p>Zur Galerie <a title=\"Amphibien III (Molche, Salamander)\" href=\"http:\/\/woerrlein-naturfoto.de\/wordpress\/hauptseite-sonstige-tiere\/sonstige-tiere\/amphibien-iii-molche-salamander\/\">Molche, Salamander<\/a><\/p>\n<p>&nbsp;<\/p>\n<p><em>Quelle des Textauszuges und weitere Infos bei <\/em><a href=\"de.wikipedia.org\/wiki\/Erdkr\u00f6te\" target=\"_blank\">Wikipedia<\/a><em> (<\/em><a href=\"http:\/\/www.gnu.org\/licenses\/fdl-1.3.txt\" target=\"_blank\">GNU-Lizenz<\/a><em>)\u2013 mein Dank gilt den <\/em><a href=\"http:\/\/de.wikipedia.org\/w\/index.php?title=Bergmolch&amp;action=history\" target=\"_blank\">Autoren<\/a><em>.<\/em><\/p>\n","protected":false},"excerpt":{"rendered":"<p>sonstige Tiere -&gt; Amphibien III (Molche, Salamander) sonstige Tiere von A-Z zur Galerie Molche, Salamander Der Bergmolch oder Alpenmolch (Ichthyosaura alpestris; Syn.: Triturus alpestris, zwischenzeitlich auch Mesotriton alpestris; vgl.: Triturus) geh\u00f6rt zur Ordnung der Schwanzlurche innerhalb der Klasse der Amphibien. Die Art ist in Teilen Europas verbreitet. Der Bergmolch ist ein typischer Bewohner von gew\u00e4sserreichen &hellip; <a href=\"https:\/\/woerrlein-naturfoto.de\/wordpress\/molche-salamander-a-z\/bergmolch\/\" class=\"more-link\"><span class=\"screen-reader-text\">Bergmolch<\/span> weiterlesen <span class=\"meta-nav\">&rarr;<\/span><\/a><\/p>\n","protected":false},"author":1,"featured_media":0,"parent":5408,"menu_order":0,"comment_status":"closed","ping_status":"closed","template":"page-templates\/full-width.php","meta":{"footnotes":""},"class_list":["post-5410","page","type-page","status-publish","hentry"],"_links":{"self":[{"href":"https:\/\/woerrlein-naturfoto.de\/wordpress\/wp-json\/wp\/v2\/pages\/5410","targetHints":{"allow":["GET"]}}],"collection":[{"href":"https:\/\/woerrlein-naturfoto.de\/wordpress\/wp-json\/wp\/v2\/pages"}],"about":[{"href":"https:\/\/woerrlein-naturfoto.de\/wordpress\/wp-json\/wp\/v2\/types\/page"}],"author":[{"embeddable":true,"href":"https:\/\/woerrlein-naturfoto.de\/wordpress\/wp-json\/wp\/v2\/users\/1"}],"replies":[{"embeddable":true,"href":"https:\/\/woerrlein-naturfoto.de\/wordpress\/wp-json\/wp\/v2\/comments?post=5410"}],"version-history":[{"count":4,"href":"https:\/\/woerrlein-naturfoto.de\/wordpress\/wp-json\/wp\/v2\/pages\/5410\/revisions"}],"predecessor-version":[{"id":5827,"href":"https:\/\/woerrlein-naturfoto.de\/wordpress\/wp-json\/wp\/v2\/pages\/5410\/revisions\/5827"}],"up":[{"embeddable":true,"href":"https:\/\/woerrlein-naturfoto.de\/wordpress\/wp-json\/wp\/v2\/pages\/5408"}],"wp:attachment":[{"href":"https:\/\/woerrlein-naturfoto.de\/wordpress\/wp-json\/wp\/v2\/media?parent=5410"}],"curies":[{"name":"wp","href":"https:\/\/api.w.org\/{rel}","templated":true}]}}