{"id":5376,"date":"2015-02-03T12:39:51","date_gmt":"2015-02-03T11:39:51","guid":{"rendered":"http:\/\/woerrlein-naturfoto.de\/wordpress\/?page_id=5376"},"modified":"2015-02-11T12:54:34","modified_gmt":"2015-02-11T11:54:34","slug":"laubfrosch","status":"publish","type":"page","link":"https:\/\/woerrlein-naturfoto.de\/wordpress\/froesche-a-z\/laubfrosch\/","title":{"rendered":"Laubfrosch"},"content":{"rendered":"<p><a href=\"http:\/\/woerrlein-naturfoto.de\/wordpress\/hauptseite-sonstige-tiere\/sonstige-tiere\/\"><span style=\"color: #ffff66;\">sonstige Tiere<\/span> <\/a>-&gt;<a title=\"Amphibien I (Fr\u00f6sche)\" href=\"http:\/\/woerrlein-naturfoto.de\/wordpress\/hauptseite-sonstige-tiere\/sonstige-tiere\/amphibien-i-froesche\/\"> <span style=\"color: #ffff66;\">Amphibien I (Fr\u00f6sche)<\/span><\/a><br \/>\n<a href=\"http:\/\/woerrlein-naturfoto.de\/wordpress\/sonstige-tiere-von-a-z\/\">sonstige Tiere von A-Z<\/a><br \/>\nzur Galerie <a title=\"Amphibien I (Fr\u00f6sche)\" href=\"http:\/\/woerrlein-naturfoto.de\/wordpress\/hauptseite-sonstige-tiere\/sonstige-tiere\/amphibien-i-froesche\/\">Fr\u00f6sche<code><\/code><\/a><\/p>\n<p><img loading=\"lazy\" decoding=\"async\" class=\"alignleft wp-image-5286\" src=\"http:\/\/woerrlein-naturfoto.de\/wordpress\/wp-content\/uploads\/2015\/02\/Laubfrosch_MW33384_gross-600x400.jpg\" alt=\"Laubfrosch_MW33384_gross.jpg\" width=\"600\" height=\"400\" \/>Der <b>Europ\u00e4ische Laubfrosch<\/b> (<i>Hyla arborea<\/i>) ist ein Froschlurch, der zur Familie der Laubfr\u00f6sche im weiteren Sinne und zur Gattung der Laubfr\u00f6sche geh\u00f6rt. Er ist der einzige mitteleurop\u00e4ische Vertreter einer nahezu weltweit (allerdings schwerpunktm\u00e4\u00dfig neuweltlich) verbreiteten Tierfamilie, die mit \u00fcber 800 Arten zu den formenreichsten innerhalb der Amphibien z\u00e4hlt. F\u00fcr das Jahr 2008 wurde der Europ\u00e4ische Laubfrosch von der Deutschen Gesellschaft f\u00fcr Herpetologie und Terrarienkunde (DGHT) zum <a title=\"Reptil\/Lurch des Jahres\" href=\"http:\/\/de.wikipedia.org\/wiki\/Reptil\/Lurch_des_Jahres\" target=\"_blank\">Lurch des Jahres<\/a> gew\u00e4hlt.<\/p>\n<p>Zur Galerie <a title=\"Amphibien I (Fr\u00f6sche)\" href=\"http:\/\/woerrlein-naturfoto.de\/wordpress\/hauptseite-sonstige-tiere\/sonstige-tiere\/amphibien-i-froesche\/\">Fr\u00f6sche<code><\/code><\/a><\/p>\n<p>&nbsp;<\/p>\n<p><em>Quelle des Textauszuges und weitere Infos bei <\/em><a href=\"http:\/\/de.wikipedia.org\/wiki\/Europ%C3%A4ischer_Laubfrosch\" target=\"_blank\">Wikipedia<\/a><em> (<\/em><a href=\"http:\/\/www.gnu.org\/licenses\/fdl-1.3.txt\" target=\"_blank\">GNU-Lizenz<\/a><em>)\u2013 mein Dank gilt den <\/em><a href=\"http:\/\/de.wikipedia.org\/w\/index.php?title=Europ%C3%A4ischer_Laubfrosch&amp;action=history\" target=\"_blank\">Autoren<\/a><em>.<\/em><\/p>\n","protected":false},"excerpt":{"rendered":"<p>sonstige Tiere -&gt; Amphibien I (Fr\u00f6sche) sonstige Tiere von A-Z zur Galerie Fr\u00f6sche Der Europ\u00e4ische Laubfrosch (Hyla arborea) ist ein Froschlurch, der zur Familie der Laubfr\u00f6sche im weiteren Sinne und zur Gattung der Laubfr\u00f6sche geh\u00f6rt. Er ist der einzige mitteleurop\u00e4ische Vertreter einer nahezu weltweit (allerdings schwerpunktm\u00e4\u00dfig neuweltlich) verbreiteten Tierfamilie, die mit \u00fcber 800 Arten zu &hellip; <a href=\"https:\/\/woerrlein-naturfoto.de\/wordpress\/froesche-a-z\/laubfrosch\/\" class=\"more-link\"><span class=\"screen-reader-text\">Laubfrosch<\/span> weiterlesen <span class=\"meta-nav\">&rarr;<\/span><\/a><\/p>\n","protected":false},"author":1,"featured_media":0,"parent":5366,"menu_order":0,"comment_status":"closed","ping_status":"closed","template":"page-templates\/full-width.php","meta":{"footnotes":""},"class_list":["post-5376","page","type-page","status-publish","hentry"],"_links":{"self":[{"href":"https:\/\/woerrlein-naturfoto.de\/wordpress\/wp-json\/wp\/v2\/pages\/5376","targetHints":{"allow":["GET"]}}],"collection":[{"href":"https:\/\/woerrlein-naturfoto.de\/wordpress\/wp-json\/wp\/v2\/pages"}],"about":[{"href":"https:\/\/woerrlein-naturfoto.de\/wordpress\/wp-json\/wp\/v2\/types\/page"}],"author":[{"embeddable":true,"href":"https:\/\/woerrlein-naturfoto.de\/wordpress\/wp-json\/wp\/v2\/users\/1"}],"replies":[{"embeddable":true,"href":"https:\/\/woerrlein-naturfoto.de\/wordpress\/wp-json\/wp\/v2\/comments?post=5376"}],"version-history":[{"count":2,"href":"https:\/\/woerrlein-naturfoto.de\/wordpress\/wp-json\/wp\/v2\/pages\/5376\/revisions"}],"predecessor-version":[{"id":5835,"href":"https:\/\/woerrlein-naturfoto.de\/wordpress\/wp-json\/wp\/v2\/pages\/5376\/revisions\/5835"}],"up":[{"embeddable":true,"href":"https:\/\/woerrlein-naturfoto.de\/wordpress\/wp-json\/wp\/v2\/pages\/5366"}],"wp:attachment":[{"href":"https:\/\/woerrlein-naturfoto.de\/wordpress\/wp-json\/wp\/v2\/media?parent=5376"}],"curies":[{"name":"wp","href":"https:\/\/api.w.org\/{rel}","templated":true}]}}