{"id":5368,"date":"2015-02-02T12:41:41","date_gmt":"2015-02-02T11:41:41","guid":{"rendered":"http:\/\/woerrlein-naturfoto.de\/wordpress\/?page_id=5368"},"modified":"2015-02-11T12:54:13","modified_gmt":"2015-02-11T11:54:13","slug":"grasfrosch","status":"publish","type":"page","link":"https:\/\/woerrlein-naturfoto.de\/wordpress\/froesche-a-z\/grasfrosch\/","title":{"rendered":"Grasfrosch"},"content":{"rendered":"<p><a href=\"http:\/\/woerrlein-naturfoto.de\/wordpress\/hauptseite-sonstige-tiere\/sonstige-tiere\/\"><span style=\"color: #ffff66;\">sonstige Tiere<\/span> <\/a>-&gt;<a title=\"Amphibien I (Fr\u00f6sche)\" href=\"http:\/\/woerrlein-naturfoto.de\/wordpress\/hauptseite-sonstige-tiere\/sonstige-tiere\/amphibien-i-froesche\/\"> <span style=\"color: #ffff66;\">Amphibien I (Fr\u00f6sche)<\/span><\/a><br \/>\n<a href=\"http:\/\/woerrlein-naturfoto.de\/wordpress\/sonstige-tiere-von-a-z\/\">sonstige Tiere von A-Z<\/a><br \/>\nzur Galerie <a title=\"Amphibien I (Fr\u00f6sche)\" href=\"http:\/\/woerrlein-naturfoto.de\/wordpress\/hauptseite-sonstige-tiere\/sonstige-tiere\/amphibien-i-froesche\/\">Fr\u00f6sche<code><\/code><\/a><\/p>\n<p><img loading=\"lazy\" decoding=\"async\" class=\"alignleft wp-image-5274\" src=\"http:\/\/woerrlein-naturfoto.de\/wordpress\/wp-content\/uploads\/2015\/02\/Grasfrosch_58821_v-600x400.jpg\" alt=\"Grasfrosch_58821_v.jpg\" width=\"600\" height=\"400\" srcset=\"https:\/\/woerrlein-naturfoto.de\/wordpress\/wp-content\/uploads\/2015\/02\/Grasfrosch_58821_v-600x400.jpg 600w, https:\/\/woerrlein-naturfoto.de\/wordpress\/wp-content\/uploads\/2015\/02\/Grasfrosch_58821_v-120x80.jpg 120w, https:\/\/woerrlein-naturfoto.de\/wordpress\/wp-content\/uploads\/2015\/02\/Grasfrosch_58821_v.jpg 1000w\" sizes=\"auto, (max-width: 600px) 100vw, 600px\" \/>Der <b>Grasfrosch<\/b> (<i>Rana temporaria<\/i>) geh\u00f6rt zur Gattung der Echten Fr\u00f6sche in der Familie der Echten Fr\u00f6sche. Zusammen mit \u00e4hnlich aussehenden und ebenfalls eher terrestrisch lebenden Arten wie dem Springfrosch und dem Moorfrosch wird er au\u00dferdem unter dem Sammelbegriff \u201eBraunfr\u00f6sche\u201c gef\u00fchrt.<br \/>\nIm zeitigen Fr\u00fchjahr \u2013 in Mitteleuropa meist Mitte bis Ende M\u00e4rz \u2013 finden sich die aus der Winterstarre erwachten adulten Tiere im Laichgew\u00e4sser ein, nachdem sie nachts bei frostfreiem Regenwetter dorthin gewandert sind. Die M\u00e4nnchen halten am Ufer und im Flachwasser nach den etwas sp\u00e4ter eintreffenden Weibchen Ausschau. Zus\u00e4tzlich \u00e4u\u00dfern sie Paarungsrufe, die mit zwei inneren Schallblasen erzeugt werden, allerdings relativ leise sind. Der Ruf kann als dumpfes Knurren oder Brummen beschrieben werden.<br \/>\nZu den Laichgew\u00e4ssern geh\u00f6rt ein breites Spektrum stehender oder langsam flie\u00dfender Gew\u00e4sser. Bevorzugt werden jedoch flachere, von der Sonne beschienene Stillgew\u00e4sser wie kleine Teiche und Weiher (auch Gartenteiche), die aber selten austrocknen d\u00fcrfen.<\/p>\n<p>Zur Galerie <a title=\"Amphibien I (Fr\u00f6sche)\" href=\"http:\/\/woerrlein-naturfoto.de\/wordpress\/hauptseite-sonstige-tiere\/sonstige-tiere\/amphibien-i-froesche\/\">Fr\u00f6sche<code><\/code><\/a><\/p>\n<p>&nbsp;<\/p>\n<p><em>Quelle des Textauszuges und weitere Infos bei <\/em><a href=\"http:\/\/de.wikipedia.org\/wiki\/Grasfrosch\" target=\"_blank\">Wikipedia<\/a><em> (<\/em><a href=\"http:\/\/www.gnu.org\/licenses\/fdl-1.3.txt\" target=\"_blank\">GNU-Lizenz<\/a><em>)\u2013 mein Dank gilt den <\/em><a href=\"http:\/\/de.wikipedia.org\/w\/index.php?title=Grasfrosch&amp;action=history\" target=\"_blank\">Autoren<\/a><em>.<\/em><\/p>\n","protected":false},"excerpt":{"rendered":"<p>sonstige Tiere -&gt; Amphibien I (Fr\u00f6sche) sonstige Tiere von A-Z zur Galerie Fr\u00f6sche Der Grasfrosch (Rana temporaria) geh\u00f6rt zur Gattung der Echten Fr\u00f6sche in der Familie der Echten Fr\u00f6sche. Zusammen mit \u00e4hnlich aussehenden und ebenfalls eher terrestrisch lebenden Arten wie dem Springfrosch und dem Moorfrosch wird er au\u00dferdem unter dem Sammelbegriff \u201eBraunfr\u00f6sche\u201c gef\u00fchrt. Im zeitigen &hellip; <a href=\"https:\/\/woerrlein-naturfoto.de\/wordpress\/froesche-a-z\/grasfrosch\/\" class=\"more-link\"><span class=\"screen-reader-text\">Grasfrosch<\/span> weiterlesen <span class=\"meta-nav\">&rarr;<\/span><\/a><\/p>\n","protected":false},"author":1,"featured_media":0,"parent":5366,"menu_order":0,"comment_status":"closed","ping_status":"closed","template":"page-templates\/full-width.php","meta":{"footnotes":""},"class_list":["post-5368","page","type-page","status-publish","hentry"],"_links":{"self":[{"href":"https:\/\/woerrlein-naturfoto.de\/wordpress\/wp-json\/wp\/v2\/pages\/5368","targetHints":{"allow":["GET"]}}],"collection":[{"href":"https:\/\/woerrlein-naturfoto.de\/wordpress\/wp-json\/wp\/v2\/pages"}],"about":[{"href":"https:\/\/woerrlein-naturfoto.de\/wordpress\/wp-json\/wp\/v2\/types\/page"}],"author":[{"embeddable":true,"href":"https:\/\/woerrlein-naturfoto.de\/wordpress\/wp-json\/wp\/v2\/users\/1"}],"replies":[{"embeddable":true,"href":"https:\/\/woerrlein-naturfoto.de\/wordpress\/wp-json\/wp\/v2\/comments?post=5368"}],"version-history":[{"count":5,"href":"https:\/\/woerrlein-naturfoto.de\/wordpress\/wp-json\/wp\/v2\/pages\/5368\/revisions"}],"predecessor-version":[{"id":5834,"href":"https:\/\/woerrlein-naturfoto.de\/wordpress\/wp-json\/wp\/v2\/pages\/5368\/revisions\/5834"}],"up":[{"embeddable":true,"href":"https:\/\/woerrlein-naturfoto.de\/wordpress\/wp-json\/wp\/v2\/pages\/5366"}],"wp:attachment":[{"href":"https:\/\/woerrlein-naturfoto.de\/wordpress\/wp-json\/wp\/v2\/media?parent=5368"}],"curies":[{"name":"wp","href":"https:\/\/api.w.org\/{rel}","templated":true}]}}