{"id":5180,"date":"2015-01-31T15:57:14","date_gmt":"2015-01-31T14:57:14","guid":{"rendered":"http:\/\/woerrlein-naturfoto.de\/wordpress\/?page_id=5180"},"modified":"2022-10-19T14:13:46","modified_gmt":"2022-10-19T12:13:46","slug":"violettlicher-schwindling","status":"publish","type":"page","link":"https:\/\/woerrlein-naturfoto.de\/wordpress\/pilze-a-z\/violettlicher-schwindling\/","title":{"rendered":"Violettlicher Schwindling"},"content":{"rendered":"<p><a href=\"http:\/\/woerrlein-naturfoto.de\/wordpress\/hauptseite-pflanzen\/pflanzen\/\"><span style=\"color: #ffff66;\">Pflanzen<\/span> <\/a>-&gt;<a href=\"http:\/\/woerrlein-naturfoto.de\/wordpress\/hauptseite-pflanzen\/pflanzen\/pilze-2\/\"> <span style=\"color: #ffff66;\">Pilze<\/span><\/a><br \/>\n<a href=\"http:\/\/woerrlein-naturfoto.de\/wordpress\/pflanzen-von-a-z\/\">Pflanzen von A-Z<\/a><br \/>\nzur Galerie <a href=\"https:\/\/woerrlein-naturfoto.de\/wordpress\/hauptseite-pflanzen\/pflanzen\/pilze-2\/pilze-iii-s-bis-z\/\">Pilze III<\/a><\/p>\n<p><img loading=\"lazy\" decoding=\"async\" class=\"alignleft wp-image-4776\" src=\"http:\/\/woerrlein-naturfoto.de\/wordpress\/wp-content\/uploads\/ViolettlicherSchwindling_D140906_8828_v-600x400.jpg\" alt=\"ViolettlicherSchwindling_D140906_8828_v.jpg\" width=\"600\" height=\"400\" srcset=\"https:\/\/woerrlein-naturfoto.de\/wordpress\/wp-content\/uploads\/ViolettlicherSchwindling_D140906_8828_v-600x400.jpg 600w, https:\/\/woerrlein-naturfoto.de\/wordpress\/wp-content\/uploads\/ViolettlicherSchwindling_D140906_8828_v-120x80.jpg 120w, https:\/\/woerrlein-naturfoto.de\/wordpress\/wp-content\/uploads\/ViolettlicherSchwindling_D140906_8828_v.jpg 1000w\" sizes=\"auto, (max-width: 600px) 100vw, 600px\" \/>Der ungenie\u00dfbare <b>Violettliche Schwindling<\/b> (<i>Marasmius wynneae<\/i>, syn. <i>Marasmius wynnei<\/i>) ist eine Pilzart aus der Familie der Schwindlingsverwandten. Der Hut ist 2\u20134 (7)\u00a0cm breit, jung halbkugelig, bald flach gew\u00f6lbt oder stumpf gebuckelt und h\u00e4ufig etwas verbogen. Die matt bereifte und oft auch runzelige Oberfl\u00e4che ist kahl, <a class=\"mw-redirect\" title=\"Hygrophan\" href=\"http:\/\/de.wikipedia.org\/wiki\/Hygrophan\" target=\"_blank\" rel=\"noopener noreferrer\">hygrophan<\/a> und bei Feuchtigkeit fast bis zur Mitte gerieft. Die Hutfarbe ist sehr ver\u00e4nderlich, hat aber meist eine leicht violette T\u00f6nung. Ansonsten kann der Hut fast wei\u00dflich bis blass br\u00e4unlich (horngrau, violettgrau, graubr\u00e4unlich) gef\u00e4rbt sein. Beim Trocknen blassen die Farben stark aus. Der Rand ist blasser und wellig verbogen. Der Violettliche Schwindling geh\u00f6rt zu einer Gruppe von Pilzen, die in Spuren Blaus\u00e4uregase ausscheiden. F\u00fcr den Menschen ist die abgegebene Menge v\u00f6llig ungef\u00e4hrlich, aber besonders Schnecken reagieren recht empfindlich darauf. Versuche haben gezeigt, dass Schnecken die zusammen mit diesen Pilzen in eine geschlossene gr\u00f6\u00dfere Schachtel gesperrt worden waren, nach wenigen Stunden sterben.<sup id=\"cite_ref-Gerhardt1984_2-3\" class=\"reference\"><\/sup><\/p>\n<p><strong>Vorkommen:<\/strong>\u00a0\u00a0\u00a0\u00a0\u00a0\u00a0\u00a0 Juni bis November<\/p>\n<p>zur Galerie <a href=\"https:\/\/woerrlein-naturfoto.de\/wordpress\/hauptseite-pflanzen\/pflanzen\/pilze-2\/pilze-iii-s-bis-z\/\">Pilze III<\/a><\/p>\n<p>&nbsp;<\/p>\n<p><em>Quelle des Textauszuges und weitere Infos bei <\/em><a href=\"http:\/\/de.wikipedia.org\/wiki\/Violettlicher_Schwindling\" target=\"_blank\" rel=\"noopener noreferrer\">Wikipedia<\/a><em> (<\/em><a href=\"http:\/\/www.gnu.org\/licenses\/fdl-1.3.txt\" target=\"_blank\" rel=\"noopener noreferrer\">GNU-Lizenz<\/a><em>)\u2013 mein Dank gilt den <\/em><a href=\"http:\/\/de.wikipedia.org\/w\/index.php?title=Violettlicher_Schwindling&amp;action=history\" target=\"_blank\" rel=\"noopener noreferrer\">Autoren<\/a><em>.<\/em><\/p>\n","protected":false},"excerpt":{"rendered":"<p>Pflanzen -&gt; Pilze Pflanzen von A-Z zur Galerie Pilze III Der ungenie\u00dfbare Violettliche Schwindling (Marasmius wynneae, syn. Marasmius wynnei) ist eine Pilzart aus der Familie der Schwindlingsverwandten. Der Hut ist 2\u20134 (7)\u00a0cm breit, jung halbkugelig, bald flach gew\u00f6lbt oder stumpf gebuckelt und h\u00e4ufig etwas verbogen. Die matt bereifte und oft auch runzelige Oberfl\u00e4che ist kahl, &hellip; <a href=\"https:\/\/woerrlein-naturfoto.de\/wordpress\/pilze-a-z\/violettlicher-schwindling\/\" class=\"more-link\"><span class=\"screen-reader-text\">Violettlicher Schwindling<\/span> weiterlesen <span class=\"meta-nav\">&rarr;<\/span><\/a><\/p>\n","protected":false},"author":1,"featured_media":0,"parent":5118,"menu_order":0,"comment_status":"closed","ping_status":"closed","template":"page-templates\/full-width.php","meta":{"footnotes":""},"class_list":["post-5180","page","type-page","status-publish","hentry"],"_links":{"self":[{"href":"https:\/\/woerrlein-naturfoto.de\/wordpress\/wp-json\/wp\/v2\/pages\/5180","targetHints":{"allow":["GET"]}}],"collection":[{"href":"https:\/\/woerrlein-naturfoto.de\/wordpress\/wp-json\/wp\/v2\/pages"}],"about":[{"href":"https:\/\/woerrlein-naturfoto.de\/wordpress\/wp-json\/wp\/v2\/types\/page"}],"author":[{"embeddable":true,"href":"https:\/\/woerrlein-naturfoto.de\/wordpress\/wp-json\/wp\/v2\/users\/1"}],"replies":[{"embeddable":true,"href":"https:\/\/woerrlein-naturfoto.de\/wordpress\/wp-json\/wp\/v2\/comments?post=5180"}],"version-history":[{"count":5,"href":"https:\/\/woerrlein-naturfoto.de\/wordpress\/wp-json\/wp\/v2\/pages\/5180\/revisions"}],"predecessor-version":[{"id":15569,"href":"https:\/\/woerrlein-naturfoto.de\/wordpress\/wp-json\/wp\/v2\/pages\/5180\/revisions\/15569"}],"up":[{"embeddable":true,"href":"https:\/\/woerrlein-naturfoto.de\/wordpress\/wp-json\/wp\/v2\/pages\/5118"}],"wp:attachment":[{"href":"https:\/\/woerrlein-naturfoto.de\/wordpress\/wp-json\/wp\/v2\/media?parent=5180"}],"curies":[{"name":"wp","href":"https:\/\/api.w.org\/{rel}","templated":true}]}}