{"id":5131,"date":"2015-01-31T11:06:52","date_gmt":"2015-01-31T10:06:52","guid":{"rendered":"http:\/\/woerrlein-naturfoto.de\/wordpress\/?page_id=5131"},"modified":"2024-11-15T14:20:08","modified_gmt":"2024-11-15T13:20:08","slug":"kratzender-kammtaeubling","status":"publish","type":"page","link":"https:\/\/woerrlein-naturfoto.de\/wordpress\/pilze-a-z\/kratzender-kammtaeubling\/","title":{"rendered":"Kratzender Kammt\u00e4ubling"},"content":{"rendered":"<p><a href=\"http:\/\/woerrlein-naturfoto.de\/wordpress\/hauptseite-pflanzen\/pflanzen\/\"><span style=\"color: #ffff66;\">KraPflanzen<\/span> <\/a>-&gt;<a href=\"http:\/\/woerrlein-naturfoto.de\/wordpress\/hauptseite-pflanzen\/pflanzen\/pilze-2\/\"> <span style=\"color: #ffff66;\">Pilze<\/span><\/a><br \/>\n<a href=\"http:\/\/woerrlein-naturfoto.de\/wordpress\/pflanzen-von-a-z\/\">Pflanzen von A-Z<\/a><br \/>\nzur Galerie <a href=\"https:\/\/woerrlein-naturfoto.de\/wordpress\/hauptseite-pflanzen\/pflanzen\/pilze-2\/pilze-ii-h-bis-r\/\">Pilze II<\/a><\/p>\n<p><img loading=\"lazy\" decoding=\"async\" class=\"alignleft wp-image-4750\" src=\"http:\/\/woerrlein-naturfoto.de\/wordpress\/wp-content\/uploads\/GeradrandigerRoetling_D141019_9101_v-400x600.jpg\" alt=\"GeradrandigerRoetling_D141019_9101_v.jpg\" width=\"267\" height=\"400\" srcset=\"https:\/\/woerrlein-naturfoto.de\/wordpress\/wp-content\/uploads\/GeradrandigerRoetling_D141019_9101_v-400x600.jpg 400w, https:\/\/woerrlein-naturfoto.de\/wordpress\/wp-content\/uploads\/GeradrandigerRoetling_D141019_9101_v.jpg 567w\" sizes=\"auto, (max-width: 267px) 100vw, 267px\" \/>Der <b>Kratzende Kamm-T\u00e4ubling<\/b> (<i>Russula recondita<\/i>) ist ein Pilz aus der Familie der T\u00e4ublingsverwandten. Es ist ein kleinerer bis mittelgro\u00dfer T\u00e4ubling, mit einem mehr graubraunem und am Rand kammartig gerieftem Hut, wei\u00dflichen bis cremefarbenen Lamellen und einem cremefarbenen Sporenpulver. Das Fleisch des ungenie\u00dfbaren T\u00e4ublings schmeckt mild, aber unangenehm und kratzt ein wenig im Hals. Der T\u00e4ubling riecht unangenehm nach Gummi oder Kartoffelbovist. Man findet den weit verbreiteten, aber nicht h\u00e4ufigen Mykorrhizapilz von Sommer bis Herbst in lichten, grasreichen Laub- und Nadelw\u00e4ldern auf mehr oder weniger sandigen und nicht zu kalkreichen B\u00f6den.<\/p>\n<p><strong>Vorkommen:<\/strong> \u00a0\u00a0\u00a0\u00a0\u00a0\u00a0 Juni bis September (Oktober)<\/p>\n<p>zur Galerie <a href=\"https:\/\/woerrlein-naturfoto.de\/wordpress\/hauptseite-pflanzen\/pflanzen\/pilze-2\/pilze-i-a-bis-g\/\">Pilze II<\/a><\/p>\n<p>&nbsp;<\/p>\n<p><em>Quelle des Textauszuges und weitere Infos bei <\/em><a href=\"https:\/\/de.wikipedia.org\/wiki\/Kratzender_Kamm-T%C3%A4ubling\" target=\"_blank\" rel=\"noopener noreferrer\">Wikipedia<\/a><em> (<\/em><a href=\"http:\/\/www.gnu.org\/licenses\/fdl-1.3.txt\" target=\"_blank\" rel=\"noopener noreferrer\">GNU-Lizenz<\/a><em>)\u2013 mein Dank gilt den <\/em><a href=\"https:\/\/de.wikipedia.org\/w\/index.php?title=Kratzender_Kamm-T%C3%A4ubling&amp;action=history\" target=\"_blank\" rel=\"noopener noreferrer\">Autoren<\/a><em>.<\/em><\/p>\n","protected":false},"excerpt":{"rendered":"<p>KraPflanzen -&gt; Pilze Pflanzen von A-Z zur Galerie Pilze II Der Kratzende Kamm-T\u00e4ubling (Russula recondita) ist ein Pilz aus der Familie der T\u00e4ublingsverwandten. Es ist ein kleinerer bis mittelgro\u00dfer T\u00e4ubling, mit einem mehr graubraunem und am Rand kammartig gerieftem Hut, wei\u00dflichen bis cremefarbenen Lamellen und einem cremefarbenen Sporenpulver. Das Fleisch des ungenie\u00dfbaren T\u00e4ublings schmeckt mild, &hellip; <a href=\"https:\/\/woerrlein-naturfoto.de\/wordpress\/pilze-a-z\/kratzender-kammtaeubling\/\" class=\"more-link\"><span class=\"screen-reader-text\">Kratzender Kammt\u00e4ubling<\/span> weiterlesen <span class=\"meta-nav\">&rarr;<\/span><\/a><\/p>\n","protected":false},"author":1,"featured_media":0,"parent":5118,"menu_order":0,"comment_status":"closed","ping_status":"closed","template":"page-templates\/full-width.php","meta":{"footnotes":""},"class_list":["post-5131","page","type-page","status-publish","hentry"],"_links":{"self":[{"href":"https:\/\/woerrlein-naturfoto.de\/wordpress\/wp-json\/wp\/v2\/pages\/5131","targetHints":{"allow":["GET"]}}],"collection":[{"href":"https:\/\/woerrlein-naturfoto.de\/wordpress\/wp-json\/wp\/v2\/pages"}],"about":[{"href":"https:\/\/woerrlein-naturfoto.de\/wordpress\/wp-json\/wp\/v2\/types\/page"}],"author":[{"embeddable":true,"href":"https:\/\/woerrlein-naturfoto.de\/wordpress\/wp-json\/wp\/v2\/users\/1"}],"replies":[{"embeddable":true,"href":"https:\/\/woerrlein-naturfoto.de\/wordpress\/wp-json\/wp\/v2\/comments?post=5131"}],"version-history":[{"count":10,"href":"https:\/\/woerrlein-naturfoto.de\/wordpress\/wp-json\/wp\/v2\/pages\/5131\/revisions"}],"predecessor-version":[{"id":19217,"href":"https:\/\/woerrlein-naturfoto.de\/wordpress\/wp-json\/wp\/v2\/pages\/5131\/revisions\/19217"}],"up":[{"embeddable":true,"href":"https:\/\/woerrlein-naturfoto.de\/wordpress\/wp-json\/wp\/v2\/pages\/5118"}],"wp:attachment":[{"href":"https:\/\/woerrlein-naturfoto.de\/wordpress\/wp-json\/wp\/v2\/media?parent=5131"}],"curies":[{"name":"wp","href":"https:\/\/api.w.org\/{rel}","templated":true}]}}