{"id":4874,"date":"2015-01-25T19:06:12","date_gmt":"2015-01-25T17:06:12","guid":{"rendered":"http:\/\/woerrlein-naturfoto.de\/wordpress\/?page_id=4874"},"modified":"2015-02-10T12:39:49","modified_gmt":"2015-02-10T11:39:49","slug":"maerzenbecher","status":"publish","type":"page","link":"https:\/\/woerrlein-naturfoto.de\/wordpress\/blueten-ii-a-z\/maerzenbecher\/","title":{"rendered":"M\u00e4rzenbecher"},"content":{"rendered":"<p><a href=\"http:\/\/woerrlein-naturfoto.de\/wordpress\/hauptseite-pflanzen\/pflanzen\/\"><span style=\"color: #ffff66;\">Pflanzen<\/span> <\/a>-&gt;<a href=\"http:\/\/woerrlein-naturfoto.de\/wordpress\/hauptseite-pflanzen\/pflanzen\/blueten-ii-sonstige-blueten\/\"> <span style=\"color: #ffff66;\">Bl\u00fcten II (sonstige Bl\u00fcten)<\/span><\/a><br \/>\n<a href=\"http:\/\/woerrlein-naturfoto.de\/wordpress\/pflanzen-von-a-z\/\">Pflanzen von A-Z<\/a><br \/>\nZur Galerie <a href=\"http:\/\/woerrlein-naturfoto.de\/wordpress\/hauptseite-pflanzen\/pflanzen\/blueten-ii-sonstige-blueten\/\">sonstige Bl\u00fcten<code><\/code><\/a><\/p>\n<p><img loading=\"lazy\" decoding=\"async\" class=\"alignleft wp-image-4716\" src=\"http:\/\/woerrlein-naturfoto.de\/wordpress\/wp-content\/uploads\/Maerzenbecher_70270_v-400x600.jpg\" alt=\"\" width=\"267\" height=\"400\" srcset=\"https:\/\/woerrlein-naturfoto.de\/wordpress\/wp-content\/uploads\/Maerzenbecher_70270_v-400x600.jpg 400w, https:\/\/woerrlein-naturfoto.de\/wordpress\/wp-content\/uploads\/Maerzenbecher_70270_v.jpg 567w\" sizes=\"auto, (max-width: 267px) 100vw, 267px\" \/>Die <b>Fr\u00fchlings-Knotenblume<\/b> (<i>Leucojum vernum<\/i>), auch <b>M\u00e4rzenbecher<\/b>, <b>M\u00e4rzbecher<\/b>, <b>M\u00e4rzgl\u00f6ckchen<\/b> oder <b>Gro\u00dfes Schneegl\u00f6ckchen<\/b> genannt, ist eine Pflanzenart aus der Familie der Amaryllisgew\u00e4chse. Es ist eine der beiden noch in der Gattung <i>Leucojum<\/i> verbliebenen Arten; die zweite Art ist die leicht zu unterscheidende Sommer-Knotenblume (<i>Leucojum aestivum<\/i>).<br \/>\nDie Fr\u00fchlings-Knotenblume ist eine ausdauernde krautige Pflanze, die Wuchsh\u00f6hen von 10 bis 30\u00a0cm erreicht. Sie bildet unterirdische Zwiebeln als \u00dcberdauerungsorgane aus und z\u00e4hlt daher zu den Zwiebel-Geophyten. Die etwa 2 cm dicken Zwiebeln werden vom scheidenf\u00f6rmigen Blattgrund gebildet und liegen circa 30 cm tief im Erdreich. Bereits im Fr\u00fchsommer werden die Laubbl\u00e4tter wieder eingezogen \u2013 die Fr\u00fchlings-Knotenblume geh\u00f6rt folglich zu den vorsommergr\u00fcnen Pflanzen. Meist drei bis f\u00fcnf breit-linealische, dunkelgr\u00fcne Laubbl\u00e4tter stehen an der Basis der Pflanze. Sie sind bis zu 20\u00a0cm lang und werden etwa 1\u00a0cm breit. Ein charakteristisches Merkmal dieser Pflanzenart ist die 3,5\u00a0cm lange einbl\u00e4ttrig-wirkende und h\u00e4utige \u201eBlattscheide\u201c. Diese besteht aus zwei miteinander verwachsenen Hochbl\u00e4ttern und \u00fcberragt den ansonsten blattlosen St\u00e4ngel.<\/p>\n<p><strong>Bl\u00fctezeit:<\/strong>\u00a0\u00a0\u00a0\u00a0 M\u00e4rz bis April<\/p>\n<p>Zur Galerie <a title=\"Eulen\" href=\"http:\/\/woerrlein-naturfoto.de\/wordpress\/hauptseite-pflanzen\/pflanzen\/blueten-ii-sonstige-blueten\/\">sonstige Bl\u00fcten<\/a><\/p>\n<p>&nbsp;<\/p>\n<p><em>Quelle des Textauszuges und weitere Infos bei <\/em><a href=\"http:\/\/de.wikipedia.org\/wiki\/Fr%C3%BChlings-Knotenblume\" target=\"_blank\">Wikipedia<\/a><em> (<\/em><a href=\"http:\/\/www.gnu.org\/licenses\/fdl-1.3.txt\" target=\"_blank\">GNU-Lizenz<\/a><em>)\u2013 mein Dank gilt den <\/em><a href=\"http:\/\/de.wikipedia.org\/w\/index.php?title=Fr%C3%BChlings-Knotenblume&amp;action=history\" target=\"_blank\">Autoren<\/a><em>.<\/em><\/p>\n","protected":false},"excerpt":{"rendered":"<p>Pflanzen -&gt; Bl\u00fcten II (sonstige Bl\u00fcten) Pflanzen von A-Z Zur Galerie sonstige Bl\u00fcten Die Fr\u00fchlings-Knotenblume (Leucojum vernum), auch M\u00e4rzenbecher, M\u00e4rzbecher, M\u00e4rzgl\u00f6ckchen oder Gro\u00dfes Schneegl\u00f6ckchen genannt, ist eine Pflanzenart aus der Familie der Amaryllisgew\u00e4chse. Es ist eine der beiden noch in der Gattung Leucojum verbliebenen Arten; die zweite Art ist die leicht zu unterscheidende Sommer-Knotenblume (Leucojum &hellip; <a href=\"https:\/\/woerrlein-naturfoto.de\/wordpress\/blueten-ii-a-z\/maerzenbecher\/\" class=\"more-link\"><span class=\"screen-reader-text\">M\u00e4rzenbecher<\/span> weiterlesen <span class=\"meta-nav\">&rarr;<\/span><\/a><\/p>\n","protected":false},"author":1,"featured_media":0,"parent":4851,"menu_order":0,"comment_status":"closed","ping_status":"closed","template":"page-templates\/full-width.php","meta":{"footnotes":""},"class_list":["post-4874","page","type-page","status-publish","hentry"],"_links":{"self":[{"href":"https:\/\/woerrlein-naturfoto.de\/wordpress\/wp-json\/wp\/v2\/pages\/4874","targetHints":{"allow":["GET"]}}],"collection":[{"href":"https:\/\/woerrlein-naturfoto.de\/wordpress\/wp-json\/wp\/v2\/pages"}],"about":[{"href":"https:\/\/woerrlein-naturfoto.de\/wordpress\/wp-json\/wp\/v2\/types\/page"}],"author":[{"embeddable":true,"href":"https:\/\/woerrlein-naturfoto.de\/wordpress\/wp-json\/wp\/v2\/users\/1"}],"replies":[{"embeddable":true,"href":"https:\/\/woerrlein-naturfoto.de\/wordpress\/wp-json\/wp\/v2\/comments?post=4874"}],"version-history":[{"count":3,"href":"https:\/\/woerrlein-naturfoto.de\/wordpress\/wp-json\/wp\/v2\/pages\/4874\/revisions"}],"predecessor-version":[{"id":5788,"href":"https:\/\/woerrlein-naturfoto.de\/wordpress\/wp-json\/wp\/v2\/pages\/4874\/revisions\/5788"}],"up":[{"embeddable":true,"href":"https:\/\/woerrlein-naturfoto.de\/wordpress\/wp-json\/wp\/v2\/pages\/4851"}],"wp:attachment":[{"href":"https:\/\/woerrlein-naturfoto.de\/wordpress\/wp-json\/wp\/v2\/media?parent=4874"}],"curies":[{"name":"wp","href":"https:\/\/api.w.org\/{rel}","templated":true}]}}