{"id":4868,"date":"2015-01-25T18:42:30","date_gmt":"2015-01-25T16:42:30","guid":{"rendered":"http:\/\/woerrlein-naturfoto.de\/wordpress\/?page_id=4868"},"modified":"2017-05-06T19:06:09","modified_gmt":"2017-05-06T17:06:09","slug":"gaensebluemchen","status":"publish","type":"page","link":"https:\/\/woerrlein-naturfoto.de\/wordpress\/blueten-ii-a-z\/gaensebluemchen\/","title":{"rendered":"G\u00e4nsebl\u00fcmchen"},"content":{"rendered":"<p><a href=\"http:\/\/woerrlein-naturfoto.de\/wordpress\/hauptseite-pflanzen\/pflanzen\/\"><span style=\"color: #ffff66;\">Pflanzen<\/span> <\/a>-&gt;<a href=\"http:\/\/woerrlein-naturfoto.de\/wordpress\/hauptseite-pflanzen\/pflanzen\/blueten-ii-sonstige-blueten\/\"> <span style=\"color: #ffff66;\">Bl\u00fcten II (sonstige Bl\u00fcten)<\/span><\/a><br \/>\n<a href=\"http:\/\/woerrlein-naturfoto.de\/wordpress\/pflanzen-von-a-z\/\">Pflanzen von A-Z<\/a><br \/>\nZur Galerie <a href=\"http:\/\/woerrlein-naturfoto.de\/wordpress\/hauptseite-pflanzen\/pflanzen\/blueten-ii-sonstige-blueten\/\">sonstige Bl\u00fcten<code><\/code><\/a><\/p>\n<p><img loading=\"lazy\" decoding=\"async\" class=\"alignleft wp-image-4691\" src=\"http:\/\/woerrlein-naturfoto.de\/wordpress\/wp-content\/uploads\/Gaensebluemchen_53242_v-600x400.jpg\" alt=\"Gaensebluemchen_53242_v.jpg\" width=\"600\" height=\"400\" srcset=\"https:\/\/woerrlein-naturfoto.de\/wordpress\/wp-content\/uploads\/Gaensebluemchen_53242_v-600x400.jpg 600w, https:\/\/woerrlein-naturfoto.de\/wordpress\/wp-content\/uploads\/Gaensebluemchen_53242_v-120x80.jpg 120w, https:\/\/woerrlein-naturfoto.de\/wordpress\/wp-content\/uploads\/Gaensebluemchen_53242_v.jpg 1000w\" sizes=\"auto, (max-width: 600px) 100vw, 600px\" \/>Das <b>G\u00e4nsebl\u00fcmchen<\/b> (<i>Bellis perennis<\/i>), auch \u201eMehrj\u00e4hriges G\u00e4nsebl\u00fcmchen\u201c, <b>Ma\u00dfliebchen<\/b>, <b>Tausendsch\u00f6n<\/b>, <b>Monatsr\u00f6serl<\/b> oder schweizerisch <i>Margritli<\/i> (\u201eKleine Margerite\u201c) genannt, ist eine Pflanzenart aus der Familie der Korbbl\u00fctler. Da es auf fast jeder Rasenfl\u00e4che w\u00e4chst, z\u00e4hlt es zu den bekanntesten Pflanzenarten Mitteleuropas.<br \/>\nDas G\u00e4nsebl\u00fcmchen ist eine ausdauernde, krautige Pflanze, die Wuchsh\u00f6hen von meist 4 bis 15 (2 bis 20) Zentimetern erreicht. Am kurzen, aufrechten Rhizom befinden sich faserige Wurzeln.<br \/>\nWas f\u00fcr einen Laien wie eine einzige Bl\u00fcte aussieht, ist tats\u00e4chlich eine Scheinbl\u00fcte. Es handelt sich hierbei um einen k\u00f6rbchenf\u00f6rmigen Bl\u00fctenstand, bestehend aus mehr als hundert Einzelbl\u00fcten.<\/p>\n<p><strong>Bl\u00fctezeit:<\/strong>\u00a0\u00a0\u00a0\u00a0 M\u00e4rz bis November<\/p>\n<p>Zur Galerie <a title=\"Eulen\" href=\"http:\/\/woerrlein-naturfoto.de\/wordpress\/hauptseite-pflanzen\/pflanzen\/blueten-ii-sonstige-blueten\/\">sonstige Bl\u00fcten<\/a><\/p>\n<p>&nbsp;<\/p>\n<p><em>Quelle des Textauszuges und weitere Infos bei <\/em><a href=\"https:\/\/de.wikipedia.org\/wiki\/G%C3%A4nsebl%C3%BCmchen\" target=\"_blank\" rel=\"noopener noreferrer\">Wikipedia<\/a><em> (<\/em><a href=\"http:\/\/www.gnu.org\/licenses\/fdl-1.3.txt\" target=\"_blank\" rel=\"noopener noreferrer\">GNU-Lizenz<\/a><em>)\u2013 mein Dank gilt den <\/em><a href=\"https:\/\/de.wikipedia.org\/w\/index.php?title=G%C3%A4nsebl%C3%BCmchen&amp;action=history\" target=\"_blank\" rel=\"noopener noreferrer\">Autoren<\/a><em>.<\/em><\/p>\n","protected":false},"excerpt":{"rendered":"<p>Pflanzen -&gt; Bl\u00fcten II (sonstige Bl\u00fcten) Pflanzen von A-Z Zur Galerie sonstige Bl\u00fcten Das G\u00e4nsebl\u00fcmchen (Bellis perennis), auch \u201eMehrj\u00e4hriges G\u00e4nsebl\u00fcmchen\u201c, Ma\u00dfliebchen, Tausendsch\u00f6n, Monatsr\u00f6serl oder schweizerisch Margritli (\u201eKleine Margerite\u201c) genannt, ist eine Pflanzenart aus der Familie der Korbbl\u00fctler. Da es auf fast jeder Rasenfl\u00e4che w\u00e4chst, z\u00e4hlt es zu den bekanntesten Pflanzenarten Mitteleuropas. Das G\u00e4nsebl\u00fcmchen ist eine &hellip; <a href=\"https:\/\/woerrlein-naturfoto.de\/wordpress\/blueten-ii-a-z\/gaensebluemchen\/\" class=\"more-link\"><span class=\"screen-reader-text\">G\u00e4nsebl\u00fcmchen<\/span> weiterlesen <span class=\"meta-nav\">&rarr;<\/span><\/a><\/p>\n","protected":false},"author":1,"featured_media":0,"parent":4851,"menu_order":0,"comment_status":"closed","ping_status":"closed","template":"page-templates\/full-width.php","meta":{"footnotes":""},"class_list":["post-4868","page","type-page","status-publish","hentry"],"_links":{"self":[{"href":"https:\/\/woerrlein-naturfoto.de\/wordpress\/wp-json\/wp\/v2\/pages\/4868","targetHints":{"allow":["GET"]}}],"collection":[{"href":"https:\/\/woerrlein-naturfoto.de\/wordpress\/wp-json\/wp\/v2\/pages"}],"about":[{"href":"https:\/\/woerrlein-naturfoto.de\/wordpress\/wp-json\/wp\/v2\/types\/page"}],"author":[{"embeddable":true,"href":"https:\/\/woerrlein-naturfoto.de\/wordpress\/wp-json\/wp\/v2\/users\/1"}],"replies":[{"embeddable":true,"href":"https:\/\/woerrlein-naturfoto.de\/wordpress\/wp-json\/wp\/v2\/comments?post=4868"}],"version-history":[{"count":6,"href":"https:\/\/woerrlein-naturfoto.de\/wordpress\/wp-json\/wp\/v2\/pages\/4868\/revisions"}],"predecessor-version":[{"id":8925,"href":"https:\/\/woerrlein-naturfoto.de\/wordpress\/wp-json\/wp\/v2\/pages\/4868\/revisions\/8925"}],"up":[{"embeddable":true,"href":"https:\/\/woerrlein-naturfoto.de\/wordpress\/wp-json\/wp\/v2\/pages\/4851"}],"wp:attachment":[{"href":"https:\/\/woerrlein-naturfoto.de\/wordpress\/wp-json\/wp\/v2\/media?parent=4868"}],"curies":[{"name":"wp","href":"https:\/\/api.w.org\/{rel}","templated":true}]}}