{"id":4802,"date":"2015-01-25T14:08:38","date_gmt":"2015-01-25T12:08:38","guid":{"rendered":"http:\/\/woerrlein-naturfoto.de\/wordpress\/?page_id=4802"},"modified":"2021-12-19T13:40:00","modified_gmt":"2021-12-19T12:40:00","slug":"fliegenragwurz","status":"publish","type":"page","link":"https:\/\/woerrlein-naturfoto.de\/wordpress\/ragwurzen-a-z\/fliegenragwurz\/","title":{"rendered":"Fliegenragwurz"},"content":{"rendered":"<p><span style=\"color: #ffff66;\"><a style=\"color: #ffff66;\" href=\"http:\/\/woerrlein-naturfoto.de\/wordpress\/hauptseite-pflanzen\/pflanzen\/\"><span style=\"color: #ffff00;\">Pflanzen<\/span><\/a> <\/span>-&gt;<span style=\"color: #ffff66;\"><a style=\"color: #ffff66;\" href=\"http:\/\/woerrlein-naturfoto.de\/wordpress\/hauptseite-pflanzen\/pflanzen\/blueten-i-orchideen-2\/\"><span style=\"color: #ffff00;\">Orchideen <\/span><\/a><\/span>-&gt;<span style=\"color: #ffff00;\"> <a style=\"color: #ffff00;\" href=\"https:\/\/woerrlein-naturfoto.de\/wordpress\/hauptseite-pflanzen\/pflanzen\/blueten-i-orchideen-2\/ragwurzen-ophris\/\">Ragwurzen (Ophrys)<\/a><\/span><br \/>\n<a href=\"http:\/\/woerrlein-naturfoto.de\/wordpress\/pflanzen-von-a-z\/\">Pflanzen von A-Z<\/a><br \/>\nZur Galerie <a href=\"https:\/\/woerrlein-naturfoto.de\/wordpress\/hauptseite-pflanzen\/pflanzen\/blueten-i-orchideen-2\/ragwurzen-ophris\/\">Ragwurzen<\/a><code><br \/>\n<\/code><\/p>\n<p><img loading=\"lazy\" decoding=\"async\" class=\"alignleft wp-image-4636\" src=\"http:\/\/woerrlein-naturfoto.de\/wordpress\/wp-content\/uploads\/Fliegenragwurtz_66155_v-400x600.jpg\" alt=\"Fliegenragwurtz_66155_v.jpg\" width=\"267\" height=\"400\" srcset=\"https:\/\/woerrlein-naturfoto.de\/wordpress\/wp-content\/uploads\/Fliegenragwurtz_66155_v-400x600.jpg 400w, https:\/\/woerrlein-naturfoto.de\/wordpress\/wp-content\/uploads\/Fliegenragwurtz_66155_v.jpg 567w\" sizes=\"auto, (max-width: 267px) 100vw, 267px\" \/>Die <b>Fliegen-Ragwurz<\/b> (<i>Ophrys insectifera<\/i>) ist eine Pflanzenart aus der Gattung der Ragwurzen innerhalb der Familie der Orchideengew\u00e4chse. Um auf die besondere Gef\u00e4hrdung dieser Art aufmerksam zu machen, wurde die Fliegen-Ragwurz vom Arbeitskreis Heimische Orchideen zur <a href=\"http:\/\/de.wikipedia.org\/wiki\/Orchidee_des_Jahres\" target=\"_blank\" rel=\"noopener noreferrer\">Orchidee des Jahres<\/a> 2003 gew\u00e4hlt.<br \/>\nDie Fliegen-Ragwurz w\u00e4chst als zierliche, ausdauernde krautige Pflanze und erreicht Wuchsh\u00f6hen von 15 bis 40 Zentimetern. Die zwei bis f\u00fcnf Laubbl\u00e4tter sind in einer grundst\u00e4ndigen Rosette angeordnet, nicht wie bei den anderen heimischen Ragwurzen am Boden anliegend, sondern steil aufrecht. Zwei bis zw\u00f6lf, selten auch mehr Bl\u00fcten stehen locker angeordnet in einem langen, \u00e4hrigen Bl\u00fctenstand zusammen. Die Kelchbl\u00e4tter sind gr\u00fcn, 5 bis 9 Millimeter lang und 3 bis 4 Millimeter breit. Die Kronbl\u00e4tter sind fadenf\u00f6rmig, behaart und 6 bis 10 Millimeter lang. Die dreilappige Lippe ist 10 bis 12 Millimeter lang, leicht behaart und der Mittellappen ist gespalten. Die Farbe meist braun mit leichter Tendenz zum r\u00f6tlichen. Das Mal steht direkt in der Mitte der Lippe, grau-blau bis metallisch-blau gef\u00e4rbt.<br \/>\nDie Fliegen-Ragwurz gedeiht am besten auf kalkhaltigen, lockeren, lehmigen oder tonigen B\u00f6den mit guter Humusbeimischung, auf Magerrasen, Trockenrasen, Halbtrockenrasen, in lichten Kiefernw\u00e4lder, selten auch Kalkflachmoore oder humusdurchsetzte Schotterb\u00e4nke von Gebirgsfl\u00fcssen.\u00a0 Die Fliegen-Ragwurz ist in Mitteleuropa selten, sie kommt aber an ihren Standorten zuweilen in kleinen, lockeren und nicht allzu individuenreichen Best\u00e4nden vor.<\/p>\n<p><strong>Bl\u00fctezeit:<\/strong>\u00a0\u00a0\u00a0\u00a0 Anfang Mai bis Juli<\/p>\n<p>Zur Galerie <a href=\"https:\/\/woerrlein-naturfoto.de\/wordpress\/hauptseite-pflanzen\/pflanzen\/blueten-i-orchideen-2\/ragwurzen-ophris\/\">Ragwurzen<\/a><\/p>\n<p>&nbsp;<\/p>\n<p><em>Quelle des Textauszuges und weitere Infos bei <\/em><a href=\"http:\/\/de.wikipedia.org\/wiki\/Fliegen-Ragwurz\" target=\"_blank\" rel=\"noopener noreferrer\">Wikipedia<\/a><em> (<\/em><a href=\"http:\/\/www.gnu.org\/licenses\/fdl-1.3.txt\" target=\"_blank\" rel=\"noopener noreferrer\">GNU-Lizenz<\/a><em>)\u2013 mein Dank gilt den <\/em><a href=\"http:\/\/de.wikipedia.org\/w\/index.php?title=Fliegen-Ragwurz&amp;action=history\" target=\"_blank\" rel=\"noopener noreferrer\">Autoren<\/a><em>.<\/em><\/p>\n","protected":false},"excerpt":{"rendered":"<p>Pflanzen -&gt;Orchideen -&gt; Ragwurzen (Ophrys) Pflanzen von A-Z Zur Galerie Ragwurzen Die Fliegen-Ragwurz (Ophrys insectifera) ist eine Pflanzenart aus der Gattung der Ragwurzen innerhalb der Familie der Orchideengew\u00e4chse. Um auf die besondere Gef\u00e4hrdung dieser Art aufmerksam zu machen, wurde die Fliegen-Ragwurz vom Arbeitskreis Heimische Orchideen zur Orchidee des Jahres 2003 gew\u00e4hlt. Die Fliegen-Ragwurz w\u00e4chst als &hellip; <a href=\"https:\/\/woerrlein-naturfoto.de\/wordpress\/ragwurzen-a-z\/fliegenragwurz\/\" class=\"more-link\"><span class=\"screen-reader-text\">Fliegenragwurz<\/span> weiterlesen <span class=\"meta-nav\">&rarr;<\/span><\/a><\/p>\n","protected":false},"author":1,"featured_media":0,"parent":14232,"menu_order":0,"comment_status":"closed","ping_status":"closed","template":"page-templates\/full-width.php","meta":{"footnotes":""},"class_list":["post-4802","page","type-page","status-publish","hentry"],"_links":{"self":[{"href":"https:\/\/woerrlein-naturfoto.de\/wordpress\/wp-json\/wp\/v2\/pages\/4802","targetHints":{"allow":["GET"]}}],"collection":[{"href":"https:\/\/woerrlein-naturfoto.de\/wordpress\/wp-json\/wp\/v2\/pages"}],"about":[{"href":"https:\/\/woerrlein-naturfoto.de\/wordpress\/wp-json\/wp\/v2\/types\/page"}],"author":[{"embeddable":true,"href":"https:\/\/woerrlein-naturfoto.de\/wordpress\/wp-json\/wp\/v2\/users\/1"}],"replies":[{"embeddable":true,"href":"https:\/\/woerrlein-naturfoto.de\/wordpress\/wp-json\/wp\/v2\/comments?post=4802"}],"version-history":[{"count":18,"href":"https:\/\/woerrlein-naturfoto.de\/wordpress\/wp-json\/wp\/v2\/pages\/4802\/revisions"}],"predecessor-version":[{"id":14459,"href":"https:\/\/woerrlein-naturfoto.de\/wordpress\/wp-json\/wp\/v2\/pages\/4802\/revisions\/14459"}],"up":[{"embeddable":true,"href":"https:\/\/woerrlein-naturfoto.de\/wordpress\/wp-json\/wp\/v2\/pages\/14232"}],"wp:attachment":[{"href":"https:\/\/woerrlein-naturfoto.de\/wordpress\/wp-json\/wp\/v2\/media?parent=4802"}],"curies":[{"name":"wp","href":"https:\/\/api.w.org\/{rel}","templated":true}]}}