{"id":3998,"date":"2015-01-12T13:56:18","date_gmt":"2015-01-12T11:56:18","guid":{"rendered":"http:\/\/woerrlein-naturfoto.de\/wordpress\/?page_id=3998"},"modified":"2015-02-11T22:18:12","modified_gmt":"2015-02-11T21:18:12","slug":"gruene-stinkwanze","status":"publish","type":"page","link":"https:\/\/woerrlein-naturfoto.de\/wordpress\/wanzen-wasserlaeufer-a-z\/gruene-stinkwanze\/","title":{"rendered":"Gr\u00fcne Stinkwanze"},"content":{"rendered":"<p><a href=\"http:\/\/woerrlein-naturfoto.de\/wordpress\/insekten\/\"><span style=\"color: #ffff66;\">Insekten<\/span> <\/a>-&gt;<a href=\"http:\/\/woerrlein-naturfoto.de\/wordpress\/hauptseite-insekten\/insekten\/wanzen-wasserlaeufer-2\/\"> <span style=\"color: #ffff66;\">Wanzen, Wasserl\u00e4ufer<\/span><\/a><br \/>\n<a title=\"Insekten A-Z\" href=\"http:\/\/woerrlein-naturfoto.de\/wordpress\/insekten-a-z\/\">Insekten von A-Z<\/a><br \/>\nzur Galerie <a title=\"Wanzen, Wasserl\u00e4ufer\" href=\"http:\/\/woerrlein-naturfoto.de\/wordpress\/hauptseite-insekten\/insekten\/wanzen-wasserlaeufer-2\/\">Wanzen, Wasserl\u00e4ufer<\/a><\/p>\n<p><img loading=\"lazy\" decoding=\"async\" class=\"alignleft wp-image-3976\" src=\"http:\/\/woerrlein-naturfoto.de\/wordpress\/wp-content\/uploads\/GrueneStinkwanze_D140824_8696_v-600x400.jpg\" alt=\"GrueneStinkwanze_D140824_8696_v.jpg\" width=\"600\" height=\"400\" srcset=\"https:\/\/woerrlein-naturfoto.de\/wordpress\/wp-content\/uploads\/GrueneStinkwanze_D140824_8696_v-600x400.jpg 600w, https:\/\/woerrlein-naturfoto.de\/wordpress\/wp-content\/uploads\/GrueneStinkwanze_D140824_8696_v-120x80.jpg 120w, https:\/\/woerrlein-naturfoto.de\/wordpress\/wp-content\/uploads\/GrueneStinkwanze_D140824_8696_v.jpg 1000w\" sizes=\"auto, (max-width: 600px) 100vw, 600px\" \/>Die <b>Gr\u00fcne Stinkwanze<\/b>, auch als <b>Gemeine Stinkwanze<\/b>, oder <b>Gemeiner Gr\u00fcnling<\/b> (<i>Palomena prasina<\/i>) bezeichnet, ist eine Wanze aus der Familie der Baumwanzen. Die Wanzen werden 12 bis 13,5 Millimeter lang und haben einen breit-ovalen K\u00f6rper. Vom Fr\u00fchjahr bis in den Herbst haben die Tiere eine gr\u00fcne Grundfarbe und sind fein dunkel punktiert, im Herbst ver\u00e4ndern sie temperaturgesteuert ihre F\u00e4rbung zu einem braun oder rotbraun, um sich nach der \u00dcberwinterung wieder gr\u00fcn zu verf\u00e4rben. Die Fl\u00fcgelmembrane ist dunkel.<\/p>\n<p>Zur Galerie <a title=\"Wanzen, Wasserl\u00e4ufer\" href=\"http:\/\/woerrlein-naturfoto.de\/wordpress\/hauptseite-insekten\/insekten\/wanzen-wasserlaeufer-2\/\">Wanzen, Wasserl\u00e4ufer<\/a><\/p>\n<p>&nbsp;<\/p>\n<p><em>Quelle des Textauszuges und weitere Infos bei <\/em><a href=\"http:\/\/de.wikipedia.org\/wiki\/Gr%C3%BCne_Stinkwanze\" target=\"_blank\">Wikipedia<\/a><em> (<\/em><a href=\"http:\/\/www.gnu.org\/licenses\/fdl-1.3.txt\" target=\"_blank\">GNU-Lizenz<\/a><em>)\u2013 mein Dank gilt den <\/em><a href=\"http:\/\/de.wikipedia.org\/w\/index.php?title=Gr%C3%BCne_Stinkwanze&amp;action=history\" target=\"_blank\">Autoren<\/a><em>.<\/em><\/p>\n","protected":false},"excerpt":{"rendered":"<p>Insekten -&gt; Wanzen, Wasserl\u00e4ufer Insekten von A-Z zur Galerie Wanzen, Wasserl\u00e4ufer Die Gr\u00fcne Stinkwanze, auch als Gemeine Stinkwanze, oder Gemeiner Gr\u00fcnling (Palomena prasina) bezeichnet, ist eine Wanze aus der Familie der Baumwanzen. Die Wanzen werden 12 bis 13,5 Millimeter lang und haben einen breit-ovalen K\u00f6rper. Vom Fr\u00fchjahr bis in den Herbst haben die Tiere eine &hellip; <a href=\"https:\/\/woerrlein-naturfoto.de\/wordpress\/wanzen-wasserlaeufer-a-z\/gruene-stinkwanze\/\" class=\"more-link\"><span class=\"screen-reader-text\">Gr\u00fcne Stinkwanze<\/span> weiterlesen <span class=\"meta-nav\">&rarr;<\/span><\/a><\/p>\n","protected":false},"author":1,"featured_media":0,"parent":3992,"menu_order":0,"comment_status":"closed","ping_status":"closed","template":"page-templates\/full-width.php","meta":{"footnotes":""},"class_list":["post-3998","page","type-page","status-publish","hentry"],"_links":{"self":[{"href":"https:\/\/woerrlein-naturfoto.de\/wordpress\/wp-json\/wp\/v2\/pages\/3998","targetHints":{"allow":["GET"]}}],"collection":[{"href":"https:\/\/woerrlein-naturfoto.de\/wordpress\/wp-json\/wp\/v2\/pages"}],"about":[{"href":"https:\/\/woerrlein-naturfoto.de\/wordpress\/wp-json\/wp\/v2\/types\/page"}],"author":[{"embeddable":true,"href":"https:\/\/woerrlein-naturfoto.de\/wordpress\/wp-json\/wp\/v2\/users\/1"}],"replies":[{"embeddable":true,"href":"https:\/\/woerrlein-naturfoto.de\/wordpress\/wp-json\/wp\/v2\/comments?post=3998"}],"version-history":[{"count":3,"href":"https:\/\/woerrlein-naturfoto.de\/wordpress\/wp-json\/wp\/v2\/pages\/3998\/revisions"}],"predecessor-version":[{"id":5839,"href":"https:\/\/woerrlein-naturfoto.de\/wordpress\/wp-json\/wp\/v2\/pages\/3998\/revisions\/5839"}],"up":[{"embeddable":true,"href":"https:\/\/woerrlein-naturfoto.de\/wordpress\/wp-json\/wp\/v2\/pages\/3992"}],"wp:attachment":[{"href":"https:\/\/woerrlein-naturfoto.de\/wordpress\/wp-json\/wp\/v2\/media?parent=3998"}],"curies":[{"name":"wp","href":"https:\/\/api.w.org\/{rel}","templated":true}]}}

Grüne Stinkwanze

<p><a href="http://woerrlein-naturfoto.de/wordpress/insekten/"><span style="color: #ffff66;">Insekten</span> </a>-&gt;<a href="http://woerrlein-naturfoto.de/wordpress/hauptseite-insekten/insekten/wanzen-wasserlaeufer-2/"> <span style="color: #ffff66;">Wanzen, Wasserläufer</span></a><br />
<a title="Insekten A-Z" href="http://woerrlein-naturfoto.de/wordpress/insekten-a-z/">Insekten von A-Z</a><br />
zur Galerie <a title="Wanzen, Wasserläufer" href="http://woerrlein-naturfoto.de/wordpress/hauptseite-insekten/insekten/wanzen-wasserlaeufer-2/">Wanzen, Wasserläufer</a></p>
<p><img loading="lazy" decoding="async" class="alignleft wp-image-3976" src="http://woerrlein-naturfoto.de/wordpress/wp-content/uploads/GrueneStinkwanze_D140824_8696_v-600x400.jpg" alt="GrueneStinkwanze_D140824_8696_v.jpg" width="600" height="400" srcset="https://woerrlein-naturfoto.de/wordpress/wp-content/uploads/GrueneStinkwanze_D140824_8696_v-600x400.jpg 600w, https://woerrlein-naturfoto.de/wordpress/wp-content/uploads/GrueneStinkwanze_D140824_8696_v-120x80.jpg 120w, https://woerrlein-naturfoto.de/wordpress/wp-content/uploads/GrueneStinkwanze_D140824_8696_v.jpg 1000w" sizes="auto, (max-width: 600px) 100vw, 600px" />Die <b>Grüne Stinkwanze</b>, auch als <b>Gemeine Stinkwanze</b>, oder <b>Gemeiner Grünling</b> (<i>Palomena prasina</i>) bezeichnet, ist eine Wanze aus der Familie der Baumwanzen. Die Wanzen werden 12 bis 13,5 Millimeter lang und haben einen breit-ovalen Körper. Vom Frühjahr bis in den Herbst haben die Tiere eine grüne Grundfarbe und sind fein dunkel punktiert, im Herbst verändern sie temperaturgesteuert ihre Färbung zu einem braun oder rotbraun, um sich nach der Überwinterung wieder grün zu verfärben. Die Flügelmembrane ist dunkel.</p>
<p>Zur Galerie <a title="Wanzen, Wasserläufer" href="http://woerrlein-naturfoto.de/wordpress/hauptseite-insekten/insekten/wanzen-wasserlaeufer-2/">Wanzen, Wasserläufer</a></p>
<p>&nbsp;</p>
<p><em>Quelle des Textauszuges und weitere Infos bei </em><a href="http://de.wikipedia.org/wiki/Gr%C3%BCne_Stinkwanze" target="_blank">Wikipedia</a><em> (</em><a href="http://www.gnu.org/licenses/fdl-1.3.txt" target="_blank">GNU-Lizenz</a><em>)– mein Dank gilt den </em><a href="http://de.wikipedia.org/w/index.php?title=Gr%C3%BCne_Stinkwanze&amp;action=history" target="_blank">Autoren</a><em>.</em></p>

<p>Insekten -&gt; Wanzen, Wasserläufer Insekten von A-Z zur Galerie Wanzen, Wasserläufer Die Grüne Stinkwanze, auch als Gemeine Stinkwanze, oder Gemeiner Grünling (Palomena prasina) bezeichnet, ist eine Wanze aus der Familie der Baumwanzen. Die Wanzen werden 12 bis 13,5 Millimeter lang und haben einen breit-ovalen Körper. Vom Frühjahr bis in den Herbst haben die Tiere eine &hellip; <a href="https://woerrlein-naturfoto.de/wordpress/wanzen-wasserlaeufer-a-z/gruene-stinkwanze/" class="more-link"><span class="screen-reader-text">Grüne Stinkwanze</span> weiterlesen <span class="meta-nav">&rarr;</span></a></p>
