{"id":3950,"date":"2015-01-11T17:15:13","date_gmt":"2015-01-11T15:15:13","guid":{"rendered":"http:\/\/woerrlein-naturfoto.de\/wordpress\/?page_id=3950"},"modified":"2019-10-02T15:02:48","modified_gmt":"2019-10-02T13:02:48","slug":"landkaertchen","status":"publish","type":"page","link":"https:\/\/woerrlein-naturfoto.de\/wordpress\/edelfalter-a-z\/landkaertchen\/","title":{"rendered":"Landk\u00e4rtchen"},"content":{"rendered":"<p><span style=\"color: #ffff00;\"><a href=\"http:\/\/woerrlein-naturfoto.de\/wordpress\/insekten\/\"><span style=\"color: #ffff66;\">Insekten<\/span><\/a><\/span> -&gt; <span style=\"color: #ffff00;\"><a href=\"http:\/\/woerrlein-naturfoto.de\/wordpress\/hauptseite-insekten\/insekten\/schmetterlinge-2\/\"><span style=\"color: #ffff66;\">Schmetterlinge<\/span><\/a><\/span>-&gt;<a href=\"https:\/\/woerrlein-naturfoto.de\/wordpress\/hauptseite-insekten\/insekten\/schmetterlinge-2\/edelfalter\/\"><span style=\"color: #ffff66;\">Edelfalter<\/span><\/a><br \/>\n<a title=\"Insekten A-Z\" href=\"http:\/\/woerrlein-naturfoto.de\/wordpress\/insekten-a-z\/\">Insekten von A-Z<\/a><br \/>\nzur Galerie <a href=\"https:\/\/woerrlein-naturfoto.de\/wordpress\/hauptseite-insekten\/insekten\/schmetterlinge-2\/edelfalter\/\">Edelfalter<\/a><\/p>\n<p><img loading=\"lazy\" decoding=\"async\" class=\"alignleft wp-image-3894\" src=\"http:\/\/woerrlein-naturfoto.de\/wordpress\/wp-content\/uploads\/Landkaertchen_D140720_8286_v-600x400.jpg\" alt=\"Landkaertchen_D140720_8286_v.jpg\" width=\"600\" height=\"400\" srcset=\"https:\/\/woerrlein-naturfoto.de\/wordpress\/wp-content\/uploads\/Landkaertchen_D140720_8286_v-600x400.jpg 600w, https:\/\/woerrlein-naturfoto.de\/wordpress\/wp-content\/uploads\/Landkaertchen_D140720_8286_v-120x80.jpg 120w, https:\/\/woerrlein-naturfoto.de\/wordpress\/wp-content\/uploads\/Landkaertchen_D140720_8286_v.jpg 1000w\" sizes=\"auto, (max-width: 600px) 100vw, 600px\" \/><\/p>\n<p>Das <b>Landk\u00e4rtchen<\/b> (<i>Araschnia levana<\/i>) oder der <b>Landk\u00e4rtchenfalter<\/b> ist ein Schmetterling (Tagfalter) aus der Familie der Edelfalter. Die Falter der zweiten in einem Jahr geborenen Generation unterscheiden sich stark von denen der ersten Generation. Man nahm deshalb fr\u00fcher an, dass es sich um zwei verschiedene Arten handle. Dieser <a title=\"Saisondimorphismus\" href=\"http:\/\/de.wikipedia.org\/wiki\/Saisondimorphismus\" target=\"_blank\" rel=\"noopener noreferrer\">Saisondimorphismus<\/a> wird hier durch die Tagesl\u00e4nge w\u00e4hrend der Raupenentwicklung gesteuert. Die von der zweiten Generation stammenden Puppen \u00fcberwintern. Aus ihnen werden Falter der ersten j\u00e4hrlichen Generation. In den letzten Jahrzehnten hat der Falter sein Verbreitungsgebiet in Europa sowohl nach Norden als auch nach S\u00fcden erweitert. Das Landk\u00e4rtchen wurde zum <a title=\"Schmetterling des Jahres\" href=\"http:\/\/de.wikipedia.org\/wiki\/Schmetterling_des_Jahres\" target=\"_blank\" rel=\"noopener noreferrer\">Schmetterling des Jahres<\/a> 2007 gew\u00e4hlt. Der Name des Falters begr\u00fcndet sich auf die Zeichnung der Fl\u00fcgelunterseiten, die mit einem Netz von Linien \u00fcberzogen sind und die daher an eine Landkarte erinnern.<\/p>\n<p><strong>Flugzeit:<\/strong>\u00a0\u00a0\u00a0\u00a0 April bis Oktober in zwei Generationen<\/p>\n<p>Zur Galerie <a href=\"https:\/\/woerrlein-naturfoto.de\/wordpress\/hauptseite-insekten\/insekten\/schmetterlinge-2\/edelfalter\/\">Edelfalter<\/a><\/p>\n<p>&nbsp;<\/p>\n<p><em>Quelle des Textauszuges und weitere Infos bei <\/em><a href=\"http:\/\/de.wikipedia.org\/wiki\/Landk%C3%A4rtchen\" target=\"_blank\" rel=\"noopener noreferrer\">Wikipedia<\/a><em> (<\/em><a href=\"http:\/\/www.gnu.org\/licenses\/fdl-1.3.txt\" target=\"_blank\" rel=\"noopener noreferrer\">GNU-Lizenz<\/a><em>)\u2013 mein Dank gilt den <\/em><a href=\"http:\/\/de.wikipedia.org\/w\/index.php?title=Landk%C3%A4rtchen&amp;action=history\" target=\"_blank\" rel=\"noopener noreferrer\">Autoren<\/a><em>.<\/em><\/p>\n","protected":false},"excerpt":{"rendered":"<p>Insekten -&gt; Schmetterlinge-&gt;Edelfalter Insekten von A-Z zur Galerie Edelfalter Das Landk\u00e4rtchen (Araschnia levana) oder der Landk\u00e4rtchenfalter ist ein Schmetterling (Tagfalter) aus der Familie der Edelfalter. Die Falter der zweiten in einem Jahr geborenen Generation unterscheiden sich stark von denen der ersten Generation. Man nahm deshalb fr\u00fcher an, dass es sich um zwei verschiedene Arten handle. &hellip; <a href=\"https:\/\/woerrlein-naturfoto.de\/wordpress\/edelfalter-a-z\/landkaertchen\/\" class=\"more-link\"><span class=\"screen-reader-text\">Landk\u00e4rtchen<\/span> weiterlesen <span class=\"meta-nav\">&rarr;<\/span><\/a><\/p>\n","protected":false},"author":1,"featured_media":0,"parent":11134,"menu_order":0,"comment_status":"closed","ping_status":"closed","template":"page-templates\/full-width.php","meta":{"footnotes":""},"class_list":["post-3950","page","type-page","status-publish","hentry"],"_links":{"self":[{"href":"https:\/\/woerrlein-naturfoto.de\/wordpress\/wp-json\/wp\/v2\/pages\/3950","targetHints":{"allow":["GET"]}}],"collection":[{"href":"https:\/\/woerrlein-naturfoto.de\/wordpress\/wp-json\/wp\/v2\/pages"}],"about":[{"href":"https:\/\/woerrlein-naturfoto.de\/wordpress\/wp-json\/wp\/v2\/types\/page"}],"author":[{"embeddable":true,"href":"https:\/\/woerrlein-naturfoto.de\/wordpress\/wp-json\/wp\/v2\/users\/1"}],"replies":[{"embeddable":true,"href":"https:\/\/woerrlein-naturfoto.de\/wordpress\/wp-json\/wp\/v2\/comments?post=3950"}],"version-history":[{"count":5,"href":"https:\/\/woerrlein-naturfoto.de\/wordpress\/wp-json\/wp\/v2\/pages\/3950\/revisions"}],"predecessor-version":[{"id":11168,"href":"https:\/\/woerrlein-naturfoto.de\/wordpress\/wp-json\/wp\/v2\/pages\/3950\/revisions\/11168"}],"up":[{"embeddable":true,"href":"https:\/\/woerrlein-naturfoto.de\/wordpress\/wp-json\/wp\/v2\/pages\/11134"}],"wp:attachment":[{"href":"https:\/\/woerrlein-naturfoto.de\/wordpress\/wp-json\/wp\/v2\/media?parent=3950"}],"curies":[{"name":"wp","href":"https:\/\/api.w.org\/{rel}","templated":true}]}}

Landkärtchen

<p><span style="color: #ffff00;"><a href="http://woerrlein-naturfoto.de/wordpress/insekten/"><span style="color: #ffff66;">Insekten</span></a></span> -&gt; <span style="color: #ffff00;"><a href="http://woerrlein-naturfoto.de/wordpress/hauptseite-insekten/insekten/schmetterlinge-2/"><span style="color: #ffff66;">Schmetterlinge</span></a></span>-&gt;<a href="https://woerrlein-naturfoto.de/wordpress/hauptseite-insekten/insekten/schmetterlinge-2/edelfalter/"><span style="color: #ffff66;">Edelfalter</span></a><br />
<a title="Insekten A-Z" href="http://woerrlein-naturfoto.de/wordpress/insekten-a-z/">Insekten von A-Z</a><br />
zur Galerie <a href="https://woerrlein-naturfoto.de/wordpress/hauptseite-insekten/insekten/schmetterlinge-2/edelfalter/">Edelfalter</a></p>
<p><img loading="lazy" decoding="async" class="alignleft wp-image-3894" src="http://woerrlein-naturfoto.de/wordpress/wp-content/uploads/Landkaertchen_D140720_8286_v-600x400.jpg" alt="Landkaertchen_D140720_8286_v.jpg" width="600" height="400" srcset="https://woerrlein-naturfoto.de/wordpress/wp-content/uploads/Landkaertchen_D140720_8286_v-600x400.jpg 600w, https://woerrlein-naturfoto.de/wordpress/wp-content/uploads/Landkaertchen_D140720_8286_v-120x80.jpg 120w, https://woerrlein-naturfoto.de/wordpress/wp-content/uploads/Landkaertchen_D140720_8286_v.jpg 1000w" sizes="auto, (max-width: 600px) 100vw, 600px" /></p>
<p>Das <b>Landkärtchen</b> (<i>Araschnia levana</i>) oder der <b>Landkärtchenfalter</b> ist ein Schmetterling (Tagfalter) aus der Familie der Edelfalter. Die Falter der zweiten in einem Jahr geborenen Generation unterscheiden sich stark von denen der ersten Generation. Man nahm deshalb früher an, dass es sich um zwei verschiedene Arten handle. Dieser <a title="Saisondimorphismus" href="http://de.wikipedia.org/wiki/Saisondimorphismus" target="_blank" rel="noopener noreferrer">Saisondimorphismus</a> wird hier durch die Tageslänge während der Raupenentwicklung gesteuert. Die von der zweiten Generation stammenden Puppen überwintern. Aus ihnen werden Falter der ersten jährlichen Generation. In den letzten Jahrzehnten hat der Falter sein Verbreitungsgebiet in Europa sowohl nach Norden als auch nach Süden erweitert. Das Landkärtchen wurde zum <a title="Schmetterling des Jahres" href="http://de.wikipedia.org/wiki/Schmetterling_des_Jahres" target="_blank" rel="noopener noreferrer">Schmetterling des Jahres</a> 2007 gewählt. Der Name des Falters begründet sich auf die Zeichnung der Flügelunterseiten, die mit einem Netz von Linien überzogen sind und die daher an eine Landkarte erinnern.</p>
<p><strong>Flugzeit:</strong>     April bis Oktober in zwei Generationen</p>
<p>Zur Galerie <a href="https://woerrlein-naturfoto.de/wordpress/hauptseite-insekten/insekten/schmetterlinge-2/edelfalter/">Edelfalter</a></p>
<p>&nbsp;</p>
<p><em>Quelle des Textauszuges und weitere Infos bei </em><a href="http://de.wikipedia.org/wiki/Landk%C3%A4rtchen" target="_blank" rel="noopener noreferrer">Wikipedia</a><em> (</em><a href="http://www.gnu.org/licenses/fdl-1.3.txt" target="_blank" rel="noopener noreferrer">GNU-Lizenz</a><em>)– mein Dank gilt den </em><a href="http://de.wikipedia.org/w/index.php?title=Landk%C3%A4rtchen&amp;action=history" target="_blank" rel="noopener noreferrer">Autoren</a><em>.</em></p>

<p>Insekten -&gt; Schmetterlinge-&gt;Edelfalter Insekten von A-Z zur Galerie Edelfalter Das Landkärtchen (Araschnia levana) oder der Landkärtchenfalter ist ein Schmetterling (Tagfalter) aus der Familie der Edelfalter. Die Falter der zweiten in einem Jahr geborenen Generation unterscheiden sich stark von denen der ersten Generation. Man nahm deshalb früher an, dass es sich um zwei verschiedene Arten handle. &hellip; <a href="https://woerrlein-naturfoto.de/wordpress/edelfalter-a-z/landkaertchen/" class="more-link"><span class="screen-reader-text">Landkärtchen</span> weiterlesen <span class="meta-nav">&rarr;</span></a></p>
