{"id":3946,"date":"2015-01-11T17:06:08","date_gmt":"2015-01-11T15:06:08","guid":{"rendered":"http:\/\/woerrlein-naturfoto.de\/wordpress\/?page_id=3946"},"modified":"2019-10-02T15:02:21","modified_gmt":"2019-10-02T13:02:21","slug":"kleines-wiesenvoegelchen","status":"publish","type":"page","link":"https:\/\/woerrlein-naturfoto.de\/wordpress\/edelfalter-a-z\/kleines-wiesenvoegelchen\/","title":{"rendered":"Kleines Wiesenv\u00f6gelchen"},"content":{"rendered":"<p><span style=\"color: #ffff00;\"><a href=\"http:\/\/woerrlein-naturfoto.de\/wordpress\/insekten\/\"><span style=\"color: #ffff66;\">Insekten<\/span><\/a><\/span> -&gt; <span style=\"color: #ffff00;\"><a href=\"http:\/\/woerrlein-naturfoto.de\/wordpress\/hauptseite-insekten\/insekten\/schmetterlinge-2\/\"><span style=\"color: #ffff66;\">Schmetterlinge<\/span><\/a><\/span>-&gt;<a href=\"https:\/\/woerrlein-naturfoto.de\/wordpress\/hauptseite-insekten\/insekten\/schmetterlinge-2\/edelfalter\/\"><span style=\"color: #ffff66;\">Edelfalter<\/span><\/a><br \/>\n<a title=\"Insekten A-Z\" href=\"http:\/\/woerrlein-naturfoto.de\/wordpress\/insekten-a-z\/\">Insekten von A-Z<\/a><br \/>\nzur Galerie <a href=\"https:\/\/woerrlein-naturfoto.de\/wordpress\/hauptseite-insekten\/insekten\/schmetterlinge-2\/edelfalter\/\">Edelfalter<\/a><\/p>\n<p><img loading=\"lazy\" decoding=\"async\" class=\"alignleft wp-image-3872\" src=\"http:\/\/woerrlein-naturfoto.de\/wordpress\/wp-content\/uploads\/KleinesWiesenvoegelein_D130817_1252_v-400x600.jpg\" alt=\"KleinesWiesenvoegelein_D130817_1252_v.jpg\" width=\"267\" height=\"400\" srcset=\"https:\/\/woerrlein-naturfoto.de\/wordpress\/wp-content\/uploads\/KleinesWiesenvoegelein_D130817_1252_v-400x600.jpg 400w, https:\/\/woerrlein-naturfoto.de\/wordpress\/wp-content\/uploads\/KleinesWiesenvoegelein_D130817_1252_v.jpg 567w\" sizes=\"auto, (max-width: 267px) 100vw, 267px\" \/>Das <b>Kleine Wiesenv\u00f6gelchen<\/b> (<i>Coenonympha pamphilus<\/i>) ist ein Schmetterling (Tagfalter) aus der Familie der Edelfalter und wird auch als <b>Kleiner Heufalter<\/b> bezeichnet. Die Falter erreichen eine Fl\u00fcgelspannweite von 23 bis 33 Millimetern. Sie haben br\u00e4unliche ockerfarbene oder leicht ins orange gehende Fl\u00fcgeloberseiten mit einem nicht scharf abgegrenzten, grauen Rand und einem verwaschenen, dunklen Punkt nahe der Spitze des Vorderfl\u00fcgels. Die Hinterfl\u00fcgelunterseiten von <i>Coenonympha pamphilus<\/i> sind variabel, wei\u00dfgelb, grau oder gr\u00e4ulich gef\u00e4rbt und haben eine angedeutete helle Querbinde. Die Unterseiten der Vorderfl\u00fcgel sind kr\u00e4ftiger orange gef\u00e4rbt und haben einen wei\u00df gekernten und hell umrandeten Augenfleck nahe der Fl\u00fcgelspitze, der manchmal fehlt oder reduziert sein kann. Die Weibchen legen ihre Eier einzeln an trockenen St\u00e4ngeln nahe am Boden ab. Die Raupen entwickeln sich unterschiedlich schnell. Die einen verpuppen sich und schl\u00fcpfen schon nach insgesamt wenigen Wochen, andere fressen fr\u00fch nichts mehr und bereiten sich auf die \u00dcberwinterung vor. Die Raupen der letzten Generation \u00fcberwintern immer halbw\u00fcchsig.<\/p>\n<p><strong>Flugzeit:<\/strong>\u00a0\u00a0\u00a0\u00a0 Februar bis November in mehreren Generationen<\/p>\n<p>Zur Galerie <a href=\"https:\/\/woerrlein-naturfoto.de\/wordpress\/hauptseite-insekten\/insekten\/schmetterlinge-2\/edelfalter\/\">Edelfalter<\/a><\/p>\n<p>&nbsp;<\/p>\n<p><em>Quelle des Textauszuges und weitere Infos bei <\/em><a href=\"http:\/\/de.wikipedia.org\/wiki\/Kleines_Wiesenv%C3%B6gelchen\" target=\"_blank\" rel=\"noopener noreferrer\">Wikipedia<\/a><em> (<\/em><a href=\"http:\/\/www.gnu.org\/licenses\/fdl-1.3.txt\" target=\"_blank\" rel=\"noopener noreferrer\">GNU-Lizenz<\/a><em>)\u2013 mein Dank gilt den <\/em><a href=\"http:\/\/de.wikipedia.org\/w\/index.php?title=Kleines_Wiesenv%C3%B6gelchen&amp;action=history\" target=\"_blank\" rel=\"noopener noreferrer\">Autoren<\/a><em>.<\/em><\/p>\n","protected":false},"excerpt":{"rendered":"<p>Insekten -&gt; Schmetterlinge-&gt;Edelfalter Insekten von A-Z zur Galerie Edelfalter Das Kleine Wiesenv\u00f6gelchen (Coenonympha pamphilus) ist ein Schmetterling (Tagfalter) aus der Familie der Edelfalter und wird auch als Kleiner Heufalter bezeichnet. Die Falter erreichen eine Fl\u00fcgelspannweite von 23 bis 33 Millimetern. Sie haben br\u00e4unliche ockerfarbene oder leicht ins orange gehende Fl\u00fcgeloberseiten mit einem nicht scharf abgegrenzten, &hellip; <a href=\"https:\/\/woerrlein-naturfoto.de\/wordpress\/edelfalter-a-z\/kleines-wiesenvoegelchen\/\" class=\"more-link\"><span class=\"screen-reader-text\">Kleines Wiesenv\u00f6gelchen<\/span> weiterlesen <span class=\"meta-nav\">&rarr;<\/span><\/a><\/p>\n","protected":false},"author":1,"featured_media":0,"parent":11134,"menu_order":0,"comment_status":"closed","ping_status":"closed","template":"page-templates\/full-width.php","meta":{"footnotes":""},"class_list":["post-3946","page","type-page","status-publish","hentry"],"_links":{"self":[{"href":"https:\/\/woerrlein-naturfoto.de\/wordpress\/wp-json\/wp\/v2\/pages\/3946","targetHints":{"allow":["GET"]}}],"collection":[{"href":"https:\/\/woerrlein-naturfoto.de\/wordpress\/wp-json\/wp\/v2\/pages"}],"about":[{"href":"https:\/\/woerrlein-naturfoto.de\/wordpress\/wp-json\/wp\/v2\/types\/page"}],"author":[{"embeddable":true,"href":"https:\/\/woerrlein-naturfoto.de\/wordpress\/wp-json\/wp\/v2\/users\/1"}],"replies":[{"embeddable":true,"href":"https:\/\/woerrlein-naturfoto.de\/wordpress\/wp-json\/wp\/v2\/comments?post=3946"}],"version-history":[{"count":7,"href":"https:\/\/woerrlein-naturfoto.de\/wordpress\/wp-json\/wp\/v2\/pages\/3946\/revisions"}],"predecessor-version":[{"id":11167,"href":"https:\/\/woerrlein-naturfoto.de\/wordpress\/wp-json\/wp\/v2\/pages\/3946\/revisions\/11167"}],"up":[{"embeddable":true,"href":"https:\/\/woerrlein-naturfoto.de\/wordpress\/wp-json\/wp\/v2\/pages\/11134"}],"wp:attachment":[{"href":"https:\/\/woerrlein-naturfoto.de\/wordpress\/wp-json\/wp\/v2\/media?parent=3946"}],"curies":[{"name":"wp","href":"https:\/\/api.w.org\/{rel}","templated":true}]}}

Kleines Wiesenvögelchen

<p><span style="color: #ffff00;"><a href="http://woerrlein-naturfoto.de/wordpress/insekten/"><span style="color: #ffff66;">Insekten</span></a></span> -&gt; <span style="color: #ffff00;"><a href="http://woerrlein-naturfoto.de/wordpress/hauptseite-insekten/insekten/schmetterlinge-2/"><span style="color: #ffff66;">Schmetterlinge</span></a></span>-&gt;<a href="https://woerrlein-naturfoto.de/wordpress/hauptseite-insekten/insekten/schmetterlinge-2/edelfalter/"><span style="color: #ffff66;">Edelfalter</span></a><br />
<a title="Insekten A-Z" href="http://woerrlein-naturfoto.de/wordpress/insekten-a-z/">Insekten von A-Z</a><br />
zur Galerie <a href="https://woerrlein-naturfoto.de/wordpress/hauptseite-insekten/insekten/schmetterlinge-2/edelfalter/">Edelfalter</a></p>
<p><img loading="lazy" decoding="async" class="alignleft wp-image-3872" src="http://woerrlein-naturfoto.de/wordpress/wp-content/uploads/KleinesWiesenvoegelein_D130817_1252_v-400x600.jpg" alt="KleinesWiesenvoegelein_D130817_1252_v.jpg" width="267" height="400" srcset="https://woerrlein-naturfoto.de/wordpress/wp-content/uploads/KleinesWiesenvoegelein_D130817_1252_v-400x600.jpg 400w, https://woerrlein-naturfoto.de/wordpress/wp-content/uploads/KleinesWiesenvoegelein_D130817_1252_v.jpg 567w" sizes="auto, (max-width: 267px) 100vw, 267px" />Das <b>Kleine Wiesenvögelchen</b> (<i>Coenonympha pamphilus</i>) ist ein Schmetterling (Tagfalter) aus der Familie der Edelfalter und wird auch als <b>Kleiner Heufalter</b> bezeichnet. Die Falter erreichen eine Flügelspannweite von 23 bis 33 Millimetern. Sie haben bräunliche ockerfarbene oder leicht ins orange gehende Flügeloberseiten mit einem nicht scharf abgegrenzten, grauen Rand und einem verwaschenen, dunklen Punkt nahe der Spitze des Vorderflügels. Die Hinterflügelunterseiten von <i>Coenonympha pamphilus</i> sind variabel, weißgelb, grau oder gräulich gefärbt und haben eine angedeutete helle Querbinde. Die Unterseiten der Vorderflügel sind kräftiger orange gefärbt und haben einen weiß gekernten und hell umrandeten Augenfleck nahe der Flügelspitze, der manchmal fehlt oder reduziert sein kann. Die Weibchen legen ihre Eier einzeln an trockenen Stängeln nahe am Boden ab. Die Raupen entwickeln sich unterschiedlich schnell. Die einen verpuppen sich und schlüpfen schon nach insgesamt wenigen Wochen, andere fressen früh nichts mehr und bereiten sich auf die Überwinterung vor. Die Raupen der letzten Generation überwintern immer halbwüchsig.</p>
<p><strong>Flugzeit:</strong>     Februar bis November in mehreren Generationen</p>
<p>Zur Galerie <a href="https://woerrlein-naturfoto.de/wordpress/hauptseite-insekten/insekten/schmetterlinge-2/edelfalter/">Edelfalter</a></p>
<p>&nbsp;</p>
<p><em>Quelle des Textauszuges und weitere Infos bei </em><a href="http://de.wikipedia.org/wiki/Kleines_Wiesenv%C3%B6gelchen" target="_blank" rel="noopener noreferrer">Wikipedia</a><em> (</em><a href="http://www.gnu.org/licenses/fdl-1.3.txt" target="_blank" rel="noopener noreferrer">GNU-Lizenz</a><em>)– mein Dank gilt den </em><a href="http://de.wikipedia.org/w/index.php?title=Kleines_Wiesenv%C3%B6gelchen&amp;action=history" target="_blank" rel="noopener noreferrer">Autoren</a><em>.</em></p>

<p>Insekten -&gt; Schmetterlinge-&gt;Edelfalter Insekten von A-Z zur Galerie Edelfalter Das Kleine Wiesenvögelchen (Coenonympha pamphilus) ist ein Schmetterling (Tagfalter) aus der Familie der Edelfalter und wird auch als Kleiner Heufalter bezeichnet. Die Falter erreichen eine Flügelspannweite von 23 bis 33 Millimetern. Sie haben bräunliche ockerfarbene oder leicht ins orange gehende Flügeloberseiten mit einem nicht scharf abgegrenzten, &hellip; <a href="https://woerrlein-naturfoto.de/wordpress/edelfalter-a-z/kleines-wiesenvoegelchen/" class="more-link"><span class="screen-reader-text">Kleines Wiesenvögelchen</span> weiterlesen <span class="meta-nav">&rarr;</span></a></p>
