{"id":3942,"date":"2015-01-11T16:49:13","date_gmt":"2015-01-11T14:49:13","guid":{"rendered":"http:\/\/woerrlein-naturfoto.de\/wordpress\/?page_id=3942"},"modified":"2019-10-02T15:01:59","modified_gmt":"2019-10-02T13:01:59","slug":"kleiner-perlmutterfalter","status":"publish","type":"page","link":"https:\/\/woerrlein-naturfoto.de\/wordpress\/edelfalter-a-z\/kleiner-perlmutterfalter\/","title":{"rendered":"Kleiner Perlmutterfalter"},"content":{"rendered":"<p><span style=\"color: #ffff00;\"><a href=\"http:\/\/woerrlein-naturfoto.de\/wordpress\/insekten\/\"><span style=\"color: #ffff66;\">Insekten<\/span><\/a><\/span> -&gt; <span style=\"color: #ffff00;\"><a href=\"http:\/\/woerrlein-naturfoto.de\/wordpress\/hauptseite-insekten\/insekten\/schmetterlinge-2\/\"><span style=\"color: #ffff66;\">Schmetterlinge<\/span><\/a><\/span>-&gt;<a href=\"https:\/\/woerrlein-naturfoto.de\/wordpress\/hauptseite-insekten\/insekten\/schmetterlinge-2\/edelfalter\/\"><span style=\"color: #ffff66;\">Edelfalter<\/span><\/a><br \/>\n<a title=\"Insekten A-Z\" href=\"http:\/\/woerrlein-naturfoto.de\/wordpress\/insekten-a-z\/\">Insekten von A-Z<\/a><br \/>\nzur Galerie <a href=\"https:\/\/woerrlein-naturfoto.de\/wordpress\/hauptseite-insekten\/insekten\/schmetterlinge-2\/edelfalter\/\">Edelfalter<\/a><\/p>\n<p><img loading=\"lazy\" decoding=\"async\" class=\"alignleft wp-image-3892\" src=\"http:\/\/woerrlein-naturfoto.de\/wordpress\/wp-content\/uploads\/kleiner_Perlmutterfalter_10210-600x400.jpg\" alt=\"kleiner_Perlmutterfalter_10210.jpg\" width=\"600\" height=\"400\" \/>Der <b>Kleine Perlmutterfalter<\/b> (<i>Issoria lathonia<\/i>) ist ein Schmetterling (Tagfalter) aus der Familie der Edelfalter. Die Falter erreichen eine Fl\u00fcgelspannweite von 35 bis 45 Millimetern. Sie haben gelbrote Fl\u00fcgeloberseiten, die ein fast gleichm\u00e4\u00dfiges Muster aus rundlichen, schwarzen Flecken tragen. Die Fl\u00fcgelunterseiten sind gelbbraun und weisen sehr gro\u00dfe, wei\u00dfe Perlmuttflecken auf.\u00a0Die Falter fliegen in einem sehr gro\u00dfen Zeitraum von April bis Oktober und bringen im Jahr bis zu drei, manchmal sogar vier Generationen hervor. Zus\u00e4tzlich findet man in Mitteleuropa von S\u00fcden her eingewanderte Exemplare. Die Falter sonnen sich gerne an unbewachsenen Stellen am Boden, besonders an k\u00fchlen Tagen im Fr\u00fchjahr und Herbst.<\/p>\n<p><strong>Flugzeit:<\/strong>\u00a0\u00a0\u00a0\u00a0 April bis Oktober in mehreren Generationen<\/p>\n<p>Zur Galerie <a href=\"https:\/\/woerrlein-naturfoto.de\/wordpress\/hauptseite-insekten\/insekten\/schmetterlinge-2\/edelfalter\/\">Edelfalter<\/a><\/p>\n<p>&nbsp;<\/p>\n<p><em>Quelle des Textauszuges und weitere Infos bei <\/em><a href=\"http:\/\/de.wikipedia.org\/wiki\/Kleiner_Perlmutterfalter\" target=\"_blank\" rel=\"noopener noreferrer\">Wikipedia<\/a><em> (<\/em><a href=\"http:\/\/www.gnu.org\/licenses\/fdl-1.3.txt\" target=\"_blank\" rel=\"noopener noreferrer\">GNU-Lizenz<\/a><em>)\u2013 mein Dank gilt den <\/em><a href=\"http:\/\/de.wikipedia.org\/w\/index.php?title=Kleiner_Perlmutterfalter&amp;action=history\" target=\"_blank\" rel=\"noopener noreferrer\">Autoren<\/a><em>.<\/em><\/p>\n","protected":false},"excerpt":{"rendered":"<p>Insekten -&gt; Schmetterlinge-&gt;Edelfalter Insekten von A-Z zur Galerie Edelfalter Der Kleine Perlmutterfalter (Issoria lathonia) ist ein Schmetterling (Tagfalter) aus der Familie der Edelfalter. Die Falter erreichen eine Fl\u00fcgelspannweite von 35 bis 45 Millimetern. Sie haben gelbrote Fl\u00fcgeloberseiten, die ein fast gleichm\u00e4\u00dfiges Muster aus rundlichen, schwarzen Flecken tragen. Die Fl\u00fcgelunterseiten sind gelbbraun und weisen sehr gro\u00dfe, &hellip; <a href=\"https:\/\/woerrlein-naturfoto.de\/wordpress\/edelfalter-a-z\/kleiner-perlmutterfalter\/\" class=\"more-link\"><span class=\"screen-reader-text\">Kleiner Perlmutterfalter<\/span> weiterlesen <span class=\"meta-nav\">&rarr;<\/span><\/a><\/p>\n","protected":false},"author":1,"featured_media":0,"parent":11134,"menu_order":0,"comment_status":"closed","ping_status":"closed","template":"page-templates\/full-width.php","meta":{"footnotes":""},"class_list":["post-3942","page","type-page","status-publish","hentry"],"_links":{"self":[{"href":"https:\/\/woerrlein-naturfoto.de\/wordpress\/wp-json\/wp\/v2\/pages\/3942","targetHints":{"allow":["GET"]}}],"collection":[{"href":"https:\/\/woerrlein-naturfoto.de\/wordpress\/wp-json\/wp\/v2\/pages"}],"about":[{"href":"https:\/\/woerrlein-naturfoto.de\/wordpress\/wp-json\/wp\/v2\/types\/page"}],"author":[{"embeddable":true,"href":"https:\/\/woerrlein-naturfoto.de\/wordpress\/wp-json\/wp\/v2\/users\/1"}],"replies":[{"embeddable":true,"href":"https:\/\/woerrlein-naturfoto.de\/wordpress\/wp-json\/wp\/v2\/comments?post=3942"}],"version-history":[{"count":5,"href":"https:\/\/woerrlein-naturfoto.de\/wordpress\/wp-json\/wp\/v2\/pages\/3942\/revisions"}],"predecessor-version":[{"id":11166,"href":"https:\/\/woerrlein-naturfoto.de\/wordpress\/wp-json\/wp\/v2\/pages\/3942\/revisions\/11166"}],"up":[{"embeddable":true,"href":"https:\/\/woerrlein-naturfoto.de\/wordpress\/wp-json\/wp\/v2\/pages\/11134"}],"wp:attachment":[{"href":"https:\/\/woerrlein-naturfoto.de\/wordpress\/wp-json\/wp\/v2\/media?parent=3942"}],"curies":[{"name":"wp","href":"https:\/\/api.w.org\/{rel}","templated":true}]}}

<p><span style="color: #ffff00;"><a href="http://woerrlein-naturfoto.de/wordpress/insekten/"><span style="color: #ffff66;">Insekten</span></a></span> -&gt; <span style="color: #ffff00;"><a href="http://woerrlein-naturfoto.de/wordpress/hauptseite-insekten/insekten/schmetterlinge-2/"><span style="color: #ffff66;">Schmetterlinge</span></a></span>-&gt;<a href="https://woerrlein-naturfoto.de/wordpress/hauptseite-insekten/insekten/schmetterlinge-2/edelfalter/"><span style="color: #ffff66;">Edelfalter</span></a><br />
<a title="Insekten A-Z" href="http://woerrlein-naturfoto.de/wordpress/insekten-a-z/">Insekten von A-Z</a><br />
zur Galerie <a href="https://woerrlein-naturfoto.de/wordpress/hauptseite-insekten/insekten/schmetterlinge-2/edelfalter/">Edelfalter</a></p>
<p><img loading="lazy" decoding="async" class="alignleft wp-image-3892" src="http://woerrlein-naturfoto.de/wordpress/wp-content/uploads/kleiner_Perlmutterfalter_10210-600x400.jpg" alt="kleiner_Perlmutterfalter_10210.jpg" width="600" height="400" />Der <b>Kleine Perlmutterfalter</b> (<i>Issoria lathonia</i>) ist ein Schmetterling (Tagfalter) aus der Familie der Edelfalter. Die Falter erreichen eine Flügelspannweite von 35 bis 45 Millimetern. Sie haben gelbrote Flügeloberseiten, die ein fast gleichmäßiges Muster aus rundlichen, schwarzen Flecken tragen. Die Flügelunterseiten sind gelbbraun und weisen sehr große, weiße Perlmuttflecken auf. Die Falter fliegen in einem sehr großen Zeitraum von April bis Oktober und bringen im Jahr bis zu drei, manchmal sogar vier Generationen hervor. Zusätzlich findet man in Mitteleuropa von Süden her eingewanderte Exemplare. Die Falter sonnen sich gerne an unbewachsenen Stellen am Boden, besonders an kühlen Tagen im Frühjahr und Herbst.</p>
<p><strong>Flugzeit:</strong>     April bis Oktober in mehreren Generationen</p>
<p>Zur Galerie <a href="https://woerrlein-naturfoto.de/wordpress/hauptseite-insekten/insekten/schmetterlinge-2/edelfalter/">Edelfalter</a></p>
<p>&nbsp;</p>
<p><em>Quelle des Textauszuges und weitere Infos bei </em><a href="http://de.wikipedia.org/wiki/Kleiner_Perlmutterfalter" target="_blank" rel="noopener noreferrer">Wikipedia</a><em> (</em><a href="http://www.gnu.org/licenses/fdl-1.3.txt" target="_blank" rel="noopener noreferrer">GNU-Lizenz</a><em>)– mein Dank gilt den </em><a href="http://de.wikipedia.org/w/index.php?title=Kleiner_Perlmutterfalter&amp;action=history" target="_blank" rel="noopener noreferrer">Autoren</a><em>.</em></p>

<p>Insekten -&gt; Schmetterlinge-&gt;Edelfalter Insekten von A-Z zur Galerie Edelfalter Der Kleine Perlmutterfalter (Issoria lathonia) ist ein Schmetterling (Tagfalter) aus der Familie der Edelfalter. Die Falter erreichen eine Flügelspannweite von 35 bis 45 Millimetern. Sie haben gelbrote Flügeloberseiten, die ein fast gleichmäßiges Muster aus rundlichen, schwarzen Flecken tragen. Die Flügelunterseiten sind gelbbraun und weisen sehr große, &hellip; <a href="https://woerrlein-naturfoto.de/wordpress/edelfalter-a-z/kleiner-perlmutterfalter/" class="more-link"><span class="screen-reader-text">Kleiner Perlmutterfalter</span> weiterlesen <span class="meta-nav">&rarr;</span></a></p>
