{"id":3936,"date":"2015-01-11T16:35:37","date_gmt":"2015-01-11T14:35:37","guid":{"rendered":"http:\/\/woerrlein-naturfoto.de\/wordpress\/?page_id=3936"},"modified":"2019-10-02T15:00:45","modified_gmt":"2019-10-02T13:00:45","slug":"kaisermantel","status":"publish","type":"page","link":"https:\/\/woerrlein-naturfoto.de\/wordpress\/edelfalter-a-z\/kaisermantel\/","title":{"rendered":"Kaisermantel"},"content":{"rendered":"<p><span style=\"color: #ffff00;\"><a href=\"http:\/\/woerrlein-naturfoto.de\/wordpress\/insekten\/\"><span style=\"color: #ffff66;\">Insekten<\/span><\/a><\/span> -&gt; <span style=\"color: #ffff00;\"><a href=\"http:\/\/woerrlein-naturfoto.de\/wordpress\/hauptseite-insekten\/insekten\/schmetterlinge-2\/\"><span style=\"color: #ffff66;\">Schmetterlinge<\/span><\/a><\/span>-&gt;<a href=\"https:\/\/woerrlein-naturfoto.de\/wordpress\/hauptseite-insekten\/insekten\/schmetterlinge-2\/edelfalter\/\"><span style=\"color: #ffff66;\">Edelfalter<\/span><\/a><br \/>\n<a title=\"Insekten A-Z\" href=\"http:\/\/woerrlein-naturfoto.de\/wordpress\/insekten-a-z\/\">Insekten von A-Z<\/a><br \/>\nzur Galerie <a href=\"https:\/\/woerrlein-naturfoto.de\/wordpress\/hauptseite-insekten\/insekten\/schmetterlinge-2\/edelfalter\/\">Edelfalter<\/a><\/p>\n<p><img loading=\"lazy\" decoding=\"async\" class=\"alignleft wp-image-3868\" src=\"http:\/\/woerrlein-naturfoto.de\/wordpress\/wp-content\/uploads\/Kaisermantel_MW33078_gro\u00df-600x400.jpg\" alt=\"Kaisermantel_MW33078_gro\u00df.jpg\" width=\"600\" height=\"400\" srcset=\"https:\/\/woerrlein-naturfoto.de\/wordpress\/wp-content\/uploads\/Kaisermantel_MW33078_gro\u00df-600x400.jpg 600w, https:\/\/woerrlein-naturfoto.de\/wordpress\/wp-content\/uploads\/Kaisermantel_MW33078_gro\u00df-120x80.jpg 120w, https:\/\/woerrlein-naturfoto.de\/wordpress\/wp-content\/uploads\/Kaisermantel_MW33078_gro\u00df.jpg 1000w\" sizes=\"auto, (max-width: 600px) 100vw, 600px\" \/>Der <b>Kaisermantel<\/b> (<i>Argynnis paphia<\/i>) ist ein Schmetterling (Tagfalter) aus der Familie der Edelfalter (Nymphalidae). Er ist der gr\u00f6\u00dfte mitteleurop\u00e4ische Perlmutterfalter.\u00a0 Die Falter erreichen eine Fl\u00fcgelspannweite von 55 bis 65 Millimetern in Mitteleuropa. Die Fl\u00fcgeloberseiten der M\u00e4nnchen sind leuchtend orange und haben braune Flecken, an den Adern 1 \u2013 4 befinden sich dunkle Duftschuppenstreifen. Die Weibchen sind dunkler und etwas gr\u00fcnlicher, die Duftschuppenstreifen fehlen.<br \/>\nDie Falter saugen mit Vorliebe an Brombeerbl\u00fcten, Skabiosen und Distelk\u00f6pfen. Bei der Balz verfolgt das M\u00e4nnchen das Weibchen und umkreist es dabei von hinten unten nach vorn und von vorne oben nach hinten zur\u00fcck, w\u00e4hrend das Weibchen mit gleichm\u00e4\u00dfigem Flattern ganz gerade fliegt. Das M\u00e4nnchen sendet dabei einen Lockstoff aus Duftschuppen aus. Wenn das Weibchen paarungsbereit ist, landet es auf einem Busch oder \u00fcberh\u00e4ngenden Baumzweig und streckt seinen Hinterleib nach oben. Dabei gibt es aus Dr\u00fcsens\u00e4cken ebenfalls einen Lockstoff ab.<\/p>\n<p><strong>Flugzeit:<\/strong>\u00a0\u00a0\u00a0\u00a0 Juni bis Juli in einer Generation<\/p>\n<p>Zur Galerie <a href=\"https:\/\/woerrlein-naturfoto.de\/wordpress\/hauptseite-insekten\/insekten\/schmetterlinge-2\/edelfalter\/\">Edelfalter<\/a><\/p>\n<p>&nbsp;<\/p>\n<p><em>Quelle des Textauszuges und weitere Infos bei <\/em><a href=\"http:\/\/de.wikipedia.org\/wiki\/Kaisermantel\" target=\"_blank\" rel=\"noopener noreferrer\">Wikipedia<\/a><em> (<\/em><a href=\"http:\/\/www.gnu.org\/licenses\/fdl-1.3.txt\" target=\"_blank\" rel=\"noopener noreferrer\">GNU-Lizenz<\/a><em>)\u2013 mein Dank gilt den <\/em><a href=\"http:\/\/de.wikipedia.org\/w\/index.php?title=Kaisermantel&amp;action=history\" target=\"_blank\" rel=\"noopener noreferrer\">Autoren<\/a><em>.<\/em><\/p>\n","protected":false},"excerpt":{"rendered":"<p>Insekten -&gt; Schmetterlinge-&gt;Edelfalter Insekten von A-Z zur Galerie Edelfalter Der Kaisermantel (Argynnis paphia) ist ein Schmetterling (Tagfalter) aus der Familie der Edelfalter (Nymphalidae). Er ist der gr\u00f6\u00dfte mitteleurop\u00e4ische Perlmutterfalter.\u00a0 Die Falter erreichen eine Fl\u00fcgelspannweite von 55 bis 65 Millimetern in Mitteleuropa. Die Fl\u00fcgeloberseiten der M\u00e4nnchen sind leuchtend orange und haben braune Flecken, an den Adern &hellip; <a href=\"https:\/\/woerrlein-naturfoto.de\/wordpress\/edelfalter-a-z\/kaisermantel\/\" class=\"more-link\"><span class=\"screen-reader-text\">Kaisermantel<\/span> weiterlesen <span class=\"meta-nav\">&rarr;<\/span><\/a><\/p>\n","protected":false},"author":1,"featured_media":0,"parent":11134,"menu_order":0,"comment_status":"closed","ping_status":"closed","template":"page-templates\/full-width.php","meta":{"footnotes":""},"class_list":["post-3936","page","type-page","status-publish","hentry"],"_links":{"self":[{"href":"https:\/\/woerrlein-naturfoto.de\/wordpress\/wp-json\/wp\/v2\/pages\/3936","targetHints":{"allow":["GET"]}}],"collection":[{"href":"https:\/\/woerrlein-naturfoto.de\/wordpress\/wp-json\/wp\/v2\/pages"}],"about":[{"href":"https:\/\/woerrlein-naturfoto.de\/wordpress\/wp-json\/wp\/v2\/types\/page"}],"author":[{"embeddable":true,"href":"https:\/\/woerrlein-naturfoto.de\/wordpress\/wp-json\/wp\/v2\/users\/1"}],"replies":[{"embeddable":true,"href":"https:\/\/woerrlein-naturfoto.de\/wordpress\/wp-json\/wp\/v2\/comments?post=3936"}],"version-history":[{"count":8,"href":"https:\/\/woerrlein-naturfoto.de\/wordpress\/wp-json\/wp\/v2\/pages\/3936\/revisions"}],"predecessor-version":[{"id":11163,"href":"https:\/\/woerrlein-naturfoto.de\/wordpress\/wp-json\/wp\/v2\/pages\/3936\/revisions\/11163"}],"up":[{"embeddable":true,"href":"https:\/\/woerrlein-naturfoto.de\/wordpress\/wp-json\/wp\/v2\/pages\/11134"}],"wp:attachment":[{"href":"https:\/\/woerrlein-naturfoto.de\/wordpress\/wp-json\/wp\/v2\/media?parent=3936"}],"curies":[{"name":"wp","href":"https:\/\/api.w.org\/{rel}","templated":true}]}}

<p><span style="color: #ffff00;"><a href="http://woerrlein-naturfoto.de/wordpress/insekten/"><span style="color: #ffff66;">Insekten</span></a></span> -&gt; <span style="color: #ffff00;"><a href="http://woerrlein-naturfoto.de/wordpress/hauptseite-insekten/insekten/schmetterlinge-2/"><span style="color: #ffff66;">Schmetterlinge</span></a></span>-&gt;<a href="https://woerrlein-naturfoto.de/wordpress/hauptseite-insekten/insekten/schmetterlinge-2/edelfalter/"><span style="color: #ffff66;">Edelfalter</span></a><br />
<a title="Insekten A-Z" href="http://woerrlein-naturfoto.de/wordpress/insekten-a-z/">Insekten von A-Z</a><br />
zur Galerie <a href="https://woerrlein-naturfoto.de/wordpress/hauptseite-insekten/insekten/schmetterlinge-2/edelfalter/">Edelfalter</a></p>
<p><img loading="lazy" decoding="async" class="alignleft wp-image-3868" src="http://woerrlein-naturfoto.de/wordpress/wp-content/uploads/Kaisermantel_MW33078_groß-600x400.jpg" alt="Kaisermantel_MW33078_groß.jpg" width="600" height="400" srcset="https://woerrlein-naturfoto.de/wordpress/wp-content/uploads/Kaisermantel_MW33078_groß-600x400.jpg 600w, https://woerrlein-naturfoto.de/wordpress/wp-content/uploads/Kaisermantel_MW33078_groß-120x80.jpg 120w, https://woerrlein-naturfoto.de/wordpress/wp-content/uploads/Kaisermantel_MW33078_groß.jpg 1000w" sizes="auto, (max-width: 600px) 100vw, 600px" />Der <b>Kaisermantel</b> (<i>Argynnis paphia</i>) ist ein Schmetterling (Tagfalter) aus der Familie der Edelfalter (Nymphalidae). Er ist der größte mitteleuropäische Perlmutterfalter.  Die Falter erreichen eine Flügelspannweite von 55 bis 65 Millimetern in Mitteleuropa. Die Flügeloberseiten der Männchen sind leuchtend orange und haben braune Flecken, an den Adern 1 – 4 befinden sich dunkle Duftschuppenstreifen. Die Weibchen sind dunkler und etwas grünlicher, die Duftschuppenstreifen fehlen.<br />
Die Falter saugen mit Vorliebe an Brombeerblüten, Skabiosen und Distelköpfen. Bei der Balz verfolgt das Männchen das Weibchen und umkreist es dabei von hinten unten nach vorn und von vorne oben nach hinten zurück, während das Weibchen mit gleichmäßigem Flattern ganz gerade fliegt. Das Männchen sendet dabei einen Lockstoff aus Duftschuppen aus. Wenn das Weibchen paarungsbereit ist, landet es auf einem Busch oder überhängenden Baumzweig und streckt seinen Hinterleib nach oben. Dabei gibt es aus Drüsensäcken ebenfalls einen Lockstoff ab.</p>
<p><strong>Flugzeit:</strong>     Juni bis Juli in einer Generation</p>
<p>Zur Galerie <a href="https://woerrlein-naturfoto.de/wordpress/hauptseite-insekten/insekten/schmetterlinge-2/edelfalter/">Edelfalter</a></p>
<p>&nbsp;</p>
<p><em>Quelle des Textauszuges und weitere Infos bei </em><a href="http://de.wikipedia.org/wiki/Kaisermantel" target="_blank" rel="noopener noreferrer">Wikipedia</a><em> (</em><a href="http://www.gnu.org/licenses/fdl-1.3.txt" target="_blank" rel="noopener noreferrer">GNU-Lizenz</a><em>)– mein Dank gilt den </em><a href="http://de.wikipedia.org/w/index.php?title=Kaisermantel&amp;action=history" target="_blank" rel="noopener noreferrer">Autoren</a><em>.</em></p>

<p>Insekten -&gt; Schmetterlinge-&gt;Edelfalter Insekten von A-Z zur Galerie Edelfalter Der Kaisermantel (Argynnis paphia) ist ein Schmetterling (Tagfalter) aus der Familie der Edelfalter (Nymphalidae). Er ist der größte mitteleuropäische Perlmutterfalter.  Die Falter erreichen eine Flügelspannweite von 55 bis 65 Millimetern in Mitteleuropa. Die Flügeloberseiten der Männchen sind leuchtend orange und haben braune Flecken, an den Adern &hellip; <a href="https://woerrlein-naturfoto.de/wordpress/edelfalter-a-z/kaisermantel/" class="more-link"><span class="screen-reader-text">Kaisermantel</span> weiterlesen <span class="meta-nav">&rarr;</span></a></p>
