{"id":3934,"date":"2015-01-11T16:22:52","date_gmt":"2015-01-11T14:22:52","guid":{"rendered":"http:\/\/woerrlein-naturfoto.de\/wordpress\/?page_id=3934"},"modified":"2019-10-02T15:30:38","modified_gmt":"2019-10-02T13:30:38","slug":"heidespanner","status":"publish","type":"page","link":"https:\/\/woerrlein-naturfoto.de\/wordpress\/nachtfalter-a-z\/heidespanner\/","title":{"rendered":"Heidespanner"},"content":{"rendered":"<p><a href=\"http:\/\/woerrlein-naturfoto.de\/wordpress\/insekten\/\"><span style=\"color: #ffff66;\">Insekten<\/span> <\/a>-&gt;<a href=\"http:\/\/woerrlein-naturfoto.de\/wordpress\/hauptseite-insekten\/insekten\/schmetterlinge-2\/\"> <span style=\"color: #ffff66;\">Schmetterlinge<\/span><\/a>-&gt;<a href=\"https:\/\/woerrlein-naturfoto.de\/wordpress\/hauptseite-insekten\/insekten\/schmetterlinge-2\/nachtfalter\/\"><span style=\"color: #ffff66;\">Nachtfalter<\/span><\/a><br \/>\n<a title=\"Insekten A-Z\" href=\"http:\/\/woerrlein-naturfoto.de\/wordpress\/insekten-a-z\/\">Insekten von A-Z<\/a><br \/>\nzur Galerie <a href=\"https:\/\/woerrlein-naturfoto.de\/wordpress\/hauptseite-insekten\/insekten\/schmetterlinge-2\/nachtfalter\/\">Nachtfalter<\/a><\/p>\n<p><img loading=\"lazy\" decoding=\"async\" class=\"alignleft wp-image-3867\" src=\"http:\/\/woerrlein-naturfoto.de\/wordpress\/wp-content\/uploads\/Heidekrautspanner_20903L_v-400x600.jpg\" alt=\"Heidekrautspanner_20903L_v.jpg\" width=\"267\" height=\"400\" \/>Der <b>Heidespanner<\/b> (<i>Ematurga atomaria<\/i>) ist ein Schmetterling (Nachtfalter) aus der Familie der Spanner. Die Falter erreichen eine Fl\u00fcgelspannweite von 22 bis 34 Millimeter und zeichnen sich durch einen ausgepr\u00e4gten <a class=\"mw-redirect\" title=\"Sexualdichroismus\" href=\"http:\/\/de.wikipedia.org\/wiki\/Sexualdichroismus\" target=\"_blank\" rel=\"noopener noreferrer\">Sexualdichroismus<\/a> aus. Die Fl\u00fcgel des Weibchens haben eine wei\u00dfe Grundf\u00e4rbung, die der M\u00e4nnchen sind dagegen ockerfarben. Die Fl\u00fcgel beider Geschlechter tragen braune bis dunkelbraune Querlinien mit unterschiedlichem Verlauf. Daneben existieren auch so genannte <a title=\"Melanismus\" href=\"http:\/\/de.wikipedia.org\/wiki\/Melanismus\" target=\"_blank\" rel=\"noopener noreferrer\">melanistische<\/a> Formen, bei denen die charakteristischen Querbinden fehlen. Die Fl\u00fcgeloberseiten sind dann braun bis schwarzbraun gef\u00e4rbt. Die M\u00e4nnchen besitzen stark gek\u00e4mmte F\u00fchler, w\u00e4hrend die der Weibchen fadenf\u00f6rmig sind. Der Heidespanner ist von der Iberischen Halbinsel durch West-, Mittel- und Osteuropa \u00fcber Sibirien bis nach Sachalin anzutreffen. Im S\u00fcden reicht sein Verbreitungsgebiet durch den n\u00f6rdlichen Mittelmeerraum bis zum t\u00fcrkischen Teil der Schwarzmeerregion.<\/p>\n<p><strong>Flugzeit:<\/strong>\u00a0\u00a0\u00a0\u00a0 April bis September in zwei Generationen<\/p>\n<p>Zur Galerie <a href=\"https:\/\/woerrlein-naturfoto.de\/wordpress\/hauptseite-insekten\/insekten\/schmetterlinge-2\/nachtfalter\/\">Nachtfalter<\/a><\/p>\n<p>&nbsp;<\/p>\n<p><em>Quelle des Textauszuges und weitere Infos bei <\/em><a href=\"http:\/\/de.wikipedia.org\/wiki\/Heidespanner\" target=\"_blank\" rel=\"noopener noreferrer\">Wikipedia<\/a><em> (<\/em><a href=\"http:\/\/www.gnu.org\/licenses\/fdl-1.3.txt\" target=\"_blank\" rel=\"noopener noreferrer\">GNU-Lizenz<\/a><em>)\u2013 mein Dank gilt den <\/em><a href=\"http:\/\/de.wikipedia.org\/w\/index.php?title=Heidespanner&amp;action=history\" target=\"_blank\" rel=\"noopener noreferrer\">Autoren<\/a><em>.<\/em><\/p>\n","protected":false},"excerpt":{"rendered":"<p>Insekten -&gt; Schmetterlinge-&gt;Nachtfalter Insekten von A-Z zur Galerie Nachtfalter Der Heidespanner (Ematurga atomaria) ist ein Schmetterling (Nachtfalter) aus der Familie der Spanner. Die Falter erreichen eine Fl\u00fcgelspannweite von 22 bis 34 Millimeter und zeichnen sich durch einen ausgepr\u00e4gten Sexualdichroismus aus. Die Fl\u00fcgel des Weibchens haben eine wei\u00dfe Grundf\u00e4rbung, die der M\u00e4nnchen sind dagegen ockerfarben. Die &hellip; <a href=\"https:\/\/woerrlein-naturfoto.de\/wordpress\/nachtfalter-a-z\/heidespanner\/\" class=\"more-link\"><span class=\"screen-reader-text\">Heidespanner<\/span> weiterlesen <span class=\"meta-nav\">&rarr;<\/span><\/a><\/p>\n","protected":false},"author":1,"featured_media":0,"parent":11172,"menu_order":0,"comment_status":"closed","ping_status":"closed","template":"page-templates\/full-width.php","meta":{"footnotes":""},"class_list":["post-3934","page","type-page","status-publish","hentry"],"_links":{"self":[{"href":"https:\/\/woerrlein-naturfoto.de\/wordpress\/wp-json\/wp\/v2\/pages\/3934","targetHints":{"allow":["GET"]}}],"collection":[{"href":"https:\/\/woerrlein-naturfoto.de\/wordpress\/wp-json\/wp\/v2\/pages"}],"about":[{"href":"https:\/\/woerrlein-naturfoto.de\/wordpress\/wp-json\/wp\/v2\/types\/page"}],"author":[{"embeddable":true,"href":"https:\/\/woerrlein-naturfoto.de\/wordpress\/wp-json\/wp\/v2\/users\/1"}],"replies":[{"embeddable":true,"href":"https:\/\/woerrlein-naturfoto.de\/wordpress\/wp-json\/wp\/v2\/comments?post=3934"}],"version-history":[{"count":5,"href":"https:\/\/woerrlein-naturfoto.de\/wordpress\/wp-json\/wp\/v2\/pages\/3934\/revisions"}],"predecessor-version":[{"id":11193,"href":"https:\/\/woerrlein-naturfoto.de\/wordpress\/wp-json\/wp\/v2\/pages\/3934\/revisions\/11193"}],"up":[{"embeddable":true,"href":"https:\/\/woerrlein-naturfoto.de\/wordpress\/wp-json\/wp\/v2\/pages\/11172"}],"wp:attachment":[{"href":"https:\/\/woerrlein-naturfoto.de\/wordpress\/wp-json\/wp\/v2\/media?parent=3934"}],"curies":[{"name":"wp","href":"https:\/\/api.w.org\/{rel}","templated":true}]}}