{"id":3925,"date":"2015-01-11T15:28:01","date_gmt":"2015-01-11T13:28:01","guid":{"rendered":"http:\/\/woerrlein-naturfoto.de\/wordpress\/?page_id=3925"},"modified":"2019-10-02T15:29:42","modified_gmt":"2019-10-02T13:29:42","slug":"esparsetten-widderchen","status":"publish","type":"page","link":"https:\/\/woerrlein-naturfoto.de\/wordpress\/nachtfalter-a-z\/esparsetten-widderchen\/","title":{"rendered":"Esparsetten-Widderchen"},"content":{"rendered":"<p><a href=\"http:\/\/woerrlein-naturfoto.de\/wordpress\/insekten\/\"><span style=\"color: #ffff66;\">Insekten<\/span> <\/a>-&gt;<a href=\"http:\/\/woerrlein-naturfoto.de\/wordpress\/hauptseite-insekten\/insekten\/schmetterlinge-2\/\"> <span style=\"color: #ffff66;\">Schmetterlinge<\/span><\/a>-&gt;<a href=\"https:\/\/woerrlein-naturfoto.de\/wordpress\/hauptseite-insekten\/insekten\/schmetterlinge-2\/nachtfalter\/\"><span style=\"color: #ffff66;\">Nachtfalter<\/span><\/a><br \/>\n<a title=\"Insekten A-Z\" href=\"http:\/\/woerrlein-naturfoto.de\/wordpress\/insekten-a-z\/\">Insekten von A-Z<\/a><br \/>\nzur Galerie <a href=\"https:\/\/woerrlein-naturfoto.de\/wordpress\/hauptseite-insekten\/insekten\/schmetterlinge-2\/nachtfalter\/\">Nachtfalter<\/a><\/p>\n<p><img loading=\"lazy\" decoding=\"async\" class=\"alignleft wp-image-3857\" src=\"http:\/\/woerrlein-naturfoto.de\/wordpress\/wp-content\/uploads\/Esparsettenwidderchen_57535_v-400x600.jpg\" alt=\"Esparsettenwidderchen_57535_v.jpg\" width=\"267\" height=\"400\" srcset=\"https:\/\/woerrlein-naturfoto.de\/wordpress\/wp-content\/uploads\/Esparsettenwidderchen_57535_v-400x600.jpg 400w, https:\/\/woerrlein-naturfoto.de\/wordpress\/wp-content\/uploads\/Esparsettenwidderchen_57535_v.jpg 567w\" sizes=\"auto, (max-width: 267px) 100vw, 267px\" \/>Das <b>Esparsetten-Widderchen<\/b> oder <b>Krainer Widderchen<\/b> (<i>Zygaena carniolica<\/i>) ist ein Schmetterling (Nachtfalter) aus der Familie der Widderchen (Zygaenidae). Sowohl die Raupen als auch die erwachsenen Tiere sind giftig und dokumentieren dies f\u00fcr Fressfeinde mit Hilfe ihrer auff\u00e4lligen Warnf\u00e4rbung. Die Art wurde in Deutschland und \u00d6sterreich zum \u201e<a title=\"Insekt des Jahres\" href=\"http:\/\/de.wikipedia.org\/wiki\/Insekt_des_Jahres\" target=\"_blank\" rel=\"noopener noreferrer\">Insekt des Jahres<\/a> 2008\u201c gew\u00e4hlt. Das Esparsetten-Widderchen ist wegen seiner charakteristischen Zeichnung auf den Vorderfl\u00fcgeln \u2013 die roten Flecken auf schwarzem Grund sind hell umrandet \u2013 in Mitteleuropa meist recht eindeutig von anderen im Volksmund auch \u201eBlutstr\u00f6pfchen\u201c genannten Widderchen-Arten zu unterscheiden. Die helle Umrandung kann jedoch manchmal schwach ausfallen oder ganz fehlen und die Farbintensit\u00e4t der roten Flecken kann variieren.<br \/>\nDie Falter sind eher tr\u00e4ge Flieger; man findet sie oft zu mehreren auf einer Bl\u00fcte versammelt. Erw\u00e4hnenswert ist die Bildung sogenannter abendlicher \u201eParkstationen\u201c, bei denen die Falter zu mehreren, dicht aneinander geschmiegt die Nacht verbringen. Dabei versammeln sich entweder m\u00e4nnliche oder weibliche Tiere auf bestimmten Bl\u00fcten oder d\u00fcrren Halmen, obwohl \u00e4hnliche Bl\u00fcten bzw. Halme in unmittelbarer N\u00e4he unbesetzt bleiben.<\/p>\n<p><strong>Flugzeit:<\/strong>\u00a0\u00a0\u00a0\u00a0 Juni bis August in einer Generation<\/p>\n<p>Zur Galerie <a href=\"https:\/\/woerrlein-naturfoto.de\/wordpress\/hauptseite-insekten\/insekten\/schmetterlinge-2\/nachtfalter\/\">Nachtfalter<\/a><\/p>\n<p>&nbsp;<\/p>\n<p><em>Quelle des Textauszuges und weitere Infos bei <\/em><a href=\"http:\/\/de.wikipedia.org\/wiki\/Esparsetten-Widderchen\" target=\"_blank\" rel=\"noopener noreferrer\">Wikipedia<\/a><em> (<\/em><a href=\"http:\/\/www.gnu.org\/licenses\/fdl-1.3.txt\" target=\"_blank\" rel=\"noopener noreferrer\">GNU-Lizenz<\/a><em>)\u2013 mein Dank gilt den <\/em><a href=\"http:\/\/de.wikipedia.org\/w\/index.php?title=Esparsetten-Widderchen&amp;action=history\" target=\"_blank\" rel=\"noopener noreferrer\">Autoren<\/a><em>.<\/em><\/p>\n","protected":false},"excerpt":{"rendered":"<p>Insekten -&gt; Schmetterlinge-&gt;Nachtfalter Insekten von A-Z zur Galerie Nachtfalter Das Esparsetten-Widderchen oder Krainer Widderchen (Zygaena carniolica) ist ein Schmetterling (Nachtfalter) aus der Familie der Widderchen (Zygaenidae). Sowohl die Raupen als auch die erwachsenen Tiere sind giftig und dokumentieren dies f\u00fcr Fressfeinde mit Hilfe ihrer auff\u00e4lligen Warnf\u00e4rbung. Die Art wurde in Deutschland und \u00d6sterreich zum \u201eInsekt &hellip; <a href=\"https:\/\/woerrlein-naturfoto.de\/wordpress\/nachtfalter-a-z\/esparsetten-widderchen\/\" class=\"more-link\"><span class=\"screen-reader-text\">Esparsetten-Widderchen<\/span> weiterlesen <span class=\"meta-nav\">&rarr;<\/span><\/a><\/p>\n","protected":false},"author":1,"featured_media":0,"parent":11172,"menu_order":0,"comment_status":"closed","ping_status":"closed","template":"page-templates\/full-width.php","meta":{"footnotes":""},"class_list":["post-3925","page","type-page","status-publish","hentry"],"_links":{"self":[{"href":"https:\/\/woerrlein-naturfoto.de\/wordpress\/wp-json\/wp\/v2\/pages\/3925","targetHints":{"allow":["GET"]}}],"collection":[{"href":"https:\/\/woerrlein-naturfoto.de\/wordpress\/wp-json\/wp\/v2\/pages"}],"about":[{"href":"https:\/\/woerrlein-naturfoto.de\/wordpress\/wp-json\/wp\/v2\/types\/page"}],"author":[{"embeddable":true,"href":"https:\/\/woerrlein-naturfoto.de\/wordpress\/wp-json\/wp\/v2\/users\/1"}],"replies":[{"embeddable":true,"href":"https:\/\/woerrlein-naturfoto.de\/wordpress\/wp-json\/wp\/v2\/comments?post=3925"}],"version-history":[{"count":5,"href":"https:\/\/woerrlein-naturfoto.de\/wordpress\/wp-json\/wp\/v2\/pages\/3925\/revisions"}],"predecessor-version":[{"id":11191,"href":"https:\/\/woerrlein-naturfoto.de\/wordpress\/wp-json\/wp\/v2\/pages\/3925\/revisions\/11191"}],"up":[{"embeddable":true,"href":"https:\/\/woerrlein-naturfoto.de\/wordpress\/wp-json\/wp\/v2\/pages\/11172"}],"wp:attachment":[{"href":"https:\/\/woerrlein-naturfoto.de\/wordpress\/wp-json\/wp\/v2\/media?parent=3925"}],"curies":[{"name":"wp","href":"https:\/\/api.w.org\/{rel}","templated":true}]}}