{"id":3918,"date":"2015-01-11T15:09:07","date_gmt":"2015-01-11T13:09:07","guid":{"rendered":"http:\/\/woerrlein-naturfoto.de\/wordpress\/?page_id=3918"},"modified":"2019-10-02T14:59:23","modified_gmt":"2019-10-02T12:59:23","slug":"distelfalter","status":"publish","type":"page","link":"https:\/\/woerrlein-naturfoto.de\/wordpress\/edelfalter-a-z\/distelfalter\/","title":{"rendered":"Distelfalter"},"content":{"rendered":"<p><span style=\"color: #ffff00;\"><a href=\"http:\/\/woerrlein-naturfoto.de\/wordpress\/insekten\/\"><span style=\"color: #ffff66;\">Insekten<\/span><\/a><\/span> -&gt; <span style=\"color: #ffff00;\"><a href=\"http:\/\/woerrlein-naturfoto.de\/wordpress\/hauptseite-insekten\/insekten\/schmetterlinge-2\/\"><span style=\"color: #ffff66;\">Schmetterlinge<\/span><\/a><\/span>-&gt;<a href=\"https:\/\/woerrlein-naturfoto.de\/wordpress\/hauptseite-insekten\/insekten\/schmetterlinge-2\/edelfalter\/\"><span style=\"color: #ffff66;\">Edelfalter<\/span><\/a><br \/>\n<a title=\"Insekten A-Z\" href=\"http:\/\/woerrlein-naturfoto.de\/wordpress\/insekten-a-z\/\">Insekten von A-Z<\/a><br \/>\nzur Galerie <a href=\"https:\/\/woerrlein-naturfoto.de\/wordpress\/hauptseite-insekten\/insekten\/schmetterlinge-2\/edelfalter\/\">Edelfalter<\/a><\/p>\n<p><img loading=\"lazy\" decoding=\"async\" class=\"alignleft wp-image-3853\" src=\"http:\/\/woerrlein-naturfoto.de\/wordpress\/wp-content\/uploads\/Distelfalter_44708_z-600x400.jpg\" alt=\"Distelfalter_44708_z.jpg\" width=\"600\" height=\"400\" \/>Der <b>Distelfalter<\/b> (<i>Vanessa cardui<\/i>; Syn.: <i>Cynthia cardui<\/i>) ist ein Schmetterling aus der Familie der Edelfalter. Die Falter erreichen eine Fl\u00fcgelspannweite von 45 bis 60 Millimetern.<br \/>\nDistelfalter sind Wanderfalter und kommen in ganz Europa, Nordafrika, Asien, Nordamerika und Australien bis in eine H\u00f6he von ca. 3.000 Metern vor. Ihr Heimatgebiet liegt aber in den subtropischen Steppengebieten. In Europa sind sie nur in den hei\u00dfen Mittelmeergebieten dauerhaft bodenst\u00e4ndig. Bei ihren Wanderungen k\u00f6nnen die Falter weite Strecken zur\u00fccklegen, indem sie sich vom Wind tragen lassen. Dadurch erreichen sie sogar den hohen Norden Europas. In den neu besiedelten Gebieten vermehren sie sich zum Teil sogar mehrmals; die Nachkommen wandern aber wieder in f\u00fcr sie g\u00fcnstige Gebiete ab, da sie tiefe Temperaturen im Winter nicht \u00fcberstehen k\u00f6nnen.<\/p>\n<p><strong>Flugzeit:<\/strong>\u00a0\u00a0\u00a0\u00a0 April bis Oktober in mehreren Generationen<\/p>\n<p>Zur Galerie <a href=\"https:\/\/woerrlein-naturfoto.de\/wordpress\/hauptseite-insekten\/insekten\/schmetterlinge-2\/edelfalter\/\">Edelfalter<\/a><\/p>\n<p>&nbsp;<\/p>\n<p><em>Quelle des Textauszuges und weitere Infos bei <\/em><a href=\"http:\/\/de.wikipedia.org\/wiki\/Distelfalter\" target=\"_blank\" rel=\"noopener noreferrer\">Wikipedia<\/a><em> (<\/em><a href=\"http:\/\/www.gnu.org\/licenses\/fdl-1.3.txt\" target=\"_blank\" rel=\"noopener noreferrer\">GNU-Lizenz<\/a><em>)\u2013 mein Dank gilt den <\/em><a href=\"http:\/\/de.wikipedia.org\/w\/index.php?title=Distelfalter&amp;action=history\" target=\"_blank\" rel=\"noopener noreferrer\">Autoren<\/a><em>.<\/em><\/p>\n","protected":false},"excerpt":{"rendered":"<p>Insekten -&gt; Schmetterlinge-&gt;Edelfalter Insekten von A-Z zur Galerie Edelfalter Der Distelfalter (Vanessa cardui; Syn.: Cynthia cardui) ist ein Schmetterling aus der Familie der Edelfalter. Die Falter erreichen eine Fl\u00fcgelspannweite von 45 bis 60 Millimetern. Distelfalter sind Wanderfalter und kommen in ganz Europa, Nordafrika, Asien, Nordamerika und Australien bis in eine H\u00f6he von ca. 3.000 Metern &hellip; <a href=\"https:\/\/woerrlein-naturfoto.de\/wordpress\/edelfalter-a-z\/distelfalter\/\" class=\"more-link\"><span class=\"screen-reader-text\">Distelfalter<\/span> weiterlesen <span class=\"meta-nav\">&rarr;<\/span><\/a><\/p>\n","protected":false},"author":1,"featured_media":0,"parent":11134,"menu_order":0,"comment_status":"closed","ping_status":"closed","template":"page-templates\/full-width.php","meta":{"footnotes":""},"class_list":["post-3918","page","type-page","status-publish","hentry"],"_links":{"self":[{"href":"https:\/\/woerrlein-naturfoto.de\/wordpress\/wp-json\/wp\/v2\/pages\/3918","targetHints":{"allow":["GET"]}}],"collection":[{"href":"https:\/\/woerrlein-naturfoto.de\/wordpress\/wp-json\/wp\/v2\/pages"}],"about":[{"href":"https:\/\/woerrlein-naturfoto.de\/wordpress\/wp-json\/wp\/v2\/types\/page"}],"author":[{"embeddable":true,"href":"https:\/\/woerrlein-naturfoto.de\/wordpress\/wp-json\/wp\/v2\/users\/1"}],"replies":[{"embeddable":true,"href":"https:\/\/woerrlein-naturfoto.de\/wordpress\/wp-json\/wp\/v2\/comments?post=3918"}],"version-history":[{"count":8,"href":"https:\/\/woerrlein-naturfoto.de\/wordpress\/wp-json\/wp\/v2\/pages\/3918\/revisions"}],"predecessor-version":[{"id":11160,"href":"https:\/\/woerrlein-naturfoto.de\/wordpress\/wp-json\/wp\/v2\/pages\/3918\/revisions\/11160"}],"up":[{"embeddable":true,"href":"https:\/\/woerrlein-naturfoto.de\/wordpress\/wp-json\/wp\/v2\/pages\/11134"}],"wp:attachment":[{"href":"https:\/\/woerrlein-naturfoto.de\/wordpress\/wp-json\/wp\/v2\/media?parent=3918"}],"curies":[{"name":"wp","href":"https:\/\/api.w.org\/{rel}","templated":true}]}}

<p><span style="color: #ffff00;"><a href="http://woerrlein-naturfoto.de/wordpress/insekten/"><span style="color: #ffff66;">Insekten</span></a></span> -&gt; <span style="color: #ffff00;"><a href="http://woerrlein-naturfoto.de/wordpress/hauptseite-insekten/insekten/schmetterlinge-2/"><span style="color: #ffff66;">Schmetterlinge</span></a></span>-&gt;<a href="https://woerrlein-naturfoto.de/wordpress/hauptseite-insekten/insekten/schmetterlinge-2/edelfalter/"><span style="color: #ffff66;">Edelfalter</span></a><br />
<a title="Insekten A-Z" href="http://woerrlein-naturfoto.de/wordpress/insekten-a-z/">Insekten von A-Z</a><br />
zur Galerie <a href="https://woerrlein-naturfoto.de/wordpress/hauptseite-insekten/insekten/schmetterlinge-2/edelfalter/">Edelfalter</a></p>
<p><img loading="lazy" decoding="async" class="alignleft wp-image-3853" src="http://woerrlein-naturfoto.de/wordpress/wp-content/uploads/Distelfalter_44708_z-600x400.jpg" alt="Distelfalter_44708_z.jpg" width="600" height="400" />Der <b>Distelfalter</b> (<i>Vanessa cardui</i>; Syn.: <i>Cynthia cardui</i>) ist ein Schmetterling aus der Familie der Edelfalter. Die Falter erreichen eine Flügelspannweite von 45 bis 60 Millimetern.<br />
Distelfalter sind Wanderfalter und kommen in ganz Europa, Nordafrika, Asien, Nordamerika und Australien bis in eine Höhe von ca. 3.000 Metern vor. Ihr Heimatgebiet liegt aber in den subtropischen Steppengebieten. In Europa sind sie nur in den heißen Mittelmeergebieten dauerhaft bodenständig. Bei ihren Wanderungen können die Falter weite Strecken zurücklegen, indem sie sich vom Wind tragen lassen. Dadurch erreichen sie sogar den hohen Norden Europas. In den neu besiedelten Gebieten vermehren sie sich zum Teil sogar mehrmals; die Nachkommen wandern aber wieder in für sie günstige Gebiete ab, da sie tiefe Temperaturen im Winter nicht überstehen können.</p>
<p><strong>Flugzeit:</strong>     April bis Oktober in mehreren Generationen</p>
<p>Zur Galerie <a href="https://woerrlein-naturfoto.de/wordpress/hauptseite-insekten/insekten/schmetterlinge-2/edelfalter/">Edelfalter</a></p>
<p>&nbsp;</p>
<p><em>Quelle des Textauszuges und weitere Infos bei </em><a href="http://de.wikipedia.org/wiki/Distelfalter" target="_blank" rel="noopener noreferrer">Wikipedia</a><em> (</em><a href="http://www.gnu.org/licenses/fdl-1.3.txt" target="_blank" rel="noopener noreferrer">GNU-Lizenz</a><em>)– mein Dank gilt den </em><a href="http://de.wikipedia.org/w/index.php?title=Distelfalter&amp;action=history" target="_blank" rel="noopener noreferrer">Autoren</a><em>.</em></p>

<p>Insekten -&gt; Schmetterlinge-&gt;Edelfalter Insekten von A-Z zur Galerie Edelfalter Der Distelfalter (Vanessa cardui; Syn.: Cynthia cardui) ist ein Schmetterling aus der Familie der Edelfalter. Die Falter erreichen eine Flügelspannweite von 45 bis 60 Millimetern. Distelfalter sind Wanderfalter und kommen in ganz Europa, Nordafrika, Asien, Nordamerika und Australien bis in eine Höhe von ca. 3.000 Metern &hellip; <a href="https://woerrlein-naturfoto.de/wordpress/edelfalter-a-z/distelfalter/" class="more-link"><span class="screen-reader-text">Distelfalter</span> weiterlesen <span class="meta-nav">&rarr;</span></a></p>
