{"id":3840,"date":"2015-01-10T18:35:38","date_gmt":"2015-01-10T16:35:38","guid":{"rendered":"http:\/\/woerrlein-naturfoto.de\/wordpress\/?page_id=3840"},"modified":"2024-01-24T18:09:32","modified_gmt":"2024-01-24T17:09:32","slug":"ausstellungen","status":"publish","type":"page","link":"https:\/\/woerrlein-naturfoto.de\/wordpress\/haupt-ausstellungen\/ausstellungen\/","title":{"rendered":"Ausstellungen"},"content":{"rendered":"<hr \/>\n<p><a href=\"https:\/\/woerrlein-naturfoto.de\/wordpress\/haupt-ausstellungen\/ausstellungen\/blindeninstitut-rueckersdorf\/\">Blindeninstitut R\u00fcckersdorf<\/a><\/p>\n<p>Vom 3. Dezember 2023 bis Anfang Januar 2024 fand unter dem Motto <strong>R\u00fcckersdorf &#8211; K\u00fcnstlerdorf<\/strong> in den R\u00e4umen des <a href=\"https:\/\/www.blindeninstitut.de\/de\/blindeninstitute\/rueckersdorf\/\" target=\"_blank\" rel=\"noopener\">Blindeninstituts R\u00fcckersdorf<\/a> eine Ausstellung verschiedenster K\u00fcnstler statt, die einen Bezug zu R\u00fcckersdorf haben. An dieser Ausstellung durften sich Anke und Dieter mit je drei Bildern beteiligen.<br \/>\nIm Anschluss an die Ausstellungser\u00f6ffnung gaben junge Interpreten aus R\u00fcckersdorf ein Konzert auf sehr hohem Niveau.<\/p>\n<p><a href=\"https:\/\/woerrlein-naturfoto.de\/wordpress\/haupt-ausstellungen\/ausstellungen\/blindeninstitut-rueckersdorf\/\"><img loading=\"lazy\" decoding=\"async\" class=\"alignleft wp-image-17638\" src=\"https:\/\/woerrlein-naturfoto.de\/wordpress\/wp-content\/uploads\/2023\/12\/Blindi-302x400.jpg\" alt=\"\" width=\"600\" height=\"794\" srcset=\"https:\/\/woerrlein-naturfoto.de\/wordpress\/wp-content\/uploads\/2023\/12\/Blindi-302x400.jpg 302w, https:\/\/woerrlein-naturfoto.de\/wordpress\/wp-content\/uploads\/2023\/12\/Blindi.jpg 600w\" sizes=\"auto, (max-width: 600px) 100vw, 600px\" \/><\/a><\/p>\n<p>&nbsp;<\/p>\n<hr \/>\n<p><a href=\"http:\/\/woerrlein-naturfoto.de\/wordpress\/haupt-ausstellungen\/ausstellungen\/roentgenpraxis-dr-langlouis\/\">R\u00f6ntgenpraxis Dr. Langlouis<\/a><\/p>\n<p>Vom 10. Oktober 2016 bis Anfang Januar 2017 zeigt Dieter im <a href=\"http:\/\/www.radiologiezentrum.com\/ueber-uns\/standorte\/lauf\/\" target=\"_blank\" rel=\"noopener\">RNZ Lauf,<\/a> der R\u00f6ntgenpraxis Dr. Langlouis, <span class=\"_Xbe\">Simonshofer Str. 53,<\/span> 91207 Lauf a.d.Pegnitz 56 Aufnahmen von \u00fcberwiegend heimischen Pflanzen und Tieren. Die meisten Bilder haben ein Ma\u00df von 45\u00d730 cm.<\/p>\n<p><a href=\"http:\/\/woerrlein-naturfoto.de\/wordpress\/haupt-ausstellungen\/ausstellungen\/roentgenpraxis-dr-langlouis\/\"><img loading=\"lazy\" decoding=\"async\" class=\"alignnone wp-image-8319 size-medium\" src=\"http:\/\/woerrlein-naturfoto.de\/wordpress\/wp-content\/uploads\/2016\/10\/DrLanglouis_D161009_10015-600x400.jpg\" alt=\"drlanglouis_d161009_10015\" width=\"600\" height=\"400\" srcset=\"https:\/\/woerrlein-naturfoto.de\/wordpress\/wp-content\/uploads\/2016\/10\/DrLanglouis_D161009_10015-600x400.jpg 600w, https:\/\/woerrlein-naturfoto.de\/wordpress\/wp-content\/uploads\/2016\/10\/DrLanglouis_D161009_10015-768x512.jpg 768w, https:\/\/woerrlein-naturfoto.de\/wordpress\/wp-content\/uploads\/2016\/10\/DrLanglouis_D161009_10015-1024x683.jpg 1024w, https:\/\/woerrlein-naturfoto.de\/wordpress\/wp-content\/uploads\/2016\/10\/DrLanglouis_D161009_10015-120x80.jpg 120w\" sizes=\"auto, (max-width: 600px) 100vw, 600px\" \/><\/a><\/p>\n<hr \/>\n<p><a href=\"http:\/\/woerrlein-naturfoto.de\/wordpress\/haupt-ausstellungen\/ausstellungen\/pz-kulturraum\/\">PZ-Kulturraum in Lauf a.d.Pegn.<\/a><\/p>\n<p>Von 27.Februar 2015 bis November 2015 zeigte Dieter im <a href=\"http:\/\/www.pz-kulturraum.de\/\" target=\"_blank\" rel=\"noopener\">Kulturraum der Pegnitz-Zeitung<\/a> in der N\u00fcrnberger Stra\u00dfe 19 in Lauf a.d.Pegn. eine kleine Auswahl seiner Tier- und Pflanzenbildern.<\/p>\n<p><a href=\"http:\/\/woerrlein-naturfoto.de\/wordpress\/haupt-ausstellungen\/ausstellungen\/pz-kulturraum\/\"><img loading=\"lazy\" decoding=\"async\" class=\"alignnone wp-image-6547\" src=\"http:\/\/woerrlein-naturfoto.de\/wordpress\/wp-content\/uploads\/2015\/01\/D150226_9629-600x400.jpg\" alt=\"D150226_9629\" width=\"600\" height=\"400\" srcset=\"https:\/\/woerrlein-naturfoto.de\/wordpress\/wp-content\/uploads\/2015\/01\/D150226_9629-600x400.jpg 600w, https:\/\/woerrlein-naturfoto.de\/wordpress\/wp-content\/uploads\/2015\/01\/D150226_9629-120x80.jpg 120w, https:\/\/woerrlein-naturfoto.de\/wordpress\/wp-content\/uploads\/2015\/01\/D150226_9629.jpg 1000w\" sizes=\"auto, (max-width: 600px) 100vw, 600px\" \/><\/a><\/p>\n<hr \/>\n<p><a href=\"http:\/\/woerrlein-naturfoto.de\/wordpress\/haupt-ausstellungen\/ausstellungen\/zeidelmuseum-2\/\">Zeidelmuseum in Feucht<\/a><\/p>\n<div style=\"text-align: left;\" align=\"center\">Im April 2014 war jeden Sonntag in den R\u00e4umen des <a href=\"http:\/\/www.zeidel-museum.de\/index.php\/museum\" target=\"_blank\" rel=\"noopener\">Zeidelmuseums<\/a>,Pfinzingstra\u00dfe 6, 90537 Feucht eine Auswahl der Tier- und Pflanzenaufnahmen von Dieter zu sehen.<\/div>\n<p><a href=\"http:\/\/woerrlein-naturfoto.de\/wordpress\/haupt-ausstellungen\/ausstellungen\/zeitelmuseum_feucht\/\"><br \/>\n<\/a><a href=\"http:\/\/woerrlein-naturfoto.de\/wordpress\/haupt-ausstellungen\/ausstellungen\/zeidelmuseum-2\/\"><img loading=\"lazy\" decoding=\"async\" class=\" wp-image-6137 size-medium alignnone\" src=\"http:\/\/woerrlein-naturfoto.de\/wordpress\/wp-content\/uploads\/2015\/01\/Zeidelmuseum-600x400.jpg\" alt=\"Zeidelmuseum\" width=\"600\" height=\"400\" srcset=\"https:\/\/woerrlein-naturfoto.de\/wordpress\/wp-content\/uploads\/2015\/01\/Zeidelmuseum.jpg 600w, https:\/\/woerrlein-naturfoto.de\/wordpress\/wp-content\/uploads\/2015\/01\/Zeidelmuseum-120x80.jpg 120w\" sizes=\"auto, (max-width: 600px) 100vw, 600px\" \/><\/a><\/p>\n<hr \/>\n<p><a href=\"http:\/\/woerrlein-naturfoto.de\/wordpress\/haupt-ausstellungen\/ausstellungen\/leupold-2\/\">Fa. Leupold in R\u00f6thenbach a.d.Pegn.<\/a><\/p>\n<p>Von Anfang November 2013 bis Ende Januar 2014 war die Kachelofenausstellung der <a href=\"http:\/\/www.leupold-keramik.de\/\" target=\"_blank\" rel=\"noopener\">Fa. Leupold<\/a> in R\u00f6thenbach an der Pegnitz mit Tier und Pflanzenbildern von Dieter dekoriert.<\/p>\n<p><a href=\"http:\/\/woerrlein-naturfoto.de\/wordpress\/haupt-ausstellungen\/ausstellungen\/leupold-2\/\"><img loading=\"lazy\" decoding=\"async\" class=\"alignnone wp-image-6142\" src=\"http:\/\/woerrlein-naturfoto.de\/wordpress\/wp-content\/uploads\/2015\/01\/Leupold-600x400.jpg\" alt=\"Leupold\" width=\"600\" height=\"400\" srcset=\"https:\/\/woerrlein-naturfoto.de\/wordpress\/wp-content\/uploads\/2015\/01\/Leupold.jpg 600w, https:\/\/woerrlein-naturfoto.de\/wordpress\/wp-content\/uploads\/2015\/01\/Leupold-120x80.jpg 120w\" sizes=\"auto, (max-width: 600px) 100vw, 600px\" \/><\/a><\/p>\n<hr \/>\n<p><a href=\"http:\/\/woerrlein-naturfoto.de\/wordpress\/haupt-ausstellungen\/ausstellungen\/scala-fitness\/\">Scala Fitnes in Lauf a.d.Pegn.<\/a><\/p>\n<p>Vom 1. September 2013 bis 31. Oktober 2013 war in den R\u00e4umen von <a href=\"http:\/\/www.scala-fitness.de\/\" target=\"_blank\" rel=\"noopener\">Scala Fitness<\/a> , Hermannstr. 8, 91207 Lauf eine Auswahl Dieters Tier- und Pflanzenaufnahmen zu sehen.<\/p>\n<p><a href=\"http:\/\/woerrlein-naturfoto.de\/wordpress\/haupt-ausstellungen\/ausstellungen\/scala-fitness\/\"><img loading=\"lazy\" decoding=\"async\" class=\"alignnone wp-image-6140\" src=\"http:\/\/woerrlein-naturfoto.de\/wordpress\/wp-content\/uploads\/2015\/01\/scala-600x400.jpg\" alt=\"\" width=\"600\" height=\"400\" srcset=\"https:\/\/woerrlein-naturfoto.de\/wordpress\/wp-content\/uploads\/2015\/01\/scala.jpg 600w, https:\/\/woerrlein-naturfoto.de\/wordpress\/wp-content\/uploads\/2015\/01\/scala-120x80.jpg 120w\" sizes=\"auto, (max-width: 600px) 100vw, 600px\" \/><\/a><\/p>\n","protected":false},"excerpt":{"rendered":"<p>Blindeninstitut R\u00fcckersdorf Vom 3. Dezember 2023 bis Anfang Januar 2024 fand unter dem Motto R\u00fcckersdorf &#8211; K\u00fcnstlerdorf in den R\u00e4umen des Blindeninstituts R\u00fcckersdorf eine Ausstellung verschiedenster K\u00fcnstler statt, die einen Bezug zu R\u00fcckersdorf haben. An dieser Ausstellung durften sich Anke und Dieter mit je drei Bildern beteiligen. Im Anschluss an die Ausstellungser\u00f6ffnung gaben junge Interpreten &hellip; <a href=\"https:\/\/woerrlein-naturfoto.de\/wordpress\/haupt-ausstellungen\/ausstellungen\/\" class=\"more-link\"><span class=\"screen-reader-text\">Ausstellungen<\/span> weiterlesen <span class=\"meta-nav\">&rarr;<\/span><\/a><\/p>\n","protected":false},"author":1,"featured_media":0,"parent":3838,"menu_order":0,"comment_status":"closed","ping_status":"closed","template":"","meta":{"footnotes":""},"class_list":["post-3840","page","type-page","status-publish","hentry"],"_links":{"self":[{"href":"https:\/\/woerrlein-naturfoto.de\/wordpress\/wp-json\/wp\/v2\/pages\/3840","targetHints":{"allow":["GET"]}}],"collection":[{"href":"https:\/\/woerrlein-naturfoto.de\/wordpress\/wp-json\/wp\/v2\/pages"}],"about":[{"href":"https:\/\/woerrlein-naturfoto.de\/wordpress\/wp-json\/wp\/v2\/types\/page"}],"author":[{"embeddable":true,"href":"https:\/\/woerrlein-naturfoto.de\/wordpress\/wp-json\/wp\/v2\/users\/1"}],"replies":[{"embeddable":true,"href":"https:\/\/woerrlein-naturfoto.de\/wordpress\/wp-json\/wp\/v2\/comments?post=3840"}],"version-history":[{"count":61,"href":"https:\/\/woerrlein-naturfoto.de\/wordpress\/wp-json\/wp\/v2\/pages\/3840\/revisions"}],"predecessor-version":[{"id":17942,"href":"https:\/\/woerrlein-naturfoto.de\/wordpress\/wp-json\/wp\/v2\/pages\/3840\/revisions\/17942"}],"up":[{"embeddable":true,"href":"https:\/\/woerrlein-naturfoto.de\/wordpress\/wp-json\/wp\/v2\/pages\/3838"}],"wp:attachment":[{"href":"https:\/\/woerrlein-naturfoto.de\/wordpress\/wp-json\/wp\/v2\/media?parent=3840"}],"curies":[{"name":"wp","href":"https:\/\/api.w.org\/{rel}","templated":true}]}}