{"id":3713,"date":"2015-01-06T15:04:59","date_gmt":"2015-01-06T13:04:59","guid":{"rendered":"http:\/\/woerrlein-naturfoto.de\/wordpress\/?page_id=3713"},"modified":"2015-02-11T23:05:27","modified_gmt":"2015-02-11T22:05:27","slug":"gruenes-heupferd","status":"publish","type":"page","link":"https:\/\/woerrlein-naturfoto.de\/wordpress\/fang-und-heuschrecken-a-z\/gruenes-heupferd\/","title":{"rendered":"Gr\u00fcnes Heupferd"},"content":{"rendered":"<p><a href=\"http:\/\/woerrlein-naturfoto.de\/wordpress\/insekten\/\"><span style=\"color: #ffff66;\">Insekten<\/span> <\/a>-&gt;<a href=\"http:\/\/woerrlein-naturfoto.de\/wordpress\/hauptseite-insekten\/insekten\/fang-und-heuschrecken\/\"> <span style=\"color: #ffff66;\">Fang- und Heuschrecken<\/span><\/a><br \/>\n<a title=\"Insekten A-Z\" href=\"http:\/\/woerrlein-naturfoto.de\/wordpress\/insekten-a-z\/\">Insekten von A-Z<\/a><br \/>\nzur Galerie <a title=\"Fang- und Heuschrecken\" href=\"http:\/\/woerrlein-naturfoto.de\/wordpress\/hauptseite-insekten\/insekten\/fang-und-heuschrecken\/\">Fang- und Heuschrecken<\/a><\/p>\n<p><img loading=\"lazy\" decoding=\"async\" class=\"alignleft wp-image-3692\" src=\"http:\/\/woerrlein-naturfoto.de\/wordpress\/wp-content\/uploads\/GruenesHeupferd_20487a-400x600.jpg\" alt=\"GruenesHeupferd_20487a.jpg\" width=\"267\" height=\"400\" \/>Das <b>Gr\u00fcne Heupferd<\/b> (<i>Tettigonia viridissima<\/i>), auch <b>Gro\u00dfes Heupferd<\/b>, <b>Gro\u00dfes Gr\u00fcnes Heupferd<\/b>, selten auch <b>Gr\u00fcne Laubheuschrecke<\/b> genannt, ist eine der gr\u00f6\u00dften in Mitteleuropa vorkommenden Langf\u00fchlerschrecken aus der \u00dcberfamilie der Laubheuschrecken. Die Art geh\u00f6rt zu den h\u00e4ufigsten Laubheuschrecken Mitteleuropas.<br \/>\nDie Tiere haben eine K\u00f6rperl\u00e4nge von 28 bis 36 Millimetern (M\u00e4nnchen) bzw. 32 bis 42 Millimetern (Weibchen) und sind damit deutlich gr\u00f6\u00dfer als die nah verwandte und zum Teil im gleichen Verbreitungsgebiet vorkommende Zwitscherschrecke (<i>Tettigonia cantans<\/i>). Die Leger\u00f6hre der Weibchen erreicht eine L\u00e4nge von weiteren 23 bis 32 Millimetern. Fast alle Gr\u00fcnen Heupferde sind einfarbig gr\u00fcn, selten treten gelbliche Tiere auf oder solche, bei denen die Beine gelb sind.<br \/>\nSowohl die Larven als auch die geschlechtsreifen Gr\u00fcnen Heupferde ern\u00e4hren sich haupts\u00e4chlich r\u00e4uberisch von Insekten und deren Larven und von schwachen und verletzten Artgenossen. Ferner fressen sie an einer Vielzahl von Pflanzen und bevorzugen dabei weiche und krautige Pflanzen.<\/p>\n<p>Zur Galerie <a title=\"Fang- und Heuschrecken\" href=\"http:\/\/woerrlein-naturfoto.de\/wordpress\/hauptseite-insekten\/insekten\/fang-und-heuschrecken\/\">Fang- und Heuschrecken<\/a><\/p>\n<p>&nbsp;<\/p>\n<p><em>Quelle des Textauszuges und weitere Infos bei <\/em><a href=\"http:\/\/de.wikipedia.org\/wiki\/Gr%C3%BCnes_Heupferd\" target=\"_blank\">Wikipedia<\/a><em> (<\/em><a href=\"http:\/\/www.gnu.org\/licenses\/fdl-1.3.txt\" target=\"_blank\">GNU-Lizenz<\/a><em>)\u2013 mein Dank gilt den <\/em><a href=\"http:\/\/de.wikipedia.org\/w\/index.php?title=Gr%C3%BCnes_Heupferd&amp;action=history\" target=\"_blank\">Autoren<\/a><em>.<\/em><\/p>\n","protected":false},"excerpt":{"rendered":"<p>Insekten -&gt; Fang- und Heuschrecken Insekten von A-Z zur Galerie Fang- und Heuschrecken Das Gr\u00fcne Heupferd (Tettigonia viridissima), auch Gro\u00dfes Heupferd, Gro\u00dfes Gr\u00fcnes Heupferd, selten auch Gr\u00fcne Laubheuschrecke genannt, ist eine der gr\u00f6\u00dften in Mitteleuropa vorkommenden Langf\u00fchlerschrecken aus der \u00dcberfamilie der Laubheuschrecken. Die Art geh\u00f6rt zu den h\u00e4ufigsten Laubheuschrecken Mitteleuropas. Die Tiere haben eine K\u00f6rperl\u00e4nge &hellip; <a href=\"https:\/\/woerrlein-naturfoto.de\/wordpress\/fang-und-heuschrecken-a-z\/gruenes-heupferd\/\" class=\"more-link\"><span class=\"screen-reader-text\">Gr\u00fcnes Heupferd<\/span> weiterlesen <span class=\"meta-nav\">&rarr;<\/span><\/a><\/p>\n","protected":false},"author":1,"featured_media":0,"parent":3698,"menu_order":0,"comment_status":"closed","ping_status":"closed","template":"page-templates\/full-width.php","meta":{"footnotes":""},"class_list":["post-3713","page","type-page","status-publish","hentry"],"_links":{"self":[{"href":"https:\/\/woerrlein-naturfoto.de\/wordpress\/wp-json\/wp\/v2\/pages\/3713","targetHints":{"allow":["GET"]}}],"collection":[{"href":"https:\/\/woerrlein-naturfoto.de\/wordpress\/wp-json\/wp\/v2\/pages"}],"about":[{"href":"https:\/\/woerrlein-naturfoto.de\/wordpress\/wp-json\/wp\/v2\/types\/page"}],"author":[{"embeddable":true,"href":"https:\/\/woerrlein-naturfoto.de\/wordpress\/wp-json\/wp\/v2\/users\/1"}],"replies":[{"embeddable":true,"href":"https:\/\/woerrlein-naturfoto.de\/wordpress\/wp-json\/wp\/v2\/comments?post=3713"}],"version-history":[{"count":3,"href":"https:\/\/woerrlein-naturfoto.de\/wordpress\/wp-json\/wp\/v2\/pages\/3713\/revisions"}],"predecessor-version":[{"id":5901,"href":"https:\/\/woerrlein-naturfoto.de\/wordpress\/wp-json\/wp\/v2\/pages\/3713\/revisions\/5901"}],"up":[{"embeddable":true,"href":"https:\/\/woerrlein-naturfoto.de\/wordpress\/wp-json\/wp\/v2\/pages\/3698"}],"wp:attachment":[{"href":"https:\/\/woerrlein-naturfoto.de\/wordpress\/wp-json\/wp\/v2\/media?parent=3713"}],"curies":[{"name":"wp","href":"https:\/\/api.w.org\/{rel}","templated":true}]}}