{"id":3711,"date":"2015-01-06T14:57:24","date_gmt":"2015-01-06T12:57:24","guid":{"rendered":"http:\/\/woerrlein-naturfoto.de\/wordpress\/?page_id=3711"},"modified":"2015-02-11T23:06:07","modified_gmt":"2015-02-11T22:06:07","slug":"grashuepfer","status":"publish","type":"page","link":"https:\/\/woerrlein-naturfoto.de\/wordpress\/fang-und-heuschrecken-a-z\/grashuepfer\/","title":{"rendered":"Grash\u00fcpfer"},"content":{"rendered":"<p><a href=\"http:\/\/woerrlein-naturfoto.de\/wordpress\/insekten\/\"><span style=\"color: #ffff66;\">Insekten<\/span> <\/a>-&gt;<a href=\"http:\/\/woerrlein-naturfoto.de\/wordpress\/hauptseite-insekten\/insekten\/fang-und-heuschrecken\/\"> <span style=\"color: #ffff66;\">Fang- und Heuschrecken<\/span><\/a><br \/>\n<a title=\"Insekten A-Z\" href=\"http:\/\/woerrlein-naturfoto.de\/wordpress\/insekten-a-z\/\">Insekten von A-Z<\/a><br \/>\nzur Galerie <a title=\"Fang- und Heuschrecken\" href=\"http:\/\/woerrlein-naturfoto.de\/wordpress\/hauptseite-insekten\/insekten\/fang-und-heuschrecken\/\">Fang- und Heuschrecken<\/a><\/p>\n<p><img loading=\"lazy\" decoding=\"async\" class=\"alignleft wp-image-3693\" src=\"http:\/\/woerrlein-naturfoto.de\/wordpress\/wp-content\/uploads\/Grashuepfer_20638a-400x600.jpg\" alt=\"Grashuepfer_20638a.jpg\" width=\"267\" height=\"400\" \/><\/p>\n<p>Die <b>Grash\u00fcpfer<\/b> (Gomphocerinae) sind eine artenreiche Unterfamilie der Feldheuschrecken, deren Vertreter vorzugsweise in verschiedenen Arten von Grasland (Wiesen, Gr\u00fcnlandbrachen bis hin zu selten gem\u00e4hten Verkehrsinseln) leben. Der Kopf der Grash\u00fcpfer wirkt im Profil meist spitzer als der der verwandten \u00d6dlandschrecken. Der Gesang der Grash\u00fcpfer ist st\u00e4rker differenziert als bei den \u00d6dlandschrecken: Die meisten Arten zeigen einen <i>\u201egew\u00f6hnlichen Gesang\u201c,<\/i> mit dem die Weibchen angelockt werden, einen <i>Rivalengesang,<\/i> mit dem die M\u00e4nnchen ihr Territorium gegeneinander abgrenzen, und einen <i>Werbegesang<\/i> bei der Balz.<\/p>\n<p>Zur Galerie <a title=\"Fang- und Heuschrecken\" href=\"http:\/\/woerrlein-naturfoto.de\/wordpress\/hauptseite-insekten\/insekten\/fang-und-heuschrecken\/\">Fang- und Heuschrecken<\/a><\/p>\n<p>&nbsp;<\/p>\n<p><em>Quelle des Textauszuges und weitere Infos bei <\/em><a href=\"http:\/\/de.wikipedia.org\/wiki\/Grash%C3%BCpfer\" target=\"_blank\">Wikipedia<\/a><em> (<\/em><a href=\"http:\/\/www.gnu.org\/licenses\/fdl-1.3.txt\" target=\"_blank\">GNU-Lizenz<\/a><em>)\u2013 mein Dank gilt den <\/em><a href=\"http:\/\/de.wikipedia.org\/w\/index.php?title=Grash%C3%BCpfer&amp;action=history\" target=\"_blank\">Autoren<\/a><em>.<\/em><\/p>\n","protected":false},"excerpt":{"rendered":"<p>Insekten -&gt; Fang- und Heuschrecken Insekten von A-Z zur Galerie Fang- und Heuschrecken Die Grash\u00fcpfer (Gomphocerinae) sind eine artenreiche Unterfamilie der Feldheuschrecken, deren Vertreter vorzugsweise in verschiedenen Arten von Grasland (Wiesen, Gr\u00fcnlandbrachen bis hin zu selten gem\u00e4hten Verkehrsinseln) leben. Der Kopf der Grash\u00fcpfer wirkt im Profil meist spitzer als der der verwandten \u00d6dlandschrecken. Der Gesang &hellip; <a href=\"https:\/\/woerrlein-naturfoto.de\/wordpress\/fang-und-heuschrecken-a-z\/grashuepfer\/\" class=\"more-link\"><span class=\"screen-reader-text\">Grash\u00fcpfer<\/span> weiterlesen <span class=\"meta-nav\">&rarr;<\/span><\/a><\/p>\n","protected":false},"author":1,"featured_media":0,"parent":3698,"menu_order":0,"comment_status":"closed","ping_status":"closed","template":"page-templates\/full-width.php","meta":{"footnotes":""},"class_list":["post-3711","page","type-page","status-publish","hentry"],"_links":{"self":[{"href":"https:\/\/woerrlein-naturfoto.de\/wordpress\/wp-json\/wp\/v2\/pages\/3711","targetHints":{"allow":["GET"]}}],"collection":[{"href":"https:\/\/woerrlein-naturfoto.de\/wordpress\/wp-json\/wp\/v2\/pages"}],"about":[{"href":"https:\/\/woerrlein-naturfoto.de\/wordpress\/wp-json\/wp\/v2\/types\/page"}],"author":[{"embeddable":true,"href":"https:\/\/woerrlein-naturfoto.de\/wordpress\/wp-json\/wp\/v2\/users\/1"}],"replies":[{"embeddable":true,"href":"https:\/\/woerrlein-naturfoto.de\/wordpress\/wp-json\/wp\/v2\/comments?post=3711"}],"version-history":[{"count":3,"href":"https:\/\/woerrlein-naturfoto.de\/wordpress\/wp-json\/wp\/v2\/pages\/3711\/revisions"}],"predecessor-version":[{"id":5902,"href":"https:\/\/woerrlein-naturfoto.de\/wordpress\/wp-json\/wp\/v2\/pages\/3711\/revisions\/5902"}],"up":[{"embeddable":true,"href":"https:\/\/woerrlein-naturfoto.de\/wordpress\/wp-json\/wp\/v2\/pages\/3698"}],"wp:attachment":[{"href":"https:\/\/woerrlein-naturfoto.de\/wordpress\/wp-json\/wp\/v2\/media?parent=3711"}],"curies":[{"name":"wp","href":"https:\/\/api.w.org\/{rel}","templated":true}]}}

Grashüpfer

<p><a href="http://woerrlein-naturfoto.de/wordpress/insekten/"><span style="color: #ffff66;">Insekten</span> </a>-&gt;<a href="http://woerrlein-naturfoto.de/wordpress/hauptseite-insekten/insekten/fang-und-heuschrecken/"> <span style="color: #ffff66;">Fang- und Heuschrecken</span></a><br />
<a title="Insekten A-Z" href="http://woerrlein-naturfoto.de/wordpress/insekten-a-z/">Insekten von A-Z</a><br />
zur Galerie <a title="Fang- und Heuschrecken" href="http://woerrlein-naturfoto.de/wordpress/hauptseite-insekten/insekten/fang-und-heuschrecken/">Fang- und Heuschrecken</a></p>
<p><img loading="lazy" decoding="async" class="alignleft wp-image-3693" src="http://woerrlein-naturfoto.de/wordpress/wp-content/uploads/Grashuepfer_20638a-400x600.jpg" alt="Grashuepfer_20638a.jpg" width="267" height="400" /></p>
<p>Die <b>Grashüpfer</b> (Gomphocerinae) sind eine artenreiche Unterfamilie der Feldheuschrecken, deren Vertreter vorzugsweise in verschiedenen Arten von Grasland (Wiesen, Grünlandbrachen bis hin zu selten gemähten Verkehrsinseln) leben. Der Kopf der Grashüpfer wirkt im Profil meist spitzer als der der verwandten Ödlandschrecken. Der Gesang der Grashüpfer ist stärker differenziert als bei den Ödlandschrecken: Die meisten Arten zeigen einen <i>„gewöhnlichen Gesang“,</i> mit dem die Weibchen angelockt werden, einen <i>Rivalengesang,</i> mit dem die Männchen ihr Territorium gegeneinander abgrenzen, und einen <i>Werbegesang</i> bei der Balz.</p>
<p>Zur Galerie <a title="Fang- und Heuschrecken" href="http://woerrlein-naturfoto.de/wordpress/hauptseite-insekten/insekten/fang-und-heuschrecken/">Fang- und Heuschrecken</a></p>
<p>&nbsp;</p>
<p><em>Quelle des Textauszuges und weitere Infos bei </em><a href="http://de.wikipedia.org/wiki/Grash%C3%BCpfer" target="_blank">Wikipedia</a><em> (</em><a href="http://www.gnu.org/licenses/fdl-1.3.txt" target="_blank">GNU-Lizenz</a><em>)– mein Dank gilt den </em><a href="http://de.wikipedia.org/w/index.php?title=Grash%C3%BCpfer&amp;action=history" target="_blank">Autoren</a><em>.</em></p>

<p>Insekten -&gt; Fang- und Heuschrecken Insekten von A-Z zur Galerie Fang- und Heuschrecken Die Grashüpfer (Gomphocerinae) sind eine artenreiche Unterfamilie der Feldheuschrecken, deren Vertreter vorzugsweise in verschiedenen Arten von Grasland (Wiesen, Grünlandbrachen bis hin zu selten gemähten Verkehrsinseln) leben. Der Kopf der Grashüpfer wirkt im Profil meist spitzer als der der verwandten Ödlandschrecken. Der Gesang &hellip; <a href="https://woerrlein-naturfoto.de/wordpress/fang-und-heuschrecken-a-z/grashuepfer/" class="more-link"><span class="screen-reader-text">Grashüpfer</span> weiterlesen <span class="meta-nav">&rarr;</span></a></p>
