{"id":3704,"date":"2015-01-06T14:38:30","date_gmt":"2015-01-06T12:38:30","guid":{"rendered":"http:\/\/woerrlein-naturfoto.de\/wordpress\/?page_id=3704"},"modified":"2015-02-11T23:09:33","modified_gmt":"2015-02-11T22:09:33","slug":"blaufluegelige-oedlandschrecke","status":"publish","type":"page","link":"https:\/\/woerrlein-naturfoto.de\/wordpress\/fang-und-heuschrecken-a-z\/blaufluegelige-oedlandschrecke\/","title":{"rendered":"Blaufl\u00fcgelige \u00d6dlandschrecke"},"content":{"rendered":"<p><a href=\"http:\/\/woerrlein-naturfoto.de\/wordpress\/insekten\/\"><span style=\"color: #ffff66;\">Insekten<\/span> <\/a>-&gt;<a href=\"http:\/\/woerrlein-naturfoto.de\/wordpress\/hauptseite-insekten\/insekten\/fang-und-heuschrecken\/\"> <span style=\"color: #ffff66;\">Fang- und Heuschrecken<\/span><\/a><br \/>\n<a title=\"Insekten A-Z\" href=\"http:\/\/woerrlein-naturfoto.de\/wordpress\/insekten-a-z\/\">Insekten von A-Z<\/a><br \/>\nzur Galerie <a title=\"Fang- und Heuschrecken\" href=\"http:\/\/woerrlein-naturfoto.de\/wordpress\/hauptseite-insekten\/insekten\/fang-und-heuschrecken\/\">Fang- und Heuschrecken<\/a><\/p>\n<p><img loading=\"lazy\" decoding=\"async\" class=\"alignleft wp-image-3689\" src=\"http:\/\/woerrlein-naturfoto.de\/wordpress\/wp-content\/uploads\/Oedlandschrecke_04993L-600x400.jpg\" alt=\"Oedlandschrecke_04993L.jpg\" width=\"600\" height=\"400\" srcset=\"https:\/\/woerrlein-naturfoto.de\/wordpress\/wp-content\/uploads\/Oedlandschrecke_04993L-600x400.jpg 600w, https:\/\/woerrlein-naturfoto.de\/wordpress\/wp-content\/uploads\/Oedlandschrecke_04993L-120x80.jpg 120w, https:\/\/woerrlein-naturfoto.de\/wordpress\/wp-content\/uploads\/Oedlandschrecke_04993L.jpg 1000w\" sizes=\"auto, (max-width: 600px) 100vw, 600px\" \/>Die <b>Blaufl\u00fcgelige \u00d6dlandschrecke<\/b> (<i>Oedipoda caerulescens<\/i>) ist eine Art der \u00d6dlandschrecken innerhalb der Kurzf\u00fchlerschrecken. Namensgebend ist die blaue Fl\u00fcgelzeichnung der Tiere sowie ihre Vorliebe f\u00fcr trockene und vegetationsarme Lebensr\u00e4ume.<br \/>\nDie M\u00e4nnchen der Blaufl\u00fcgeligen \u00d6dlandschrecke erreichen eine K\u00f6rpergr\u00f6\u00dfe von 13 bis 23 Millimeter, die Weibchen werden zwischen 20 und 29 Millimeter gro\u00df und damit deutlich gr\u00f6\u00dfer als die M\u00e4nnchen. Der Brustabschnitt ist kr\u00e4ftig und der Hinterleib relativ schlank. Die Tiere haben lange und schmale Fl\u00fcgel sowie relativ kurze, daf\u00fcr kr\u00e4ftige Sprungbeine. Die Grundfarbe der Tiere ist wie bei den anderen Arten der Gattung <i>Oedipoda<\/i> ein feines bis grober marmoriertes Graubraun, wobei die Art sehr farb- und mustervariabel ist. Die Farbe kann dabei von einem hellen Grau bis fast schwarz reichen, auch ocker- und rotbraune F\u00e4rbungen sind h\u00e4ufig zu finden. Wie die anderen \u00d6dlandschrecken ist die Blaufl\u00fcgelige \u00d6dlandschrecke vor allem an das Leben auf dem Boden angepasst und bewegt sich fast ausschlie\u00dflich gehend fort. Ihre Kletterf\u00e4higkeit ist auf das \u00dcbersteigen kleinerer Gegenst\u00e4nde beschr\u00e4nkt, vertikale Pflanzenstrukturen erklimmen sie fast nie. Aus dem Grunde meiden sie dichter stehende Vegetation und halten sich auf Kahlfl\u00e4chen auf. Sie k\u00f6nnen allerdings auch sehr gut fliegen, nutzen dies meistens jedoch nur f\u00fcr Strecken von etwa 10 Metern und landen nach ihren Fl\u00fcgen wiederum auf entsprechenden Kahlfl\u00e4chen.<\/p>\n<p>Zur Galerie <a title=\"Fang- und Heuschrecken\" href=\"http:\/\/woerrlein-naturfoto.de\/wordpress\/hauptseite-insekten\/insekten\/fang-und-heuschrecken\/\">Fang- und Heuschrecken<\/a><\/p>\n<p>&nbsp;<\/p>\n<p><em>Quelle des Textauszuges und weitere Infos bei <\/em><a href=\"http:\/\/de.wikipedia.org\/wiki\/Blaufl%C3%BCgelige_%C3%96dlandschrecke\" target=\"_blank\">Wikipedia<\/a><em> (<\/em><a href=\"http:\/\/www.gnu.org\/licenses\/fdl-1.3.txt\" target=\"_blank\">GNU-Lizenz<\/a><em>)\u2013 mein Dank gilt den <\/em><a href=\"http:\/\/de.wikipedia.org\/w\/index.php?title=Blaufl%C3%BCgelige_%C3%96dlandschrecke&amp;action=history\" target=\"_blank\">Autoren<\/a><em>.<\/em><\/p>\n","protected":false},"excerpt":{"rendered":"<p>Insekten -&gt; Fang- und Heuschrecken Insekten von A-Z zur Galerie Fang- und Heuschrecken Die Blaufl\u00fcgelige \u00d6dlandschrecke (Oedipoda caerulescens) ist eine Art der \u00d6dlandschrecken innerhalb der Kurzf\u00fchlerschrecken. Namensgebend ist die blaue Fl\u00fcgelzeichnung der Tiere sowie ihre Vorliebe f\u00fcr trockene und vegetationsarme Lebensr\u00e4ume. Die M\u00e4nnchen der Blaufl\u00fcgeligen \u00d6dlandschrecke erreichen eine K\u00f6rpergr\u00f6\u00dfe von 13 bis 23 Millimeter, die &hellip; <a href=\"https:\/\/woerrlein-naturfoto.de\/wordpress\/fang-und-heuschrecken-a-z\/blaufluegelige-oedlandschrecke\/\" class=\"more-link\"><span class=\"screen-reader-text\">Blaufl\u00fcgelige \u00d6dlandschrecke<\/span> weiterlesen <span class=\"meta-nav\">&rarr;<\/span><\/a><\/p>\n","protected":false},"author":1,"featured_media":0,"parent":3698,"menu_order":0,"comment_status":"closed","ping_status":"closed","template":"page-templates\/full-width.php","meta":{"footnotes":""},"class_list":["post-3704","page","type-page","status-publish","hentry"],"_links":{"self":[{"href":"https:\/\/woerrlein-naturfoto.de\/wordpress\/wp-json\/wp\/v2\/pages\/3704","targetHints":{"allow":["GET"]}}],"collection":[{"href":"https:\/\/woerrlein-naturfoto.de\/wordpress\/wp-json\/wp\/v2\/pages"}],"about":[{"href":"https:\/\/woerrlein-naturfoto.de\/wordpress\/wp-json\/wp\/v2\/types\/page"}],"author":[{"embeddable":true,"href":"https:\/\/woerrlein-naturfoto.de\/wordpress\/wp-json\/wp\/v2\/users\/1"}],"replies":[{"embeddable":true,"href":"https:\/\/woerrlein-naturfoto.de\/wordpress\/wp-json\/wp\/v2\/comments?post=3704"}],"version-history":[{"count":4,"href":"https:\/\/woerrlein-naturfoto.de\/wordpress\/wp-json\/wp\/v2\/pages\/3704\/revisions"}],"predecessor-version":[{"id":5904,"href":"https:\/\/woerrlein-naturfoto.de\/wordpress\/wp-json\/wp\/v2\/pages\/3704\/revisions\/5904"}],"up":[{"embeddable":true,"href":"https:\/\/woerrlein-naturfoto.de\/wordpress\/wp-json\/wp\/v2\/pages\/3698"}],"wp:attachment":[{"href":"https:\/\/woerrlein-naturfoto.de\/wordpress\/wp-json\/wp\/v2\/media?parent=3704"}],"curies":[{"name":"wp","href":"https:\/\/api.w.org\/{rel}","templated":true}]}}

Blauflügelige Ödlandschrecke

<p><a href="http://woerrlein-naturfoto.de/wordpress/insekten/"><span style="color: #ffff66;">Insekten</span> </a>-&gt;<a href="http://woerrlein-naturfoto.de/wordpress/hauptseite-insekten/insekten/fang-und-heuschrecken/"> <span style="color: #ffff66;">Fang- und Heuschrecken</span></a><br />
<a title="Insekten A-Z" href="http://woerrlein-naturfoto.de/wordpress/insekten-a-z/">Insekten von A-Z</a><br />
zur Galerie <a title="Fang- und Heuschrecken" href="http://woerrlein-naturfoto.de/wordpress/hauptseite-insekten/insekten/fang-und-heuschrecken/">Fang- und Heuschrecken</a></p>
<p><img loading="lazy" decoding="async" class="alignleft wp-image-3689" src="http://woerrlein-naturfoto.de/wordpress/wp-content/uploads/Oedlandschrecke_04993L-600x400.jpg" alt="Oedlandschrecke_04993L.jpg" width="600" height="400" srcset="https://woerrlein-naturfoto.de/wordpress/wp-content/uploads/Oedlandschrecke_04993L-600x400.jpg 600w, https://woerrlein-naturfoto.de/wordpress/wp-content/uploads/Oedlandschrecke_04993L-120x80.jpg 120w, https://woerrlein-naturfoto.de/wordpress/wp-content/uploads/Oedlandschrecke_04993L.jpg 1000w" sizes="auto, (max-width: 600px) 100vw, 600px" />Die <b>Blauflügelige Ödlandschrecke</b> (<i>Oedipoda caerulescens</i>) ist eine Art der Ödlandschrecken innerhalb der Kurzfühlerschrecken. Namensgebend ist die blaue Flügelzeichnung der Tiere sowie ihre Vorliebe für trockene und vegetationsarme Lebensräume.<br />
Die Männchen der Blauflügeligen Ödlandschrecke erreichen eine Körpergröße von 13 bis 23 Millimeter, die Weibchen werden zwischen 20 und 29 Millimeter groß und damit deutlich größer als die Männchen. Der Brustabschnitt ist kräftig und der Hinterleib relativ schlank. Die Tiere haben lange und schmale Flügel sowie relativ kurze, dafür kräftige Sprungbeine. Die Grundfarbe der Tiere ist wie bei den anderen Arten der Gattung <i>Oedipoda</i> ein feines bis grober marmoriertes Graubraun, wobei die Art sehr farb- und mustervariabel ist. Die Farbe kann dabei von einem hellen Grau bis fast schwarz reichen, auch ocker- und rotbraune Färbungen sind häufig zu finden. Wie die anderen Ödlandschrecken ist die Blauflügelige Ödlandschrecke vor allem an das Leben auf dem Boden angepasst und bewegt sich fast ausschließlich gehend fort. Ihre Kletterfähigkeit ist auf das Übersteigen kleinerer Gegenstände beschränkt, vertikale Pflanzenstrukturen erklimmen sie fast nie. Aus dem Grunde meiden sie dichter stehende Vegetation und halten sich auf Kahlflächen auf. Sie können allerdings auch sehr gut fliegen, nutzen dies meistens jedoch nur für Strecken von etwa 10 Metern und landen nach ihren Flügen wiederum auf entsprechenden Kahlflächen.</p>
<p>Zur Galerie <a title="Fang- und Heuschrecken" href="http://woerrlein-naturfoto.de/wordpress/hauptseite-insekten/insekten/fang-und-heuschrecken/">Fang- und Heuschrecken</a></p>
<p>&nbsp;</p>
<p><em>Quelle des Textauszuges und weitere Infos bei </em><a href="http://de.wikipedia.org/wiki/Blaufl%C3%BCgelige_%C3%96dlandschrecke" target="_blank">Wikipedia</a><em> (</em><a href="http://www.gnu.org/licenses/fdl-1.3.txt" target="_blank">GNU-Lizenz</a><em>)– mein Dank gilt den </em><a href="http://de.wikipedia.org/w/index.php?title=Blaufl%C3%BCgelige_%C3%96dlandschrecke&amp;action=history" target="_blank">Autoren</a><em>.</em></p>

<p>Insekten -&gt; Fang- und Heuschrecken Insekten von A-Z zur Galerie Fang- und Heuschrecken Die Blauflügelige Ödlandschrecke (Oedipoda caerulescens) ist eine Art der Ödlandschrecken innerhalb der Kurzfühlerschrecken. Namensgebend ist die blaue Flügelzeichnung der Tiere sowie ihre Vorliebe für trockene und vegetationsarme Lebensräume. Die Männchen der Blauflügeligen Ödlandschrecke erreichen eine Körpergröße von 13 bis 23 Millimeter, die &hellip; <a href="https://woerrlein-naturfoto.de/wordpress/fang-und-heuschrecken-a-z/blaufluegelige-oedlandschrecke/" class="more-link"><span class="screen-reader-text">Blauflügelige Ödlandschrecke</span> weiterlesen <span class="meta-nav">&rarr;</span></a></p>
