{"id":363,"date":"2014-04-15T00:16:35","date_gmt":"2014-04-14T22:16:35","guid":{"rendered":"http:\/\/woerrlein-naturfoto.de\/wordpress\/?page_id=363"},"modified":"2015-02-18T12:56:22","modified_gmt":"2015-02-18T11:56:22","slug":"schwanzmeisen","status":"publish","type":"page","link":"https:\/\/woerrlein-naturfoto.de\/wordpress\/meisen-2\/schwanzmeisen\/","title":{"rendered":"Schwanzmeise"},"content":{"rendered":"<p><a href=\"http:\/\/woerrlein-naturfoto.de\/wordpress\/voegel\/\"><span style=\"color: #ffff66;\">V\u00f6gel<\/span> <\/a>-&gt;<a href=\"http:\/\/woerrlein-naturfoto.de\/wordpress\/voegel\/sperlingsvoegel\/\"> <span style=\"color: #ffff66;\">Sperlingsv\u00f6gel<\/span> <\/a>-&gt;<a href=\"http:\/\/woerrlein-naturfoto.de\/wordpress\/voegel\/sperlingsvoegel\/meisen\/\"> <span style=\"color: #ffff66;\">Meisen<\/span><\/a><br \/>\n<a href=\"http:\/\/woerrlein-naturfoto.de\/wordpress\/voegel_von_a-z\/\">V\u00f6gel von A-Z<\/a><br \/>\nZur Galerie <a title=\"Meisen\" href=\"http:\/\/woerrlein-naturfoto.de\/wordpress\/voegel\/sperlingsvoegel\/meisen\/\">Meisen<\/a><\/p>\n<p><img loading=\"lazy\" decoding=\"async\" class=\"alignleft wp-image-2913\" src=\"http:\/\/woerrlein-naturfoto.de\/wordpress\/wp-content\/uploads\/Schwanzmeise_3992654a2a68e00c32-600x400.jpg\" alt=\"Schwanzmeise_3992654a2a68e00c32.jpg\" width=\"600\" height=\"400\" \/>Die <b>Schwanzmeise<\/b> (<i>Aegithalos caudatus<\/i>) ist ein kleiner Sperlingsvogel aus der Familie der Schwanzmeisen. Ihren Namen verdankt sie dem langen Schwanz, der ihr ein pr\u00e4zises Ausbalancieren beim Hangeln auf den \u00e4u\u00dferen Enden feiner Zweige erm\u00f6glicht, auf denen sie vorrangig ihre Nahrung sucht. Sie besiedelt vor allem lichte W\u00e4lder, Waldr\u00e4nder und Parks mit viel Unterwuchs, in dem sie ihr eif\u00f6rmiges Nest aus Moos, Pflanzenwolle und Federn errichtet. Die Kopfzeichnung \u00e4ndert sich mit der Unterart und der geographischen Verbreitung. Die stark variierende Unterart <i>Aegithalos caudatus europaeus<\/i> hat einen dunklen Kopf und findet sich vor allem im West- und S\u00fcdeuropa, die wei\u00dfk\u00f6pfige <i>Aegithalos caudatus caudatus<\/i> in Nord- und Osteuropa. In Mitteleuropa k\u00f6nnen beide Formen nebeneinander vorkommen. Die Nahrung der Schwanzmeise besteht zum allergr\u00f6\u00dften Teil aus kleinen Insekten und anderen <a class=\"mw-redirect\" title=\"Arthropoden\" href=\"http:\/\/de.wikipedia.org\/wiki\/Arthropoden\" target=\"_blank\">Arthropoden<\/a> sowie deren Larven und Eiern. Besonders kleine und kleinste Insekten werden von Schwanzmeisen gerne als Nahrung angenommen, Blattl\u00e4use und Schildl\u00e4use etwa. Diese werden vor allem von den \u00e4u\u00dferen Zweigen von B\u00e4umen abgelesen. Eine erkennbare Spezialisierung gibt es dabei nicht. Durch saisonale oder lokale Gegebenheiten kann es aber dazu kommen, dass bestimmte Arten zur ausschlie\u00dflichen Nahrungsquelle werden. Pflanzliche Nahrung (z.\u00a0B. Knospen, S\u00e4mereien, kleinen Beeren, Baumsaft, Flechten oder Algen an Zweigen) spielt im Allgemeinen eine geringe Rolle, kann jedoch besonders zur kalten Jahreszeit eine wertvolle Erg\u00e4nzung des Nahrungsspekrums bilden. Dass Schwanzmeisen nicht allzu spezialisiert sind, zeigt, dass sie an Winterf\u00fctterungen auch kleine St\u00fccke von N\u00fcssen, Talg, Brotkrumen, K\u00e4se oder sonstigem annehmen.<\/p>\n<p>L\u00e4nge: 13-15 cm\u00a0\u00a0 Spannweite: 16-19 cm\u00a0\u00a0 Gewicht: 7-9 g\u00a0\u00a0 Gelege: 8-12 Eier<\/p>\n<p>Zur Galerie <a title=\"Meisen\" href=\"http:\/\/woerrlein-naturfoto.de\/wordpress\/voegel\/sperlingsvoegel\/meisen\/\">Meisen<\/a><\/p>\n<p>&nbsp;<\/p>\n<p><em>Quelle des Textauszuges und weitere Infos bei <\/em><a href=\"http:\/\/de.wikipedia.org\/wiki\/Schwanzmeise\" target=\"_blank\">Wikipedia<\/a> <em>(<\/em><a href=\"http:\/\/www.gnu.org\/licenses\/fdl-1.3.txt\" target=\"_blank\">GNU-Lizenz<\/a><em>)<\/em> \u2013 <em>mein Dank gilt den<\/em> <a href=\"http:\/\/de.wikipedia.org\/w\/index.php?title=Schwanzmeise&amp;action=history\" target=\"_blank\">Autoren<\/a>.<\/p>\n","protected":false},"excerpt":{"rendered":"<p>V\u00f6gel -&gt; Sperlingsv\u00f6gel -&gt; Meisen V\u00f6gel von A-Z Zur Galerie Meisen Die Schwanzmeise (Aegithalos caudatus) ist ein kleiner Sperlingsvogel aus der Familie der Schwanzmeisen. Ihren Namen verdankt sie dem langen Schwanz, der ihr ein pr\u00e4zises Ausbalancieren beim Hangeln auf den \u00e4u\u00dferen Enden feiner Zweige erm\u00f6glicht, auf denen sie vorrangig ihre Nahrung sucht. Sie besiedelt vor &hellip; <a href=\"https:\/\/woerrlein-naturfoto.de\/wordpress\/meisen-2\/schwanzmeisen\/\" class=\"more-link\"><span class=\"screen-reader-text\">Schwanzmeise<\/span> weiterlesen <span class=\"meta-nav\">&rarr;<\/span><\/a><\/p>\n","protected":false},"author":1,"featured_media":0,"parent":322,"menu_order":0,"comment_status":"closed","ping_status":"closed","template":"page-templates\/full-width.php","meta":{"footnotes":""},"class_list":["post-363","page","type-page","status-publish","hentry"],"_links":{"self":[{"href":"https:\/\/woerrlein-naturfoto.de\/wordpress\/wp-json\/wp\/v2\/pages\/363","targetHints":{"allow":["GET"]}}],"collection":[{"href":"https:\/\/woerrlein-naturfoto.de\/wordpress\/wp-json\/wp\/v2\/pages"}],"about":[{"href":"https:\/\/woerrlein-naturfoto.de\/wordpress\/wp-json\/wp\/v2\/types\/page"}],"author":[{"embeddable":true,"href":"https:\/\/woerrlein-naturfoto.de\/wordpress\/wp-json\/wp\/v2\/users\/1"}],"replies":[{"embeddable":true,"href":"https:\/\/woerrlein-naturfoto.de\/wordpress\/wp-json\/wp\/v2\/comments?post=363"}],"version-history":[{"count":11,"href":"https:\/\/woerrlein-naturfoto.de\/wordpress\/wp-json\/wp\/v2\/pages\/363\/revisions"}],"predecessor-version":[{"id":6342,"href":"https:\/\/woerrlein-naturfoto.de\/wordpress\/wp-json\/wp\/v2\/pages\/363\/revisions\/6342"}],"up":[{"embeddable":true,"href":"https:\/\/woerrlein-naturfoto.de\/wordpress\/wp-json\/wp\/v2\/pages\/322"}],"wp:attachment":[{"href":"https:\/\/woerrlein-naturfoto.de\/wordpress\/wp-json\/wp\/v2\/media?parent=363"}],"curies":[{"name":"wp","href":"https:\/\/api.w.org\/{rel}","templated":true}]}}