{"id":3411,"date":"2015-01-03T14:49:30","date_gmt":"2015-01-03T12:49:30","guid":{"rendered":"http:\/\/woerrlein-naturfoto.de\/wordpress\/?page_id=3411"},"modified":"2015-02-11T22:54:28","modified_gmt":"2015-02-11T21:54:28","slug":"blaue-federlibelle","status":"publish","type":"page","link":"https:\/\/woerrlein-naturfoto.de\/wordpress\/federlibellen-a-z\/blaue-federlibelle\/","title":{"rendered":"Blaue Federlibelle"},"content":{"rendered":"<p><a href=\"http:\/\/woerrlein-naturfoto.de\/wordpress\/insekten\/\"><span style=\"color: #ffff66;\">Insekten<\/span> <\/a>-&gt;<a href=\"http:\/\/woerrlein-naturfoto.de\/wordpress\/hauptseite-insekten\/insekten\/libellen\/\"> <span style=\"color: #ffff66;\">Libellen<\/span> <\/a>-&gt;<a href=\"http:\/\/woerrlein-naturfoto.de\/wordpress\/hauptseite-insekten\/insekten\/libellen\/federlibellen-2\/\"><span style=\"color: #ffff66;\"> Federlibellen<\/span><\/a><br \/>\n<a title=\"Insekten A-Z\" href=\"http:\/\/woerrlein-naturfoto.de\/wordpress\/insekten-a-z\/\">Insekten von A-Z<\/a><br \/>\nzur Galerie <a title=\"Federlibellen\" href=\"http:\/\/woerrlein-naturfoto.de\/wordpress\/hauptseite-insekten\/insekten\/libellen\/federlibellen-2\/\">Federlibellen<\/a><\/p>\n<p><img loading=\"lazy\" decoding=\"async\" class=\"alignleft wp-image-3393\" src=\"http:\/\/woerrlein-naturfoto.de\/wordpress\/wp-content\/uploads\/BlaueFederlibelle_D140830_8729_v-600x400.jpg\" alt=\"BlaueFederlibelle_D140830_8729_v.jpg\" width=\"600\" height=\"400\" srcset=\"https:\/\/woerrlein-naturfoto.de\/wordpress\/wp-content\/uploads\/BlaueFederlibelle_D140830_8729_v-600x400.jpg 600w, https:\/\/woerrlein-naturfoto.de\/wordpress\/wp-content\/uploads\/BlaueFederlibelle_D140830_8729_v-120x80.jpg 120w, https:\/\/woerrlein-naturfoto.de\/wordpress\/wp-content\/uploads\/BlaueFederlibelle_D140830_8729_v.jpg 1000w\" sizes=\"auto, (max-width: 600px) 100vw, 600px\" \/>Die <b>Blaue Federlibelle<\/b> (<i>Platycnemis pennipes<\/i>), fr\u00fcher auch h\u00e4ufig als <b>Gemeine Federlibelle<\/b> bezeichnet, ist eine Kleinlibellenart aus der Familie der Federlibellen. Die Blaue Federlibelle ist 3,5\u00a0cm lang, bei einer Fl\u00fcgelspannweite von 4,5\u00a0cm. Die Art ist den Schlanklibellen auf den ersten Blick sehr \u00e4hnlich. Allerdings sind bei den Federlibellenarten die Schienen (<a title=\"Tibia (Gliederf\u00fc\u00dfer)\" href=\"http:\/\/de.wikipedia.org\/wiki\/Tibia_%28Gliederf%C3%BC%C3%9Fer%29\" target=\"_blank\">Tibien<\/a>) der Hinter- und Mittelbeine verbreitert und mit fischgr\u00e4tenartigen Dornen besetzt, was ihnen ein federartiges Aussehen verleiht. Es handelt sich um eine Art der tieferen, w\u00e4rmebeg\u00fcnstigten Lagen, die haupts\u00e4chlich bis in H\u00f6hen von weniger als 500\u00a0m NN vorkommt. \u00dcber 800\u00a0m NN kann sie sich nur noch in Ausnahmef\u00e4llen fortpflanzen. Die Blaue Federlibelle pflanzt sich sowohl in Stillgew\u00e4ssern als auch in langsam durchflossenen Gew\u00e4ssern fort, wobei sie in Flie\u00dfgew\u00e4ssern mit gutem Bestand an Wasserpflanzen die h\u00f6chsten Individuendichten erreicht. Bei der Eiablage sticht das Weibchen mit angekoppeltem M\u00e4nnchen die Eier gerne in Bl\u00fctenstiele der gelben Teichrose. Die Larven \u00fcberwintern, die Emergenz (Schlupf der Fluginsekten) erfolgt im Mai und Juni des folgenden Jahres.<\/p>\n<p><strong>Flugzeit:<\/strong>\u00a0\u00a0\u00a0\u00a0 Anfang Mai bis Ende September<\/p>\n<p>Zur Galerie <a title=\"Federlibellen\" href=\"http:\/\/woerrlein-naturfoto.de\/wordpress\/hauptseite-insekten\/insekten\/libellen\/federlibellen-2\/\">Federlibellen<\/a><\/p>\n<p>&nbsp;<\/p>\n<p><em>Quelle des Textauszuges und weitere Infos bei <\/em><a href=\"http:\/\/de.wikipedia.org\/wiki\/Blaue_Federlibelle\" target=\"_blank\">Wikipedia<\/a><em> (<\/em><a href=\"http:\/\/www.gnu.org\/licenses\/fdl-1.3.txt\" target=\"_blank\">GNU-Lizenz<\/a><em>)\u2013 mein Dank gilt den <\/em><a href=\"http:\/\/de.wikipedia.org\/w\/index.php?title=Blaue_Federlibelle&amp;action=history\" target=\"_blank\">Autoren<\/a><em>.<\/em><\/p>\n","protected":false},"excerpt":{"rendered":"<p>Insekten -&gt; Libellen -&gt; Federlibellen Insekten von A-Z zur Galerie Federlibellen Die Blaue Federlibelle (Platycnemis pennipes), fr\u00fcher auch h\u00e4ufig als Gemeine Federlibelle bezeichnet, ist eine Kleinlibellenart aus der Familie der Federlibellen. Die Blaue Federlibelle ist 3,5\u00a0cm lang, bei einer Fl\u00fcgelspannweite von 4,5\u00a0cm. Die Art ist den Schlanklibellen auf den ersten Blick sehr \u00e4hnlich. Allerdings sind &hellip; <a href=\"https:\/\/woerrlein-naturfoto.de\/wordpress\/federlibellen-a-z\/blaue-federlibelle\/\" class=\"more-link\"><span class=\"screen-reader-text\">Blaue Federlibelle<\/span> weiterlesen <span class=\"meta-nav\">&rarr;<\/span><\/a><\/p>\n","protected":false},"author":1,"featured_media":0,"parent":3423,"menu_order":0,"comment_status":"closed","ping_status":"closed","template":"page-templates\/full-width.php","meta":{"footnotes":""},"class_list":["post-3411","page","type-page","status-publish","hentry"],"_links":{"self":[{"href":"https:\/\/woerrlein-naturfoto.de\/wordpress\/wp-json\/wp\/v2\/pages\/3411","targetHints":{"allow":["GET"]}}],"collection":[{"href":"https:\/\/woerrlein-naturfoto.de\/wordpress\/wp-json\/wp\/v2\/pages"}],"about":[{"href":"https:\/\/woerrlein-naturfoto.de\/wordpress\/wp-json\/wp\/v2\/types\/page"}],"author":[{"embeddable":true,"href":"https:\/\/woerrlein-naturfoto.de\/wordpress\/wp-json\/wp\/v2\/users\/1"}],"replies":[{"embeddable":true,"href":"https:\/\/woerrlein-naturfoto.de\/wordpress\/wp-json\/wp\/v2\/comments?post=3411"}],"version-history":[{"count":10,"href":"https:\/\/woerrlein-naturfoto.de\/wordpress\/wp-json\/wp\/v2\/pages\/3411\/revisions"}],"predecessor-version":[{"id":5887,"href":"https:\/\/woerrlein-naturfoto.de\/wordpress\/wp-json\/wp\/v2\/pages\/3411\/revisions\/5887"}],"up":[{"embeddable":true,"href":"https:\/\/woerrlein-naturfoto.de\/wordpress\/wp-json\/wp\/v2\/pages\/3423"}],"wp:attachment":[{"href":"https:\/\/woerrlein-naturfoto.de\/wordpress\/wp-json\/wp\/v2\/media?parent=3411"}],"curies":[{"name":"wp","href":"https:\/\/api.w.org\/{rel}","templated":true}]}}