{"id":3203,"date":"2015-01-01T21:23:18","date_gmt":"2015-01-01T19:23:18","guid":{"rendered":"http:\/\/woerrlein-naturfoto.de\/wordpress\/?page_id=3203"},"modified":"2015-02-12T12:57:43","modified_gmt":"2015-02-12T11:57:43","slug":"zwergseeschwalbe","status":"publish","type":"page","link":"https:\/\/woerrlein-naturfoto.de\/wordpress\/seeschwalben-a-z\/zwergseeschwalbe\/","title":{"rendered":"Zwergseeschwalbe"},"content":{"rendered":"<p><a href=\"http:\/\/woerrlein-naturfoto.de\/wordpress\/voegel\/\"><span style=\"color: #ffff66;\">V\u00f6gel<\/span> <\/a>-&gt;<a href=\"http:\/\/woerrlein-naturfoto.de\/wordpress\/hauptseite-voegel\/voegel\/watvoegel-2\"> <span style=\"color: #ffff66;\">Watv\u00f6gel<\/span> <\/a>-&gt;<a href=\"http:\/\/woerrlein-naturfoto.de\/wordpress\/hauptseite-voegel\/voegel\/watvoegel-2\/seeschwalben\/\"> <span style=\"color: #ffff66;\">Seeschwalben<\/span><\/a><br \/>\n<a title=\"V\u00f6gel von A-Z\" href=\"http:\/\/woerrlein-naturfoto.de\/wordpress\/voegel\/voegel_von_a-z\/\">V\u00f6gel von A-Z<\/a><br \/>\nZur Galerie <a title=\"Seeschwalben\" href=\"http:\/\/woerrlein-naturfoto.de\/wordpress\/hauptseite-voegel\/voegel\/watvoegel-2\/seeschwalben\/\">Seeschwalben<\/a><\/p>\n<p><img loading=\"lazy\" decoding=\"async\" class=\"alignleft wp-image-3176\" src=\"http:\/\/woerrlein-naturfoto.de\/wordpress\/wp-content\/uploads\/Zwergseeschwalbe_13966L-600x400.jpg\" alt=\"Zwergseeschwalbe_13966L.jpg\" width=\"600\" height=\"400\" srcset=\"https:\/\/woerrlein-naturfoto.de\/wordpress\/wp-content\/uploads\/Zwergseeschwalbe_13966L-600x400.jpg 600w, https:\/\/woerrlein-naturfoto.de\/wordpress\/wp-content\/uploads\/Zwergseeschwalbe_13966L-120x80.jpg 120w, https:\/\/woerrlein-naturfoto.de\/wordpress\/wp-content\/uploads\/Zwergseeschwalbe_13966L.jpg 1000w\" sizes=\"auto, (max-width: 600px) 100vw, 600px\" \/><\/p>\n<p>Die <b>Zwergseeschwalbe<\/b> (<i>Sterna albifrons<\/i>) ist mit einem Gewicht von 45 g und einer L\u00e4nge von 20 cm die kleinste und die in Mitteleuropa seltenste Seeschwalbe. Ihr Lebensraum sind Sandstr\u00e4nde und flache Kiesb\u00e4nke der gro\u00dfen Fl\u00fcsse. Fr\u00fcher erstreckte sich ihr Verbreitungsgebiet bis zum Bodensee. Heute leben im gesamten Wattgebiet noch ca. 650 Brutpaare mit abnehmender Tendenz. Das Gelege besteht aus bis zu drei Eiern, die in Sandmulden abgelegt werden. Nach 21 Tagen Brutdauer schl\u00fcpfen die Jungv\u00f6gel, die als Nestfl\u00fcchter innerhalb 24 Stunden das Nest verlassen. Ihre Flugf\u00e4higkeit erreichen sie nach 3 Wochen, werden aber noch wochenlang von den Elterntieren gef\u00fcttert, bis sie selbst im Sturzflug fischen k\u00f6nnen.<\/p>\n<div class=\"thumb tright\">\n<div class=\"thumbinner\">\n<p>L\u00e4nge: 22-24 cm\u00a0\u00a0 Spannweite: 48-55 cm\u00a0\u00a0 Gewicht: 50-60 g\u00a0\u00a0 Gelege: 1-3 Eier<\/p>\n<p>Zur Galerie <a title=\"Seeschwalben\" href=\"http:\/\/woerrlein-naturfoto.de\/wordpress\/hauptseite-voegel\/voegel\/watvoegel-2\/seeschwalben\/\">Seeschwalben<\/a><\/p>\n<p>&nbsp;<\/p>\n<p><em>Quelle des Textauszuges und weitere Infos bei <\/em><a href=\"http:\/\/de.wikipedia.org\/wiki\/Zwergseeschwalbe\" target=\"_blank\">Wikipedia<\/a> <em>(<\/em><a href=\"http:\/\/www.gnu.org\/licenses\/fdl-1.3.txt\" target=\"_blank\">GNU-Lizenz<\/a><em>)<\/em> \u2013 <em>mein Dank gilt den<\/em> <a href=\"http:\/\/de.wikipedia.org\/w\/index.php?title=Zwergseeschwalbe&amp;action=history\" target=\"_blank\">Autoren<\/a>.<\/p>\n<\/div>\n<\/div>\n","protected":false},"excerpt":{"rendered":"<p>V\u00f6gel -&gt; Watv\u00f6gel -&gt; Seeschwalben V\u00f6gel von A-Z Zur Galerie Seeschwalben Die Zwergseeschwalbe (Sterna albifrons) ist mit einem Gewicht von 45 g und einer L\u00e4nge von 20 cm die kleinste und die in Mitteleuropa seltenste Seeschwalbe. Ihr Lebensraum sind Sandstr\u00e4nde und flache Kiesb\u00e4nke der gro\u00dfen Fl\u00fcsse. Fr\u00fcher erstreckte sich ihr Verbreitungsgebiet bis zum Bodensee. Heute &hellip; <a href=\"https:\/\/woerrlein-naturfoto.de\/wordpress\/seeschwalben-a-z\/zwergseeschwalbe\/\" class=\"more-link\"><span class=\"screen-reader-text\">Zwergseeschwalbe<\/span> weiterlesen <span class=\"meta-nav\">&rarr;<\/span><\/a><\/p>\n","protected":false},"author":1,"featured_media":0,"parent":3189,"menu_order":0,"comment_status":"closed","ping_status":"closed","template":"page-templates\/full-width.php","meta":{"footnotes":""},"class_list":["post-3203","page","type-page","status-publish","hentry"],"_links":{"self":[{"href":"https:\/\/woerrlein-naturfoto.de\/wordpress\/wp-json\/wp\/v2\/pages\/3203","targetHints":{"allow":["GET"]}}],"collection":[{"href":"https:\/\/woerrlein-naturfoto.de\/wordpress\/wp-json\/wp\/v2\/pages"}],"about":[{"href":"https:\/\/woerrlein-naturfoto.de\/wordpress\/wp-json\/wp\/v2\/types\/page"}],"author":[{"embeddable":true,"href":"https:\/\/woerrlein-naturfoto.de\/wordpress\/wp-json\/wp\/v2\/users\/1"}],"replies":[{"embeddable":true,"href":"https:\/\/woerrlein-naturfoto.de\/wordpress\/wp-json\/wp\/v2\/comments?post=3203"}],"version-history":[{"count":5,"href":"https:\/\/woerrlein-naturfoto.de\/wordpress\/wp-json\/wp\/v2\/pages\/3203\/revisions"}],"predecessor-version":[{"id":5919,"href":"https:\/\/woerrlein-naturfoto.de\/wordpress\/wp-json\/wp\/v2\/pages\/3203\/revisions\/5919"}],"up":[{"embeddable":true,"href":"https:\/\/woerrlein-naturfoto.de\/wordpress\/wp-json\/wp\/v2\/pages\/3189"}],"wp:attachment":[{"href":"https:\/\/woerrlein-naturfoto.de\/wordpress\/wp-json\/wp\/v2\/media?parent=3203"}],"curies":[{"name":"wp","href":"https:\/\/api.w.org\/{rel}","templated":true}]}}