{"id":3137,"date":"2015-01-01T13:46:35","date_gmt":"2015-01-01T11:46:35","guid":{"rendered":"http:\/\/woerrlein-naturfoto.de\/wordpress\/?page_id=3137"},"modified":"2015-02-12T12:54:50","modified_gmt":"2015-02-12T11:54:50","slug":"zaunkoenig","status":"publish","type":"page","link":"https:\/\/woerrlein-naturfoto.de\/wordpress\/wildes-durcheinander-a-z\/zaunkoenig\/","title":{"rendered":"Zaunk\u00f6nig"},"content":{"rendered":"<p><a href=\"http:\/\/woerrlein-naturfoto.de\/wordpress\/voegel\/\"><span style=\"color: #ffff66;\">V\u00f6gel<\/span> <\/a>-&gt;<a href=\"http:\/\/woerrlein-naturfoto.de\/wordpress\/hauptseite-voegel\/voegel\/wildes-durcheinander\/\"> <span style=\"color: #ffff66;\">wildes Durcheinander<\/span><\/a><br \/>\n<a title=\"V\u00f6gel von A-Z\" href=\"http:\/\/woerrlein-naturfoto.de\/wordpress\/voegel\/voegel_von_a-z\/\">V\u00f6gel von A-Z<\/a><br \/>\nZur Galerie <a title=\"wildes Durcheinander\" href=\"http:\/\/woerrlein-naturfoto.de\/wordpress\/hauptseite-voegel\/voegel\/wildes-durcheinander\/\">sonstiger Vogelarten<\/a><\/p>\n<p><img loading=\"lazy\" decoding=\"async\" class=\"alignleft wp-image-3116\" src=\"http:\/\/woerrlein-naturfoto.de\/wordpress\/wp-content\/uploads\/Zaunkoenig_8549L_a-600x400.jpg\" alt=\"Zaunkoenig_8549L_a.jpg\" width=\"600\" height=\"400\" srcset=\"https:\/\/woerrlein-naturfoto.de\/wordpress\/wp-content\/uploads\/Zaunkoenig_8549L_a-600x400.jpg 600w, https:\/\/woerrlein-naturfoto.de\/wordpress\/wp-content\/uploads\/Zaunkoenig_8549L_a-120x80.jpg 120w, https:\/\/woerrlein-naturfoto.de\/wordpress\/wp-content\/uploads\/Zaunkoenig_8549L_a.jpg 1000w\" sizes=\"auto, (max-width: 600px) 100vw, 600px\" \/><\/p>\n<p>Der <b>Zaunk\u00f6nig<\/b> (<i>Troglodytes troglodytes<\/i>) ist die einzige in Eurasien vorkommende Art aus der Vogelfamilie der Zaunk\u00f6nige. Zudem ist er nach dem Winter- und Sommergoldh\u00e4hnchen der drittkleinste Vogel Europas. Lange Zeit wurde er <b>\u201eSchneek\u00f6nig\u201c<\/b> genannt, da er auch im Winter lebhaft singt. Der Zaunk\u00f6nig besiedelt Europa, Nordafrika, Vorder-, Zentral- und Ostasien und Nordamerika. Seine Nahrung setzt sich aus Spinnen, Weberknechten und Insekten, wie beispielsweise Nachtfaltern und Fliegen, sowie deren Eiern und Larven zusammen. Die Art gilt derzeit als nicht gef\u00e4hrdet.<br \/>\nIn Erz\u00e4hlungen tr\u00e4gt der Zaunk\u00f6nig den Ruf der Schlauheit und List. Diese Nachrede geht auf eine Fabel des \u00c4sop zur\u00fcck, nach der die V\u00f6gel einst beschlossen, denjenigen von ihnen zum K\u00f6nig zu machen, der am h\u00f6chsten fl\u00f6ge. Dies gelang dem Adler, aber der Zaunk\u00f6nig schaffte es durch eine List, diesen zu \u00fcbertreffen.<\/p>\n<p>L\u00e4nge: 9-10 cm\u00a0\u00a0 Spannweite: 13-17cm\u00a0\u00a0 Gewicht: 7-12 g\u00a0\u00a0 Gelege: 5-8 Eier<\/p>\n<p>Zur Galerie <a title=\"wildes Durcheinander\" href=\"http:\/\/woerrlein-naturfoto.de\/wordpress\/hauptseite-voegel\/voegel\/wildes-durcheinander\/\">sonstiger Vogelarten<\/a><\/p>\n<p>&nbsp;<\/p>\n<p><em>Quelle des Textauszuges und weitere Infos bei <\/em><a href=\"http:\/\/de.wikipedia.org\/wiki\/Zaunk%C3%B6nig\" target=\"_blank\">Wikipedia<\/a><em> (<\/em><a href=\"http:\/\/www.gnu.org\/licenses\/fdl-1.3.txt\" target=\"_blank\">GNU-Lizenz<\/a><em>)\u2013 mein Dank gilt den <\/em><a href=\"http:\/\/de.wikipedia.org\/w\/index.php?title=Zaunk%C3%B6nig&amp;action=history\" target=\"_blank\">Autoren<\/a><em>.<\/em><\/p>\n","protected":false},"excerpt":{"rendered":"<p>V\u00f6gel -&gt; wildes Durcheinander V\u00f6gel von A-Z Zur Galerie sonstiger Vogelarten Der Zaunk\u00f6nig (Troglodytes troglodytes) ist die einzige in Eurasien vorkommende Art aus der Vogelfamilie der Zaunk\u00f6nige. Zudem ist er nach dem Winter- und Sommergoldh\u00e4hnchen der drittkleinste Vogel Europas. Lange Zeit wurde er \u201eSchneek\u00f6nig\u201c genannt, da er auch im Winter lebhaft singt. Der Zaunk\u00f6nig besiedelt &hellip; <a href=\"https:\/\/woerrlein-naturfoto.de\/wordpress\/wildes-durcheinander-a-z\/zaunkoenig\/\" class=\"more-link\"><span class=\"screen-reader-text\">Zaunk\u00f6nig<\/span> weiterlesen <span class=\"meta-nav\">&rarr;<\/span><\/a><\/p>\n","protected":false},"author":1,"featured_media":0,"parent":3118,"menu_order":0,"comment_status":"closed","ping_status":"closed","template":"page-templates\/full-width.php","meta":{"footnotes":""},"class_list":["post-3137","page","type-page","status-publish","hentry"],"_links":{"self":[{"href":"https:\/\/woerrlein-naturfoto.de\/wordpress\/wp-json\/wp\/v2\/pages\/3137","targetHints":{"allow":["GET"]}}],"collection":[{"href":"https:\/\/woerrlein-naturfoto.de\/wordpress\/wp-json\/wp\/v2\/pages"}],"about":[{"href":"https:\/\/woerrlein-naturfoto.de\/wordpress\/wp-json\/wp\/v2\/types\/page"}],"author":[{"embeddable":true,"href":"https:\/\/woerrlein-naturfoto.de\/wordpress\/wp-json\/wp\/v2\/users\/1"}],"replies":[{"embeddable":true,"href":"https:\/\/woerrlein-naturfoto.de\/wordpress\/wp-json\/wp\/v2\/comments?post=3137"}],"version-history":[{"count":3,"href":"https:\/\/woerrlein-naturfoto.de\/wordpress\/wp-json\/wp\/v2\/pages\/3137\/revisions"}],"predecessor-version":[{"id":5912,"href":"https:\/\/woerrlein-naturfoto.de\/wordpress\/wp-json\/wp\/v2\/pages\/3137\/revisions\/5912"}],"up":[{"embeddable":true,"href":"https:\/\/woerrlein-naturfoto.de\/wordpress\/wp-json\/wp\/v2\/pages\/3118"}],"wp:attachment":[{"href":"https:\/\/woerrlein-naturfoto.de\/wordpress\/wp-json\/wp\/v2\/media?parent=3137"}],"curies":[{"name":"wp","href":"https:\/\/api.w.org\/{rel}","templated":true}]}}