{"id":3135,"date":"2015-01-01T13:42:03","date_gmt":"2015-01-01T11:42:03","guid":{"rendered":"http:\/\/woerrlein-naturfoto.de\/wordpress\/?page_id=3135"},"modified":"2015-02-12T12:54:06","modified_gmt":"2015-02-12T11:54:06","slug":"ringeltaube","status":"publish","type":"page","link":"https:\/\/woerrlein-naturfoto.de\/wordpress\/wildes-durcheinander-a-z\/ringeltaube\/","title":{"rendered":"Ringeltaube"},"content":{"rendered":"<p><a href=\"http:\/\/woerrlein-naturfoto.de\/wordpress\/voegel\/\"><span style=\"color: #ffff66;\">V\u00f6gel<\/span> <\/a>-&gt;<a href=\"http:\/\/woerrlein-naturfoto.de\/wordpress\/hauptseite-voegel\/voegel\/wildes-durcheinander\/\"> <span style=\"color: #ffff66;\">wildes Durcheinander<\/span><\/a><br \/>\n<a title=\"V\u00f6gel von A-Z\" href=\"http:\/\/woerrlein-naturfoto.de\/wordpress\/voegel\/voegel_von_a-z\/\">V\u00f6gel von A-Z<\/a><br \/>\nZur Galerie <a title=\"wildes Durcheinander\" href=\"http:\/\/woerrlein-naturfoto.de\/wordpress\/hauptseite-voegel\/voegel\/wildes-durcheinander\/\">sonstiger Vogelarten<\/a><\/p>\n<p><img loading=\"lazy\" decoding=\"async\" class=\"alignleft wp-image-3114\" src=\"http:\/\/woerrlein-naturfoto.de\/wordpress\/wp-content\/uploads\/Ringeltaube_D130609_210_v-600x400.jpg\" alt=\"Ringeltaube_D130609_210_v.jpg\" width=\"600\" height=\"400\" srcset=\"https:\/\/woerrlein-naturfoto.de\/wordpress\/wp-content\/uploads\/Ringeltaube_D130609_210_v-600x400.jpg 600w, https:\/\/woerrlein-naturfoto.de\/wordpress\/wp-content\/uploads\/Ringeltaube_D130609_210_v-120x80.jpg 120w, https:\/\/woerrlein-naturfoto.de\/wordpress\/wp-content\/uploads\/Ringeltaube_D130609_210_v.jpg 1000w\" sizes=\"auto, (max-width: 600px) 100vw, 600px\" \/>Die <b>Ringeltaube<\/b> (<i>Columba palumbus<\/i>) ist eine Vogelart aus der Familie der Tauben. Sie ist die gr\u00f6\u00dfte Taubenart Mitteleuropas und hier durch die wei\u00dfen Fl\u00fcgelb\u00e4nder und den wei\u00dfen Halsstreifen kaum zu verwechseln. Sie besiedelt weite Teile der <a class=\"mw-redirect\" title=\"Pal\u00e4arktische Region\" href=\"http:\/\/de.wikipedia.org\/wiki\/Pal%C3%A4arktische_Region\" target=\"_blank\">Pal\u00e4arktis<\/a> von Nordafrika, Portugal und Irland nach Osten bis Westsibirien und Kaschmir. Ringeltauben bewohnen bewaldete Landschaften aller Art, aber auch Alleen, Parks und Friedh\u00f6fe, heute auch bis in die Zentren der St\u00e4dte. Die Ern\u00e4hrung erfolgt wie bei den meisten Arten der Familie fast ausschlie\u00dflich pflanzlich. Die Ringeltaube ist je nach geografischer Verbreitung Standvogel, Teilzieher oder \u00fcberwiegend Kurzstreckenzieher und verbringt den Winter vor allem in West- und S\u00fcdwesteuropa. Die Art ist trotz der starken Bejagung in vielen L\u00e4ndern ein h\u00e4ufiger Brutvogel und in Europa nicht gef\u00e4hrdet.<\/p>\n<p>L\u00e4nge: 40-42 cm\u00a0\u00a0 Spannweite: 75-80 cm\u00a0\u00a0 Gewicht: 460-570 g\u00a0\u00a0 Gelege: 1-2 Eier<\/p>\n<p>Zur Galerie <a title=\"wildes Durcheinander\" href=\"http:\/\/woerrlein-naturfoto.de\/wordpress\/hauptseite-voegel\/voegel\/wildes-durcheinander\/\">sonstiger Vogelarten<\/a><\/p>\n<p>&nbsp;<\/p>\n<p><em>Quelle des Textauszuges und weitere Infos bei <\/em><a href=\"http:\/\/de.wikipedia.org\/wiki\/Ringeltaube\" target=\"_blank\">Wikipedia<\/a><em> (<\/em><a href=\"http:\/\/www.gnu.org\/licenses\/fdl-1.3.txt\" target=\"_blank\">GNU-Lizenz<\/a><em>)\u2013 mein Dank gilt den <\/em><a href=\"http:\/\/de.wikipedia.org\/w\/index.php?title=Ringeltaube&amp;action=history\" target=\"_blank\">Autoren<\/a><em>.<\/em><\/p>\n","protected":false},"excerpt":{"rendered":"<p>V\u00f6gel -&gt; wildes Durcheinander V\u00f6gel von A-Z Zur Galerie sonstiger Vogelarten Die Ringeltaube (Columba palumbus) ist eine Vogelart aus der Familie der Tauben. Sie ist die gr\u00f6\u00dfte Taubenart Mitteleuropas und hier durch die wei\u00dfen Fl\u00fcgelb\u00e4nder und den wei\u00dfen Halsstreifen kaum zu verwechseln. Sie besiedelt weite Teile der Pal\u00e4arktis von Nordafrika, Portugal und Irland nach Osten &hellip; <a href=\"https:\/\/woerrlein-naturfoto.de\/wordpress\/wildes-durcheinander-a-z\/ringeltaube\/\" class=\"more-link\"><span class=\"screen-reader-text\">Ringeltaube<\/span> weiterlesen <span class=\"meta-nav\">&rarr;<\/span><\/a><\/p>\n","protected":false},"author":1,"featured_media":0,"parent":3118,"menu_order":0,"comment_status":"closed","ping_status":"closed","template":"page-templates\/full-width.php","meta":{"footnotes":""},"class_list":["post-3135","page","type-page","status-publish","hentry"],"_links":{"self":[{"href":"https:\/\/woerrlein-naturfoto.de\/wordpress\/wp-json\/wp\/v2\/pages\/3135","targetHints":{"allow":["GET"]}}],"collection":[{"href":"https:\/\/woerrlein-naturfoto.de\/wordpress\/wp-json\/wp\/v2\/pages"}],"about":[{"href":"https:\/\/woerrlein-naturfoto.de\/wordpress\/wp-json\/wp\/v2\/types\/page"}],"author":[{"embeddable":true,"href":"https:\/\/woerrlein-naturfoto.de\/wordpress\/wp-json\/wp\/v2\/users\/1"}],"replies":[{"embeddable":true,"href":"https:\/\/woerrlein-naturfoto.de\/wordpress\/wp-json\/wp\/v2\/comments?post=3135"}],"version-history":[{"count":3,"href":"https:\/\/woerrlein-naturfoto.de\/wordpress\/wp-json\/wp\/v2\/pages\/3135\/revisions"}],"predecessor-version":[{"id":5910,"href":"https:\/\/woerrlein-naturfoto.de\/wordpress\/wp-json\/wp\/v2\/pages\/3135\/revisions\/5910"}],"up":[{"embeddable":true,"href":"https:\/\/woerrlein-naturfoto.de\/wordpress\/wp-json\/wp\/v2\/pages\/3118"}],"wp:attachment":[{"href":"https:\/\/woerrlein-naturfoto.de\/wordpress\/wp-json\/wp\/v2\/media?parent=3135"}],"curies":[{"name":"wp","href":"https:\/\/api.w.org\/{rel}","templated":true}]}}