{"id":3078,"date":"2014-12-31T18:29:36","date_gmt":"2014-12-31T16:29:36","guid":{"rendered":"http:\/\/woerrlein-naturfoto.de\/wordpress\/?page_id=3078"},"modified":"2016-11-12T13:23:36","modified_gmt":"2016-11-12T12:23:36","slug":"gaensesaeger","status":"publish","type":"page","link":"https:\/\/woerrlein-naturfoto.de\/wordpress\/saeger-a-z\/gaensesaeger\/","title":{"rendered":"G\u00e4nses\u00e4ger"},"content":{"rendered":"<p><a href=\"http:\/\/woerrlein-naturfoto.de\/wordpress\/voegel\/\"><span style=\"color: #ffff66;\">V\u00f6gel<\/span> <\/a>-&gt;<a href=\"http:\/\/woerrlein-naturfoto.de\/wordpress\/hauptseite-voegel\/voegel\/gaensevoegel-2\/\"> <span style=\"color: #ffff66;\">G\u00e4nsev\u00f6gel<\/span> <\/a>-&gt;<a href=\"http:\/\/woerrlein-naturfoto.de\/wordpress\/hauptseite-voegel\/voegel\/saeger\/\"> <span style=\"color: #ffff66;\">S\u00e4ger<\/span><\/a><br \/>\n<a title=\"V\u00f6gel von A-Z\" href=\"http:\/\/woerrlein-naturfoto.de\/wordpress\/voegel\/voegel_von_a-z\/\">V\u00f6gel von A-Z<\/a><br \/>\nZur Galerie <a title=\"S\u00e4ger\" href=\"http:\/\/woerrlein-naturfoto.de\/wordpress\/hauptseite-voegel\/voegel\/saeger\/\">S\u00e4ger<\/a><\/p>\n<p><img loading=\"lazy\" decoding=\"async\" class=\"alignleft wp-image-8399\" src=\"http:\/\/woerrlein-naturfoto.de\/wordpress\/wp-content\/uploads\/2016\/11\/Gaensesaeger_55053a-600x400.jpg\" alt=\"gaensesaeger_55053a\" width=\"600\" height=\"400\" \/><\/p>\n<p>Der <b>G\u00e4nses\u00e4ger<\/b> (<i>Mergus merganser<\/i>) ist der gr\u00f6\u00dfte Vertreter der Gattung der S\u00e4ger aus der Familie der Entenv\u00f6gel.<br \/>\nDas Verbreitungsgebiet ist holarktisch und umfasst weite Teile des n\u00f6rdlichen Eurasiens sowie Nordamerikas. Es werden drei Unterarten unterschieden. In Mitteleuropa ist der G\u00e4nses\u00e4ger ein verbreiteter, aber nur wenig h\u00e4ufiger Brut- und Jahresvogel. Im Winterhalbjahr ist die Art in Mitteleuropa als Durchz\u00fcgler und Wintergast h\u00e4ufiger zu beobachten. Am IJsselmeer \u00fcberwintern bis zu 20.000 Individuen und an den gro\u00dfen binnenl\u00e4ndischen Seen sind gelegentlich Trupps zu beobachten, die mehrere hundert G\u00e4nses\u00e4ger umfassen.<br \/>\nDie Nahrung der G\u00e4nses\u00e4ger besteht vor allem aus kleineren Fischen von einer L\u00e4nge bis zu 10 cm. Die Beute wird optisch lokalisiert: In seichtem Wasser schwimmen die V\u00f6gel an der Oberfl\u00e4che mit dem Kopf unter Wasser, in tiefem Wasser tauchen sie bis zu 10 Meter hinab. Mit ihrem Hakenschnabel und den S\u00e4gez\u00e4hnen k\u00f6nnen sie die Fische gut festhalten. Ein G\u00e4nses\u00e4ger frisst t\u00e4glich etwa 300\u00a0g Fisch.<\/p>\n<p>L\u00e4nge: 58-66 cm\u00a0\u00a0 Spannweite: 82-96 cm\u00a0\u00a0 Gewicht: 1,1-1,7 kg\u00a0\u00a0 Gelege: 8-11 Eier<\/p>\n<p>zur Galerie <a title=\"S\u00e4ger\" href=\"http:\/\/woerrlein-naturfoto.de\/wordpress\/hauptseite-voegel\/voegel\/saeger\/\">S\u00e4ger<\/a><code><br \/>\n<\/code><\/p>\n<p>&nbsp;<\/p>\n<p><em>Quelle des Textauszuges und weitere Infos bei <\/em><a href=\"http:\/\/de.wikipedia.org\/wiki\/G%C3%A4nses%C3%A4ger\" target=\"_blank\">Wikipedia<\/a> <em>(<\/em><a href=\"http:\/\/www.gnu.org\/licenses\/fdl-1.3.txt\" target=\"_blank\">GNU-Lizenz<\/a><em>)<\/em> \u2013 <em>mein Dank gilt den<\/em> <a href=\"http:\/\/de.wikipedia.org\/w\/index.php?title=G%C3%A4nses%C3%A4ger&amp;action=history\" target=\"_blank\">Autoren<\/a>.<\/p>\n","protected":false},"excerpt":{"rendered":"<p>V\u00f6gel -&gt; G\u00e4nsev\u00f6gel -&gt; S\u00e4ger V\u00f6gel von A-Z Zur Galerie S\u00e4ger Der G\u00e4nses\u00e4ger (Mergus merganser) ist der gr\u00f6\u00dfte Vertreter der Gattung der S\u00e4ger aus der Familie der Entenv\u00f6gel. Das Verbreitungsgebiet ist holarktisch und umfasst weite Teile des n\u00f6rdlichen Eurasiens sowie Nordamerikas. Es werden drei Unterarten unterschieden. In Mitteleuropa ist der G\u00e4nses\u00e4ger ein verbreiteter, aber nur &hellip; <a href=\"https:\/\/woerrlein-naturfoto.de\/wordpress\/saeger-a-z\/gaensesaeger\/\" class=\"more-link\"><span class=\"screen-reader-text\">G\u00e4nses\u00e4ger<\/span> weiterlesen <span class=\"meta-nav\">&rarr;<\/span><\/a><\/p>\n","protected":false},"author":1,"featured_media":0,"parent":3076,"menu_order":0,"comment_status":"closed","ping_status":"closed","template":"page-templates\/full-width.php","meta":{"footnotes":""},"class_list":["post-3078","page","type-page","status-publish","hentry"],"_links":{"self":[{"href":"https:\/\/woerrlein-naturfoto.de\/wordpress\/wp-json\/wp\/v2\/pages\/3078","targetHints":{"allow":["GET"]}}],"collection":[{"href":"https:\/\/woerrlein-naturfoto.de\/wordpress\/wp-json\/wp\/v2\/pages"}],"about":[{"href":"https:\/\/woerrlein-naturfoto.de\/wordpress\/wp-json\/wp\/v2\/types\/page"}],"author":[{"embeddable":true,"href":"https:\/\/woerrlein-naturfoto.de\/wordpress\/wp-json\/wp\/v2\/users\/1"}],"replies":[{"embeddable":true,"href":"https:\/\/woerrlein-naturfoto.de\/wordpress\/wp-json\/wp\/v2\/comments?post=3078"}],"version-history":[{"count":10,"href":"https:\/\/woerrlein-naturfoto.de\/wordpress\/wp-json\/wp\/v2\/pages\/3078\/revisions"}],"predecessor-version":[{"id":8406,"href":"https:\/\/woerrlein-naturfoto.de\/wordpress\/wp-json\/wp\/v2\/pages\/3078\/revisions\/8406"}],"up":[{"embeddable":true,"href":"https:\/\/woerrlein-naturfoto.de\/wordpress\/wp-json\/wp\/v2\/pages\/3076"}],"wp:attachment":[{"href":"https:\/\/woerrlein-naturfoto.de\/wordpress\/wp-json\/wp\/v2\/media?parent=3078"}],"curies":[{"name":"wp","href":"https:\/\/api.w.org\/{rel}","templated":true}]}}