{"id":3038,"date":"2014-12-31T16:26:11","date_gmt":"2014-12-31T14:26:11","guid":{"rendered":"http:\/\/woerrlein-naturfoto.de\/wordpress\/?page_id=3038"},"modified":"2015-02-19T12:51:57","modified_gmt":"2015-02-19T11:51:57","slug":"wintergoldhaehnchen","status":"publish","type":"page","link":"https:\/\/woerrlein-naturfoto.de\/wordpress\/zweigsaenger-a-z\/wintergoldhaehnchen\/","title":{"rendered":"Wintergoldh\u00e4hnchen"},"content":{"rendered":"<p><a href=\"http:\/\/woerrlein-naturfoto.de\/wordpress\/voegel\/\"><span style=\"color: #ffff66;\">V\u00f6gel<\/span> <\/a>-&gt;<a href=\"http:\/\/woerrlein-naturfoto.de\/wordpress\/voegel\/sperlingsvoegel\/\"> <span style=\"color: #ffff66;\">Sperlingsv\u00f6gel<\/span> <\/a>-&gt;<a href=\"http:\/\/woerrlein-naturfoto.de\/wordpress\/hauptseite-voegel\/voegel\/sperlingsvoegel-2\/zweigsaenger\/\"> <span style=\"color: #ffff66;\">Zweigs\u00e4nger<\/span><\/a><br \/>\n<a title=\"V\u00f6gel von A-Z\" href=\"http:\/\/woerrlein-naturfoto.de\/wordpress\/voegel\/voegel_von_a-z\/\">V\u00f6gel von A-Z<\/a><br \/>\nzur Galerie <a title=\"Zweigs\u00e4nger\" href=\"http:\/\/woerrlein-naturfoto.de\/wordpress\/hauptseite-voegel\/voegel\/sperlingsvoegel-2\/zweigsaenger\/\">Zweigs\u00e4nger<\/a><\/p>\n<p><img loading=\"lazy\" decoding=\"async\" class=\"alignleft wp-image-3037\" src=\"http:\/\/woerrlein-naturfoto.de\/wordpress\/wp-content\/uploads\/Wintergoldhaehnchen_70139_v-600x400.jpg\" alt=\"Wintergoldhaehnchen_70139_v.jpg\" width=\"600\" height=\"400\" srcset=\"https:\/\/woerrlein-naturfoto.de\/wordpress\/wp-content\/uploads\/Wintergoldhaehnchen_70139_v-600x400.jpg 600w, https:\/\/woerrlein-naturfoto.de\/wordpress\/wp-content\/uploads\/Wintergoldhaehnchen_70139_v-120x80.jpg 120w, https:\/\/woerrlein-naturfoto.de\/wordpress\/wp-content\/uploads\/Wintergoldhaehnchen_70139_v.jpg 1000w\" sizes=\"auto, (max-width: 600px) 100vw, 600px\" \/><\/p>\n<p>Das <b>Wintergoldh\u00e4hnchen<\/b> (<i>Regulus regulus<\/i>) ist der kleinste Vogel Europas. Mit seinen etwa neun Zentimetern K\u00f6rpergr\u00f6\u00dfe wiegt es nur zwischen vier und sieben Gramm. Es ist leicht mit dem Sommergoldh\u00e4hnchen zu verwechseln, das aber anders als das Wintergoldh\u00e4hnchen einen schwarzen Augenstreifen besitzt. Die Reviere dieser beiden Vogelarten, die eine Vielzahl \u00e4hnlicher Verhaltensweisen haben, \u00fcberlappen sich gelegentlich. Das Wintergoldh\u00e4hnchen steht jedoch in keiner direkten Nahrungskonkurrenz mit dem Sommergoldh\u00e4hnchen, da es sich mit seinem Nahrungsspektrum auf kleinste Beutetiere spezialisiert hat und anders als das Sommergoldh\u00e4hnchen diese bevorzugt auf der Unterseite von \u00c4sten sucht. Wintergoldh\u00e4hnchen br\u00fcten \u00fcberwiegend in Nadelb\u00e4umen. Sie verwenden zum Bau ihrer Nester unter anderem Spinnstoffe aus den Eierkokons von Spinnen und den Gespinsten einiger Raupenarten und errichten dadurch ein besonders stabiles H\u00e4ngenest. Es ist so gut isoliert, dass das Weibchen bei jeder Witterung bis zu 25 Minuten die zu bebr\u00fctenden Eier verlassen kann, ohne dass diese ausk\u00fchlen.<br \/>\nWintergoldh\u00e4hnchen fressen ausschlie\u00dflich kleine <a title=\"Gliederf\u00fc\u00dfer\" href=\"http:\/\/de.wikipedia.org\/wiki\/Gliederf%C3%BC%C3%9Fer\" target=\"_blank\">Gliederf\u00fc\u00dfer<\/a>, die t\u00e4glich aufgenommene Nahrungsmenge entspricht mindestens ihrem K\u00f6rpergewicht. Bei Jungv\u00f6geln, V\u00f6geln in der Mauser oder bei Weibchen w\u00e4hrend der Eiablage kann der Nahrungsbedarf auf das Doppelte ansteigen.<\/p>\n<p>L\u00e4nge: 6-9 cm\u00a0\u00a0 Spannweite: 13,5-15,5 cm\u00a0\u00a0 Gewicht: 4-7 g\u00a0\u00a0 Gelege: 4-5 Eier<\/p>\n<p>Zur Galerie <a title=\"Zweigs\u00e4nger\" href=\"http:\/\/woerrlein-naturfoto.de\/wordpress\/hauptseite-voegel\/voegel\/sperlingsvoegel-2\/zweigsaenger\/\">Zweigs\u00e4nger<\/a><\/p>\n<p>&nbsp;<\/p>\n<p><em>Quelle des Textauszuges und weitere Infos bei <\/em><a href=\"http:\/\/de.wikipedia.org\/wiki\/Dorngrasm%C3%BCcke\" target=\"_blank\">Wikipedia<\/a> <em>(<\/em><a href=\"http:\/\/www.gnu.org\/licenses\/fdl-1.3.txt\" target=\"_blank\">GNU-Lizenz<\/a><em>)<\/em> \u2013 <em>mein Dank gilt den<\/em> <a href=\"http:\/\/de.wikipedia.org\/w\/index.php?title=Dorngrasm%C3%BCcke&amp;action=history\" target=\"_blank\">Autoren<\/a>.<\/p>\n","protected":false},"excerpt":{"rendered":"<p>V\u00f6gel -&gt; Sperlingsv\u00f6gel -&gt; Zweigs\u00e4nger V\u00f6gel von A-Z zur Galerie Zweigs\u00e4nger Das Wintergoldh\u00e4hnchen (Regulus regulus) ist der kleinste Vogel Europas. Mit seinen etwa neun Zentimetern K\u00f6rpergr\u00f6\u00dfe wiegt es nur zwischen vier und sieben Gramm. Es ist leicht mit dem Sommergoldh\u00e4hnchen zu verwechseln, das aber anders als das Wintergoldh\u00e4hnchen einen schwarzen Augenstreifen besitzt. Die Reviere dieser &hellip; <a href=\"https:\/\/woerrlein-naturfoto.de\/wordpress\/zweigsaenger-a-z\/wintergoldhaehnchen\/\" class=\"more-link\"><span class=\"screen-reader-text\">Wintergoldh\u00e4hnchen<\/span> weiterlesen <span class=\"meta-nav\">&rarr;<\/span><\/a><\/p>\n","protected":false},"author":1,"featured_media":0,"parent":3021,"menu_order":0,"comment_status":"closed","ping_status":"closed","template":"page-templates\/full-width.php","meta":{"footnotes":""},"class_list":["post-3038","page","type-page","status-publish","hentry"],"_links":{"self":[{"href":"https:\/\/woerrlein-naturfoto.de\/wordpress\/wp-json\/wp\/v2\/pages\/3038","targetHints":{"allow":["GET"]}}],"collection":[{"href":"https:\/\/woerrlein-naturfoto.de\/wordpress\/wp-json\/wp\/v2\/pages"}],"about":[{"href":"https:\/\/woerrlein-naturfoto.de\/wordpress\/wp-json\/wp\/v2\/types\/page"}],"author":[{"embeddable":true,"href":"https:\/\/woerrlein-naturfoto.de\/wordpress\/wp-json\/wp\/v2\/users\/1"}],"replies":[{"embeddable":true,"href":"https:\/\/woerrlein-naturfoto.de\/wordpress\/wp-json\/wp\/v2\/comments?post=3038"}],"version-history":[{"count":3,"href":"https:\/\/woerrlein-naturfoto.de\/wordpress\/wp-json\/wp\/v2\/pages\/3038\/revisions"}],"predecessor-version":[{"id":6364,"href":"https:\/\/woerrlein-naturfoto.de\/wordpress\/wp-json\/wp\/v2\/pages\/3038\/revisions\/6364"}],"up":[{"embeddable":true,"href":"https:\/\/woerrlein-naturfoto.de\/wordpress\/wp-json\/wp\/v2\/pages\/3021"}],"wp:attachment":[{"href":"https:\/\/woerrlein-naturfoto.de\/wordpress\/wp-json\/wp\/v2\/media?parent=3038"}],"curies":[{"name":"wp","href":"https:\/\/api.w.org\/{rel}","templated":true}]}}