{"id":3023,"date":"2014-12-31T15:36:36","date_gmt":"2014-12-31T13:36:36","guid":{"rendered":"http:\/\/woerrlein-naturfoto.de\/wordpress\/?page_id=3023"},"modified":"2015-02-19T12:49:51","modified_gmt":"2015-02-19T11:49:51","slug":"dorngrasmuecke","status":"publish","type":"page","link":"https:\/\/woerrlein-naturfoto.de\/wordpress\/zweigsaenger-a-z\/dorngrasmuecke\/","title":{"rendered":"Dorngrasm\u00fccke"},"content":{"rendered":"<p><a href=\"http:\/\/woerrlein-naturfoto.de\/wordpress\/voegel\/\"><span style=\"color: #ffff66;\">V\u00f6gel<\/span> <\/a>-&gt;<a href=\"http:\/\/woerrlein-naturfoto.de\/wordpress\/voegel\/sperlingsvoegel\/\"> <span style=\"color: #ffff66;\">Sperlingsv\u00f6gel<\/span> <\/a>-&gt;<a href=\"http:\/\/woerrlein-naturfoto.de\/wordpress\/hauptseite-voegel\/voegel\/sperlingsvoegel-2\/zweigsaenger\/\"> <span style=\"color: #ffff66;\">Zweigs\u00e4nger<\/span><\/a><br \/>\n<a title=\"V\u00f6gel von A-Z\" href=\"http:\/\/woerrlein-naturfoto.de\/wordpress\/voegel\/voegel_von_a-z\/\">V\u00f6gel von A-Z<\/a><br \/>\nzur Galerie <a title=\"Zweigs\u00e4nger\" href=\"http:\/\/woerrlein-naturfoto.de\/wordpress\/hauptseite-voegel\/voegel\/sperlingsvoegel-2\/zweigsaenger\/\">Zweigs\u00e4nger<\/a><\/p>\n<p><img loading=\"lazy\" decoding=\"async\" class=\"alignleft wp-image-3010\" src=\"http:\/\/woerrlein-naturfoto.de\/wordpress\/wp-content\/uploads\/Dorngrasmuecke_34119L_v-600x400.jpg\" alt=\"Dorngrasmuecke_34119L_v.jpg\" width=\"600\" height=\"400\" srcset=\"https:\/\/woerrlein-naturfoto.de\/wordpress\/wp-content\/uploads\/Dorngrasmuecke_34119L_v-600x400.jpg 600w, https:\/\/woerrlein-naturfoto.de\/wordpress\/wp-content\/uploads\/Dorngrasmuecke_34119L_v-120x80.jpg 120w, https:\/\/woerrlein-naturfoto.de\/wordpress\/wp-content\/uploads\/Dorngrasmuecke_34119L_v.jpg 1000w\" sizes=\"auto, (max-width: 600px) 100vw, 600px\" \/>Die <b>Dorngrasm\u00fccke<\/b> (<i>Sylvia communis<\/i>) ist ein Singvogel aus der Gattung der Grasm\u00fccken und in Europa weit verbreitet. Sie bevorzugt Lebensr\u00e4ume mit dornigen B\u00fcschen, in denen sie ihr Nest anlegt. Die Dorngrasm\u00fccke lebt in offenen Landschaften mit dornigen Geb\u00fcschen und Str\u00e4uchern als Nistplatz, z. B. dornigen Feldhecken oder Feldrainen mit einzelnen Dornenb\u00fcschen, oder auf Bahnd\u00e4mmen und in alten Kiesgruben. Die Dorngrasm\u00fccke ist ein Langstreckenzieher. Sie ist als Sommervogel von April bis September in nahezu ganz Europa mit Ausnahme von Nordskandinavien fl\u00e4chendeckend verbreitet. Das Winterquartier liegt im tropischen Afrika s\u00fcdlich der Sahara.<br \/>\nDie Dorngrasm\u00fccke ern\u00e4hrt sich von Spinnen, Weichtieren, Beeren, Insekten und deren Larven.<\/p>\n<p>L\u00e4nge: 13-15 cm\u00a0\u00a0 Spannweite: 18,5-23 cm\u00a0\u00a0 Gewicht: 14-17 g\u00a0\u00a0 Gelege: 4-5 Eier<\/p>\n<p>Zur Galerie <a title=\"Zweigs\u00e4nger\" href=\"http:\/\/woerrlein-naturfoto.de\/wordpress\/hauptseite-voegel\/voegel\/sperlingsvoegel-2\/zweigsaenger\/\">Zweigs\u00e4nger<\/a><\/p>\n<p>&nbsp;<\/p>\n<p><em>Quelle des Textauszuges und weitere Infos bei <\/em><a href=\"http:\/\/de.wikipedia.org\/wiki\/Dorngrasm%C3%BCcke\" target=\"_blank\">Wikipedia<\/a> <em>(<\/em><a href=\"http:\/\/www.gnu.org\/licenses\/fdl-1.3.txt\" target=\"_blank\">GNU-Lizenz<\/a><em>)<\/em> \u2013 <em>mein Dank gilt den<\/em> <a href=\"http:\/\/de.wikipedia.org\/w\/index.php?title=Dorngrasm%C3%BCcke&amp;action=history\" target=\"_blank\">Autoren<\/a>.<\/p>\n","protected":false},"excerpt":{"rendered":"<p>V\u00f6gel -&gt; Sperlingsv\u00f6gel -&gt; Zweigs\u00e4nger V\u00f6gel von A-Z zur Galerie Zweigs\u00e4nger Die Dorngrasm\u00fccke (Sylvia communis) ist ein Singvogel aus der Gattung der Grasm\u00fccken und in Europa weit verbreitet. Sie bevorzugt Lebensr\u00e4ume mit dornigen B\u00fcschen, in denen sie ihr Nest anlegt. Die Dorngrasm\u00fccke lebt in offenen Landschaften mit dornigen Geb\u00fcschen und Str\u00e4uchern als Nistplatz, z. B. &hellip; <a href=\"https:\/\/woerrlein-naturfoto.de\/wordpress\/zweigsaenger-a-z\/dorngrasmuecke\/\" class=\"more-link\"><span class=\"screen-reader-text\">Dorngrasm\u00fccke<\/span> weiterlesen <span class=\"meta-nav\">&rarr;<\/span><\/a><\/p>\n","protected":false},"author":1,"featured_media":0,"parent":3021,"menu_order":0,"comment_status":"closed","ping_status":"closed","template":"page-templates\/full-width.php","meta":{"footnotes":""},"class_list":["post-3023","page","type-page","status-publish","hentry"],"_links":{"self":[{"href":"https:\/\/woerrlein-naturfoto.de\/wordpress\/wp-json\/wp\/v2\/pages\/3023","targetHints":{"allow":["GET"]}}],"collection":[{"href":"https:\/\/woerrlein-naturfoto.de\/wordpress\/wp-json\/wp\/v2\/pages"}],"about":[{"href":"https:\/\/woerrlein-naturfoto.de\/wordpress\/wp-json\/wp\/v2\/types\/page"}],"author":[{"embeddable":true,"href":"https:\/\/woerrlein-naturfoto.de\/wordpress\/wp-json\/wp\/v2\/users\/1"}],"replies":[{"embeddable":true,"href":"https:\/\/woerrlein-naturfoto.de\/wordpress\/wp-json\/wp\/v2\/comments?post=3023"}],"version-history":[{"count":3,"href":"https:\/\/woerrlein-naturfoto.de\/wordpress\/wp-json\/wp\/v2\/pages\/3023\/revisions"}],"predecessor-version":[{"id":6359,"href":"https:\/\/woerrlein-naturfoto.de\/wordpress\/wp-json\/wp\/v2\/pages\/3023\/revisions\/6359"}],"up":[{"embeddable":true,"href":"https:\/\/woerrlein-naturfoto.de\/wordpress\/wp-json\/wp\/v2\/pages\/3021"}],"wp:attachment":[{"href":"https:\/\/woerrlein-naturfoto.de\/wordpress\/wp-json\/wp\/v2\/media?parent=3023"}],"curies":[{"name":"wp","href":"https:\/\/api.w.org\/{rel}","templated":true}]}}