{"id":2992,"date":"2014-12-30T20:16:18","date_gmt":"2014-12-30T18:16:18","guid":{"rendered":"http:\/\/woerrlein-naturfoto.de\/wordpress\/?page_id=2992"},"modified":"2021-04-06T18:31:53","modified_gmt":"2021-04-06T16:31:53","slug":"wasseramsel","status":"publish","type":"page","link":"https:\/\/woerrlein-naturfoto.de\/wordpress\/stelzen-wasseramseln-a-z\/wasseramsel\/","title":{"rendered":"Wasseramsel"},"content":{"rendered":"<p><a href=\"http:\/\/woerrlein-naturfoto.de\/wordpress\/voegel\/\"><span style=\"color: #ffff66;\">V\u00f6gel<\/span> <\/a>-&gt;<a href=\"http:\/\/woerrlein-naturfoto.de\/wordpress\/voegel\/sperlingsvoegel\/\"> <span style=\"color: #ffff66;\">Sperlingsv\u00f6gel<\/span> <\/a>-&gt;<a href=\"http:\/\/woerrlein-naturfoto.de\/wordpress\/hauptseite-voegel\/voegel\/sperlingsvoegel-2\/stelzen-wasseramseln\/\"> <span style=\"color: #ffff66;\">Stelzen, Wasseramseln<\/span><\/a><br \/>\n<a title=\"V\u00f6gel von A-Z\" href=\"http:\/\/woerrlein-naturfoto.de\/wordpress\/voegel\/voegel_von_a-z\/\">V\u00f6gel von A-Z<\/a><br \/>\nzur Galerie <a title=\"Stelzen, Wasseramseln\" href=\"http:\/\/woerrlein-naturfoto.de\/wordpress\/hauptseite-voegel\/voegel\/sperlingsvoegel-2\/stelzen-wasseramseln\/\">Stelzen, Wasseramseln<\/a><\/p>\n<p><img loading=\"lazy\" decoding=\"async\" class=\"alignleft wp-image-13043\" src=\"https:\/\/woerrlein-naturfoto.de\/wordpress\/wp-content\/uploads\/2014\/12\/Wasseramsel_210331_2884a-600x400.jpg\" alt=\"\" width=\"600\" height=\"400\" \/>Die <b>Wasseramsel<\/b> oder <b>Eurasische Wasseramsel<\/b> (<i>Cinclus cinclus<\/i>) ist die einzige auch in Mitteleuropa vorkommende Vertreterin der Familie der Wasseramseln. Der etwa starengro\u00dfe, rundlich wirkende Singvogel ist eng an das Leben entlang schnellflie\u00dfender, klarer Gew\u00e4sser gebunden. Dort ern\u00e4hrt sich die Art vornehmlich von Wasserinsekten, die sie vor allem tauchend erbeutet. Die Wasseramsel ist mit 13 Unterarten von Westeuropa und Nordwestafrika ostw\u00e4rts bis in die Region um den Baikalsee und in die Hochlagen Westchinas verbreitet. Die Aktivit\u00e4tsperiode der Wasseramsel beginnt kurz vor Sonnenaufgang und endet etwa mit dem Sonnenuntergang. Der fr\u00fche Vormittag und der sp\u00e4tere Nachmittag werden am intensivsten zur Nahrungssuche genutzt. Dazwischen liegt eine ausgiebige, zur Ruhe und Gefiederpflege verwendete Pause um die Mittagsstunden. Auch w\u00e4hrend der intensiven Nahrungssuche werden Pausen zur Ruhe und Gefiederpflege eingelegt. Die Nacht verbringt sie an gesch\u00fctzten Stellen, oft in Nischen, Halbh\u00f6hlen oder H\u00f6hlen meist am Gew\u00e4sserrand ihres Reviers, gew\u00f6hnlich aber nicht in einem Nest. Wasseramseln ern\u00e4hren sich ausschlie\u00dflich animalisch; Vegetabilien, die bei Nahrungsanalysen festgestellt wurden, sind zuf\u00e4llig aufgenommene Bestandteile; die h\u00e4ufig in den Mageninhalten gefundenen Steinchen werden \u00fcberwiegend gemeinsam mit den Geh\u00e4usen der K\u00f6cherfliegenlarven geschluckt, gelegentlich aber auch gezielt aufgenommen.<\/p>\n<p>L\u00e4nge: 17-20 cm\u00a0\u00a0 Spannweite: 26-30 cm\u00a0\u00a0 Gewicht: 50-70 g\u00a0\u00a0 Gelege: 4-5 Eier<\/p>\n<p>Zur Galerie <a title=\"Stelzen, Wasseramseln\" href=\"http:\/\/woerrlein-naturfoto.de\/wordpress\/hauptseite-voegel\/voegel\/sperlingsvoegel-2\/stelzen-wasseramseln\/\">Stelzen, Wasseramseln<\/a><\/p>\n<p>&nbsp;<\/p>\n<p><em>Quelle des Textauszuges und weitere Infos bei <\/em><a href=\"http:\/\/de.wikipedia.org\/wiki\/Wasseramsel_%28Art%29\" target=\"_blank\" rel=\"noopener noreferrer\">Wikipedia<\/a> <em>(<\/em><a href=\"http:\/\/www.gnu.org\/licenses\/fdl-1.3.txt\" target=\"_blank\" rel=\"noopener noreferrer\">GNU-Lizenz<\/a><em>)<\/em> \u2013 <em>mein Dank gilt den<\/em> <a href=\"http:\/\/de.wikipedia.org\/w\/index.php?title=Wasseramsel_%28Art%29&amp;action=history\" target=\"_blank\" rel=\"noopener noreferrer\">Autoren<\/a>.<\/p>\n","protected":false},"excerpt":{"rendered":"<p>V\u00f6gel -&gt; Sperlingsv\u00f6gel -&gt; Stelzen, Wasseramseln V\u00f6gel von A-Z zur Galerie Stelzen, Wasseramseln Die Wasseramsel oder Eurasische Wasseramsel (Cinclus cinclus) ist die einzige auch in Mitteleuropa vorkommende Vertreterin der Familie der Wasseramseln. Der etwa starengro\u00dfe, rundlich wirkende Singvogel ist eng an das Leben entlang schnellflie\u00dfender, klarer Gew\u00e4sser gebunden. Dort ern\u00e4hrt sich die Art vornehmlich von &hellip; <a href=\"https:\/\/woerrlein-naturfoto.de\/wordpress\/stelzen-wasseramseln-a-z\/wasseramsel\/\" class=\"more-link\"><span class=\"screen-reader-text\">Wasseramsel<\/span> weiterlesen <span class=\"meta-nav\">&rarr;<\/span><\/a><\/p>\n","protected":false},"author":1,"featured_media":0,"parent":2978,"menu_order":0,"comment_status":"closed","ping_status":"closed","template":"page-templates\/full-width.php","meta":{"footnotes":""},"class_list":["post-2992","page","type-page","status-publish","hentry"],"_links":{"self":[{"href":"https:\/\/woerrlein-naturfoto.de\/wordpress\/wp-json\/wp\/v2\/pages\/2992","targetHints":{"allow":["GET"]}}],"collection":[{"href":"https:\/\/woerrlein-naturfoto.de\/wordpress\/wp-json\/wp\/v2\/pages"}],"about":[{"href":"https:\/\/woerrlein-naturfoto.de\/wordpress\/wp-json\/wp\/v2\/types\/page"}],"author":[{"embeddable":true,"href":"https:\/\/woerrlein-naturfoto.de\/wordpress\/wp-json\/wp\/v2\/users\/1"}],"replies":[{"embeddable":true,"href":"https:\/\/woerrlein-naturfoto.de\/wordpress\/wp-json\/wp\/v2\/comments?post=2992"}],"version-history":[{"count":4,"href":"https:\/\/woerrlein-naturfoto.de\/wordpress\/wp-json\/wp\/v2\/pages\/2992\/revisions"}],"predecessor-version":[{"id":13061,"href":"https:\/\/woerrlein-naturfoto.de\/wordpress\/wp-json\/wp\/v2\/pages\/2992\/revisions\/13061"}],"up":[{"embeddable":true,"href":"https:\/\/woerrlein-naturfoto.de\/wordpress\/wp-json\/wp\/v2\/pages\/2978"}],"wp:attachment":[{"href":"https:\/\/woerrlein-naturfoto.de\/wordpress\/wp-json\/wp\/v2\/media?parent=2992"}],"curies":[{"name":"wp","href":"https:\/\/api.w.org\/{rel}","templated":true}]}}