{"id":2930,"date":"2014-12-30T16:50:40","date_gmt":"2014-12-30T14:50:40","guid":{"rendered":"http:\/\/woerrlein-naturfoto.de\/wordpress\/?page_id=2930"},"modified":"2015-02-19T12:39:35","modified_gmt":"2015-02-19T11:39:35","slug":"uferschwalbe","status":"publish","type":"page","link":"https:\/\/woerrlein-naturfoto.de\/wordpress\/schwalben-a-z\/uferschwalbe\/","title":{"rendered":"Uferschwalbe"},"content":{"rendered":"<p><a href=\"http:\/\/woerrlein-naturfoto.de\/wordpress\/voegel\/\"><span style=\"color: #ffff66;\">V\u00f6gel<\/span> <\/a>-&gt;<a href=\"http:\/\/woerrlein-naturfoto.de\/wordpress\/voegel\/sperlingsvoegel\/\"> <span style=\"color: #ffff66;\">Sperlingsv\u00f6gel<\/span> <\/a>-&gt;<a href=\"http:\/\/woerrlein-naturfoto.de\/wordpress\/hauptseite-voegel\/voegel\/sperlingsvoegel-2\/schwalben\/\"> <span style=\"color: #ffff66;\">Schwalben<\/span><\/a><br \/>\n<a title=\"V\u00f6gel von A-Z\" href=\"http:\/\/woerrlein-naturfoto.de\/wordpress\/voegel\/voegel_von_a-z\/\">V\u00f6gel von A-Z<\/a><br \/>\nzur Galerie <a title=\"Schwalben\" href=\"http:\/\/woerrlein-naturfoto.de\/wordpress\/hauptseite-voegel\/voegel\/sperlingsvoegel-2\/schwalben\/\">Schwalben<\/a><\/p>\n<p><img loading=\"lazy\" decoding=\"async\" class=\"alignleft wp-image-2926\" src=\"http:\/\/woerrlein-naturfoto.de\/wordpress\/wp-content\/uploads\/Uferschwalben_29370L_v-600x400.jpg\" alt=\"Uferschwalben_29370L_v.jpg\" width=\"600\" height=\"400\" srcset=\"https:\/\/woerrlein-naturfoto.de\/wordpress\/wp-content\/uploads\/Uferschwalben_29370L_v-600x400.jpg 600w, https:\/\/woerrlein-naturfoto.de\/wordpress\/wp-content\/uploads\/Uferschwalben_29370L_v-120x80.jpg 120w, https:\/\/woerrlein-naturfoto.de\/wordpress\/wp-content\/uploads\/Uferschwalben_29370L_v.jpg 1000w\" sizes=\"auto, (max-width: 600px) 100vw, 600px\" \/><\/p>\n<p>Die <b>Uferschwalbe<\/b> (<i>Riparia riparia<\/i>) ist eine Vogelart aus der Familie der Schwalben. Es werden mehrere Unterarten unterschieden. Es handelt sich um die kleinste Schwalbenart in Europa. Sie hat einen nur leicht gegabelten kleinen Schwanz, einen verh\u00e4ltnism\u00e4\u00dfig langen, flachen Schnabel und zarte unbefiederte Zehen. Die Oberseite ist erdbraun, die Unterseite wei\u00df mit graubraunem Brustband. Die Tiere sind sehr gesellig, sie schlie\u00dfen sich auch abseits der Brutgebiete zu Trupps und Schw\u00e4rmen zusammen. Ihr Flug ist weniger zielgerichtet als bei anderen Schwalben und wirkt unstet und flatternd. Sie lassen ein reibendes \u201etschrrip\u201c und bei Alarm ein kurzes \u201ebrrit\u201c h\u00f6ren. Ihr Gesang ist ein schwaches Zwitschern. Uferschwalben besiedeln zur Brutzeit Flussufer, K\u00fcsten sowie \u2013 als Ersatzlebensr\u00e4ume in der Kulturlandschaft \u2013 Lehm- und Kiesgruben. Sie ben\u00f6tigen lehmige oder festsandige Steilufer und Abbruchkanten zur Anlage ihrer Brutr\u00f6hren. Die Uferschwalbe ist ein Koloniebr\u00fcter. Beide Partner graben ihre Brutr\u00f6hre mit querovalem Einflugloch mit Schnabel und Krallen armtief in steile W\u00e4nde. Die etwas aufsteigenden L\u00f6cher im festen Erdreich werden am hinteren Ende erweitert und mit Halmen und Federn ausgepolstert. Ein- bis zweimal im Jahr wird ein Gelege von f\u00fcnf bis sechs Eiern von beiden Eltern 14 bis 16 Tage lang ausgebr\u00fctet. Die Jungen werden ebenfalls von beiden Eltern gef\u00fcttert und verlassen die Bruth\u00f6hle nach 18 bis 23 Tagen. Die Jungv\u00f6gel bilden nach dem Verlassen der Altv\u00f6gel gro\u00dfe Schlafpl\u00e4tze, bevorzugt im Schilf oder Weidendickicht.<\/p>\n<p>L\u00e4nge: 12-13 cm\u00a0\u00a0 Spannweite: 27-29 cm\u00a0\u00a0 Gewicht: 10-17 g\u00a0\u00a0 Gelege: 5-6 Eier<\/p>\n<p>Zur Galerie <a title=\"Schwalben\" href=\"http:\/\/woerrlein-naturfoto.de\/wordpress\/hauptseite-voegel\/voegel\/sperlingsvoegel-2\/schwalben\/\">Schwalben<\/a><\/p>\n<p>&nbsp;<\/p>\n<p><em>Quelle des Textauszuges und weitere Infos bei <\/em><a href=\"http:\/\/de.wikipedia.org\/wiki\/Uferschwalbe\" target=\"_blank\">Wikipedia<\/a> <em>(<\/em><a href=\"http:\/\/www.gnu.org\/licenses\/fdl-1.3.txt\" target=\"_blank\">GNU-Lizenz<\/a><em>)<\/em> \u2013 <em>mein Dank gilt den<\/em> <a href=\"http:\/\/de.wikipedia.org\/w\/index.php?title=Uferschwalbe&amp;action=history\" target=\"_blank\">Autoren<\/a>.<\/p>\n","protected":false},"excerpt":{"rendered":"<p>V\u00f6gel -&gt; Sperlingsv\u00f6gel -&gt; Schwalben V\u00f6gel von A-Z zur Galerie Schwalben Die Uferschwalbe (Riparia riparia) ist eine Vogelart aus der Familie der Schwalben. Es werden mehrere Unterarten unterschieden. Es handelt sich um die kleinste Schwalbenart in Europa. Sie hat einen nur leicht gegabelten kleinen Schwanz, einen verh\u00e4ltnism\u00e4\u00dfig langen, flachen Schnabel und zarte unbefiederte Zehen. Die &hellip; <a href=\"https:\/\/woerrlein-naturfoto.de\/wordpress\/schwalben-a-z\/uferschwalbe\/\" class=\"more-link\"><span class=\"screen-reader-text\">Uferschwalbe<\/span> weiterlesen <span class=\"meta-nav\">&rarr;<\/span><\/a><\/p>\n","protected":false},"author":1,"featured_media":0,"parent":2928,"menu_order":0,"comment_status":"closed","ping_status":"closed","template":"page-templates\/full-width.php","meta":{"footnotes":""},"class_list":["post-2930","page","type-page","status-publish","hentry"],"_links":{"self":[{"href":"https:\/\/woerrlein-naturfoto.de\/wordpress\/wp-json\/wp\/v2\/pages\/2930","targetHints":{"allow":["GET"]}}],"collection":[{"href":"https:\/\/woerrlein-naturfoto.de\/wordpress\/wp-json\/wp\/v2\/pages"}],"about":[{"href":"https:\/\/woerrlein-naturfoto.de\/wordpress\/wp-json\/wp\/v2\/types\/page"}],"author":[{"embeddable":true,"href":"https:\/\/woerrlein-naturfoto.de\/wordpress\/wp-json\/wp\/v2\/users\/1"}],"replies":[{"embeddable":true,"href":"https:\/\/woerrlein-naturfoto.de\/wordpress\/wp-json\/wp\/v2\/comments?post=2930"}],"version-history":[{"count":4,"href":"https:\/\/woerrlein-naturfoto.de\/wordpress\/wp-json\/wp\/v2\/pages\/2930\/revisions"}],"predecessor-version":[{"id":6348,"href":"https:\/\/woerrlein-naturfoto.de\/wordpress\/wp-json\/wp\/v2\/pages\/2930\/revisions\/6348"}],"up":[{"embeddable":true,"href":"https:\/\/woerrlein-naturfoto.de\/wordpress\/wp-json\/wp\/v2\/pages\/2928"}],"wp:attachment":[{"href":"https:\/\/woerrlein-naturfoto.de\/wordpress\/wp-json\/wp\/v2\/media?parent=2930"}],"curies":[{"name":"wp","href":"https:\/\/api.w.org\/{rel}","templated":true}]}}