{"id":2794,"date":"2014-12-29T17:07:51","date_gmt":"2014-12-29T15:07:51","guid":{"rendered":"http:\/\/woerrlein-naturfoto.de\/wordpress\/?page_id=2794"},"modified":"2020-04-05T10:09:54","modified_gmt":"2020-04-05T08:09:54","slug":"kleiber","status":"publish","type":"page","link":"https:\/\/woerrlein-naturfoto.de\/wordpress\/kleiber-a-z\/kleiber\/","title":{"rendered":"Kleiber"},"content":{"rendered":"<p><a href=\"http:\/\/woerrlein-naturfoto.de\/wordpress\/voegel\/\"><span style=\"color: #ffff66;\"><img loading=\"lazy\" decoding=\"async\" class=\"alignleft wp-image-2781\" src=\"http:\/\/woerrlein-naturfoto.de\/wordpress\/wp-content\/uploads\/Kleiber_47877_v-400x600.jpg\" alt=\"\" width=\"267\" height=\"400\" srcset=\"https:\/\/woerrlein-naturfoto.de\/wordpress\/wp-content\/uploads\/Kleiber_47877_v-400x600.jpg 400w, https:\/\/woerrlein-naturfoto.de\/wordpress\/wp-content\/uploads\/Kleiber_47877_v.jpg 567w\" sizes=\"auto, (max-width: 267px) 100vw, 267px\" \/>V\u00f6gel<\/span> <\/a>-&gt;<a href=\"http:\/\/woerrlein-naturfoto.de\/wordpress\/voegel\/sperlingsvoegel\/\"> <span style=\"color: #ffff66;\">Sperlingsv\u00f6gel<\/span> <\/a>-&gt;<a href=\"http:\/\/woerrlein-naturfoto.de\/wordpress\/hauptseite-voegel\/voegel\/sperlingsvoegel-2\/kleiber\/\"> <span style=\"color: #ffff66;\">Kleiber<\/span><\/a><br \/>\n<a title=\"V\u00f6gel von A-Z\" href=\"http:\/\/woerrlein-naturfoto.de\/wordpress\/voegel\/voegel_von_a-z\/\">V\u00f6gel von A-Z<\/a><br \/>\nzur Galerie <a title=\"Kleiber\" href=\"http:\/\/woerrlein-naturfoto.de\/wordpress\/hauptseite-voegel\/voegel\/sperlingsvoegel-2\/kleiber\/\">Kleiber<\/a><\/p>\n<p>Der <b>Kleiber<\/b> (<i>Sitta europaea<\/i>) ist eine Vogelart aus der Familie der Kleiber. Der Name bezieht sich darauf, dass der Kleiber den Eingang von Bruth\u00f6hlen anderer V\u00f6gel, zum Beispiel die von Spechten, mit Lehm verklebt, um sie selbst zu nutzen. Der Begriff \u201eKleiber\u201c stammt aus dem Mittelhochdeutschen und bezeichnete Handwerker, die Lehmw\u00e4nde erstellten. Um die H\u00f6hle vor dem Zugriff von Mardern oder Kr\u00e4hen zu sch\u00fctzen, \u201emauern\u201c die Kleiber den Eingang zu ihren Bruth\u00f6hlen mit einer Mischung aus Lehm und Speichel so weit zu, dass sie gerade durchpassen. Der eurasische Kleiber kommt in Europa, Nordwest-Afrika und Asien (mit Ausnahme von S\u00fcd- und S\u00fcdostasien), also von Gro\u00dfbritannien bis Japan, vor, wobei die kontinentaleurop\u00e4ische Unterart gr\u00f6\u00dfere B\u00e4ume in Laubmischw\u00e4ldern, Parks und G\u00e4rten bewohnt. In Deutschland sind ungef\u00e4hr acht Prozent des globalen Bestandes beheimatet. Die Nahrung besteht haupts\u00e4chlich aus Insekten, Insekteneiern und -larven. Im Herbst kommen Samen, Beeren und N\u00fcsse dazu. Gr\u00f6\u00dfere Beutetiere klemmt der Kleiber in eine Rindenspalte, h\u00e4ngt sich kopfunter dar\u00fcber und mei\u00dfelt mit dem kr\u00e4ftigen Schnabel mundgerechte Bissen ab. Ebenso klemmt er gr\u00f6\u00dfere N\u00fcsse und Eicheln in geeignete Baumspalten, um sie mit seinem kr\u00e4ftigen Schnabelh\u00e4mmern zu knacken. Er legt Futtervorr\u00e4te an.<\/p>\n<p>L\u00e4nge: 13-15 cm\u00a0\u00a0 Spannweite: 22,5-27 cm\u00a0\u00a0 Gewicht: 22-25 g\u00a0\u00a0 Gelege: 6-8 Eier<\/p>\n<p>Zur Galerie <a title=\"Kleiber\" href=\"http:\/\/woerrlein-naturfoto.de\/wordpress\/hauptseite-voegel\/voegel\/sperlingsvoegel-2\/kleiber\/\">Kleiber<\/a><\/p>\n<p>&nbsp;<\/p>\n<p><em>Quelle des Textauszuges und weitere Infos bei <\/em><a href=\"http:\/\/de.wikipedia.org\/w\/index.php?title=Kleiber_%28Art%29&amp;action=history\" target=\"_blank\" rel=\"noopener noreferrer\">Wikipedia<\/a> <em>(<\/em><a href=\"http:\/\/www.gnu.org\/licenses\/fdl-1.3.txt\" target=\"_blank\" rel=\"noopener noreferrer\">GNU-Lizenz<\/a><em>)<\/em> \u2013 <em>mein Dank gilt den<\/em> <a href=\"http:\/\/de.wikipedia.org\/w\/index.php?title=Bergfink&amp;action=history\" target=\"_blank\" rel=\"noopener noreferrer\">Autoren<\/a>.<\/p>\n","protected":false},"excerpt":{"rendered":"<p>V\u00f6gel -&gt; Sperlingsv\u00f6gel -&gt; Kleiber V\u00f6gel von A-Z zur Galerie Kleiber Der Kleiber (Sitta europaea) ist eine Vogelart aus der Familie der Kleiber. Der Name bezieht sich darauf, dass der Kleiber den Eingang von Bruth\u00f6hlen anderer V\u00f6gel, zum Beispiel die von Spechten, mit Lehm verklebt, um sie selbst zu nutzen. Der Begriff \u201eKleiber\u201c stammt aus &hellip; <a href=\"https:\/\/woerrlein-naturfoto.de\/wordpress\/kleiber-a-z\/kleiber\/\" class=\"more-link\"><span class=\"screen-reader-text\">Kleiber<\/span> weiterlesen <span class=\"meta-nav\">&rarr;<\/span><\/a><\/p>\n","protected":false},"author":1,"featured_media":0,"parent":2792,"menu_order":0,"comment_status":"closed","ping_status":"closed","template":"page-templates\/full-width.php","meta":{"footnotes":""},"class_list":["post-2794","page","type-page","status-publish","hentry"],"_links":{"self":[{"href":"https:\/\/woerrlein-naturfoto.de\/wordpress\/wp-json\/wp\/v2\/pages\/2794","targetHints":{"allow":["GET"]}}],"collection":[{"href":"https:\/\/woerrlein-naturfoto.de\/wordpress\/wp-json\/wp\/v2\/pages"}],"about":[{"href":"https:\/\/woerrlein-naturfoto.de\/wordpress\/wp-json\/wp\/v2\/types\/page"}],"author":[{"embeddable":true,"href":"https:\/\/woerrlein-naturfoto.de\/wordpress\/wp-json\/wp\/v2\/users\/1"}],"replies":[{"embeddable":true,"href":"https:\/\/woerrlein-naturfoto.de\/wordpress\/wp-json\/wp\/v2\/comments?post=2794"}],"version-history":[{"count":6,"href":"https:\/\/woerrlein-naturfoto.de\/wordpress\/wp-json\/wp\/v2\/pages\/2794\/revisions"}],"predecessor-version":[{"id":12160,"href":"https:\/\/woerrlein-naturfoto.de\/wordpress\/wp-json\/wp\/v2\/pages\/2794\/revisions\/12160"}],"up":[{"embeddable":true,"href":"https:\/\/woerrlein-naturfoto.de\/wordpress\/wp-json\/wp\/v2\/pages\/2792"}],"wp:attachment":[{"href":"https:\/\/woerrlein-naturfoto.de\/wordpress\/wp-json\/wp\/v2\/media?parent=2794"}],"curies":[{"name":"wp","href":"https:\/\/api.w.org\/{rel}","templated":true}]}}