{"id":2752,"date":"2014-12-29T13:44:59","date_gmt":"2014-12-29T11:44:59","guid":{"rendered":"http:\/\/woerrlein-naturfoto.de\/wordpress\/?page_id=2752"},"modified":"2015-02-18T12:49:15","modified_gmt":"2015-02-18T11:49:15","slug":"bluthaenfling","status":"publish","type":"page","link":"https:\/\/woerrlein-naturfoto.de\/wordpress\/finken-a-z\/bluthaenfling\/","title":{"rendered":"Bluth\u00e4nfling"},"content":{"rendered":"<p><a href=\"http:\/\/woerrlein-naturfoto.de\/wordpress\/voegel\/\"><span style=\"color: #ffff66;\">V\u00f6gel<\/span> <\/a>-&gt;<a href=\"http:\/\/woerrlein-naturfoto.de\/wordpress\/voegel\/sperlingsvoegel\/\"> <span style=\"color: #ffff66;\">Sperlingsv\u00f6gel<\/span> <\/a>-&gt;<a href=\"http:\/\/woerrlein-naturfoto.de\/wordpress\/hauptseite-voegel\/voegel\/sperlingsvoegel-2\/finken\/\"> <span style=\"color: #ffff66;\">Finken<\/span><\/a><br \/>\n<a title=\"V\u00f6gel von A-Z\" href=\"http:\/\/woerrlein-naturfoto.de\/wordpress\/voegel\/voegel_von_a-z\/\">V\u00f6gel von A-Z<\/a><br \/>\nzur Galerie <a title=\"Finken\" href=\"http:\/\/woerrlein-naturfoto.de\/wordpress\/hauptseite-voegel\/voegel\/sperlingsvoegel-2\/finken\/\">Finken<\/a><\/p>\n<p><img loading=\"lazy\" decoding=\"async\" class=\"alignleft wp-image-2721\" src=\"http:\/\/woerrlein-naturfoto.de\/wordpress\/wp-content\/uploads\/Bluthaenfling_34247L_v-400x600.jpg\" alt=\"Bluthaenfling_34247L_v.jpg\" width=\"266\" height=\"400\" srcset=\"https:\/\/woerrlein-naturfoto.de\/wordpress\/wp-content\/uploads\/Bluthaenfling_34247L_v-400x600.jpg 400w, https:\/\/woerrlein-naturfoto.de\/wordpress\/wp-content\/uploads\/Bluthaenfling_34247L_v.jpg 566w\" sizes=\"auto, (max-width: 266px) 100vw, 266px\" \/>Der <b>Bluth\u00e4nfling<\/b> (<i>Carduelis cannabina<\/i>), auch <b>H\u00e4nfling<\/b> oder <b>Flachsfink<\/b> genannt, ist eine Vogelart aus der Familie der Finken. Er besiedelt Europa, Nordafrika, Vorderasien und das westliche Zentralasien. Als typischer Kulturlandvogel bevorzugt er Busch- und Heckenlandschaften im Tiefland. Er ist seltener in Talregionen von Berggebieten und im Gebirge in der \u00dcbergangszone vom geschlossenen Wald zum Zwergstrauchg\u00fcrtel zu finden. Seine Nahrung setzt sich aus S\u00e4mereien von Wildkr\u00e4utern, aber auch Baumsamen zusammen. Stehen die Wiesen in der Bl\u00fcte, k\u00f6nnen Bluth\u00e4nflinge aus betr\u00e4chtlicher H\u00f6he zielgerichtet dort einfallen, wo rote Ampferpflanzen stehen. Die Art gilt derzeit als nicht gef\u00e4hrdet. Der Bluth\u00e4nfling ern\u00e4hrt sich von S\u00e4mereien aller Reifestadien verschiedenster krautiger Pflanzen aber auch B\u00e4umen.\u00a0 W\u00e4hrend der Brutzeit frisst er auch kleine Insekten, insbesondere Blattl\u00e4use.<br \/>\nZum Balzen spreizt das singende M\u00e4nnchen den Schwanz, so dass die wei\u00dfen Au\u00dfenfahnen deutlich zu sehen sind. Dabei str\u00e4ubt es das Kopfgefieder und l\u00e4sst die vibrierenden Fl\u00fcgel h\u00e4ngen. Unter trippelnden Fu\u00df- und Drehbewegungen verdreht es den Kopf derartig, dass sein K\u00f6rper eine senkrechte Haltung einnimmt. Den Gesang tr\u00e4gt es so lange vor, bis das Weibchen bereit zur Kopulation ist. Dann begibt es sich zu ihm, so dass sogleich der Gesang verstummt und die Begattung stattfindet. W\u00e4hrenddessen l\u00e4sst das Weibchen leise wispernde Laute h\u00f6ren. Die Begattungen erfolgen mehrmals t\u00e4glich bis zur Beendigung der Eiablage.<\/p>\n<p>L\u00e4nge: 13-14 cm\u00a0\u00a0 Spannweite: 21-58 cm\u00a0\u00a0 Gewicht: 15-20 g\u00a0\u00a0 Gelege: 4-6 Eier<\/p>\n<p>Zur Galerie <a title=\"Finken\" href=\"http:\/\/woerrlein-naturfoto.de\/wordpress\/hauptseite-voegel\/voegel\/sperlingsvoegel-2\/finken\/\">Finken<\/a><\/p>\n<p>&nbsp;<\/p>\n<p><em>Quelle des Textauszuges und weitere Infos bei <\/em><a href=\"http:\/\/de.wikipedia.org\/wiki\/Bluth%C3%A4nfling\" target=\"_blank\">Wikipedia<\/a> <em>(<\/em><a href=\"http:\/\/www.gnu.org\/licenses\/fdl-1.3.txt\" target=\"_blank\">GNU-Lizenz<\/a><em>)<\/em> \u2013 <em>mein Dank gilt den<\/em> <a href=\"http:\/\/de.wikipedia.org\/w\/index.php?title=Bluth%C3%A4nfling&amp;action=history\" target=\"_blank\">Autoren<\/a>.<\/p>\n","protected":false},"excerpt":{"rendered":"<p>V\u00f6gel -&gt; Sperlingsv\u00f6gel -&gt; Finken V\u00f6gel von A-Z zur Galerie Finken Der Bluth\u00e4nfling (Carduelis cannabina), auch H\u00e4nfling oder Flachsfink genannt, ist eine Vogelart aus der Familie der Finken. Er besiedelt Europa, Nordafrika, Vorderasien und das westliche Zentralasien. Als typischer Kulturlandvogel bevorzugt er Busch- und Heckenlandschaften im Tiefland. Er ist seltener in Talregionen von Berggebieten und &hellip; <a href=\"https:\/\/woerrlein-naturfoto.de\/wordpress\/finken-a-z\/bluthaenfling\/\" class=\"more-link\"><span class=\"screen-reader-text\">Bluth\u00e4nfling<\/span> weiterlesen <span class=\"meta-nav\">&rarr;<\/span><\/a><\/p>\n","protected":false},"author":1,"featured_media":0,"parent":2744,"menu_order":0,"comment_status":"closed","ping_status":"closed","template":"page-templates\/full-width.php","meta":{"footnotes":""},"class_list":["post-2752","page","type-page","status-publish","hentry"],"_links":{"self":[{"href":"https:\/\/woerrlein-naturfoto.de\/wordpress\/wp-json\/wp\/v2\/pages\/2752","targetHints":{"allow":["GET"]}}],"collection":[{"href":"https:\/\/woerrlein-naturfoto.de\/wordpress\/wp-json\/wp\/v2\/pages"}],"about":[{"href":"https:\/\/woerrlein-naturfoto.de\/wordpress\/wp-json\/wp\/v2\/types\/page"}],"author":[{"embeddable":true,"href":"https:\/\/woerrlein-naturfoto.de\/wordpress\/wp-json\/wp\/v2\/users\/1"}],"replies":[{"embeddable":true,"href":"https:\/\/woerrlein-naturfoto.de\/wordpress\/wp-json\/wp\/v2\/comments?post=2752"}],"version-history":[{"count":6,"href":"https:\/\/woerrlein-naturfoto.de\/wordpress\/wp-json\/wp\/v2\/pages\/2752\/revisions"}],"predecessor-version":[{"id":6327,"href":"https:\/\/woerrlein-naturfoto.de\/wordpress\/wp-json\/wp\/v2\/pages\/2752\/revisions\/6327"}],"up":[{"embeddable":true,"href":"https:\/\/woerrlein-naturfoto.de\/wordpress\/wp-json\/wp\/v2\/pages\/2744"}],"wp:attachment":[{"href":"https:\/\/woerrlein-naturfoto.de\/wordpress\/wp-json\/wp\/v2\/media?parent=2752"}],"curies":[{"name":"wp","href":"https:\/\/api.w.org\/{rel}","templated":true}]}}