{"id":2683,"date":"2014-12-28T19:49:42","date_gmt":"2014-12-28T17:49:42","guid":{"rendered":"http:\/\/woerrlein-naturfoto.de\/wordpress\/?page_id=2683"},"modified":"2015-02-18T12:44:54","modified_gmt":"2015-02-18T11:44:54","slug":"gartenbaumlaeufer","status":"publish","type":"page","link":"https:\/\/woerrlein-naturfoto.de\/wordpress\/baumlaeufer-a-z\/gartenbaumlaeufer\/","title":{"rendered":"Gartenbauml\u00e4ufer"},"content":{"rendered":"<p><a href=\"http:\/\/woerrlein-naturfoto.de\/wordpress\/voegel\/\"><span style=\"color: #ffff66;\">V\u00f6gel<\/span> <\/a>-&gt;<a href=\"http:\/\/woerrlein-naturfoto.de\/wordpress\/voegel\/sperlingsvoegel\/\"> <span style=\"color: #ffff66;\">Sperlingsv\u00f6gel<\/span><\/a> -&gt;<a href=\"http:\/\/woerrlein-naturfoto.de\/wordpress\/hauptseite-voegel\/voegel\/sperlingsvoegel-2\/baumlaeufer\/\"> <span style=\"color: #ffff66;\">Bauml\u00e4ufer<\/span><\/a><br \/>\n<a href=\"http:\/\/woerrlein-naturfoto.de\/wordpress\/voegel_von_a-z\/\">V\u00f6gel von A-Z<\/a><br \/>\nZur Galerie <a title=\"Bauml\u00e4ufer\" href=\"http:\/\/woerrlein-naturfoto.de\/wordpress\/hauptseite-voegel\/voegel\/sperlingsvoegel-2\/baumlaeufer\/\">Bauml\u00e4ufer<\/a><\/p>\n<p><img loading=\"lazy\" decoding=\"async\" class=\"alignleft wp-image-2673\" src=\"http:\/\/woerrlein-naturfoto.de\/wordpress\/wp-content\/uploads\/Gartenbaumlaeufer_49557_v-400x600.jpg\" alt=\"\" width=\"267\" height=\"400\" srcset=\"https:\/\/woerrlein-naturfoto.de\/wordpress\/wp-content\/uploads\/Gartenbaumlaeufer_49557_v-400x600.jpg 400w, https:\/\/woerrlein-naturfoto.de\/wordpress\/wp-content\/uploads\/Gartenbaumlaeufer_49557_v.jpg 567w\" sizes=\"auto, (max-width: 267px) 100vw, 267px\" \/>Der <b>Gartenbauml\u00e4ufer<\/b> (<i>Certhia brachydactyla<\/i>) ist ein Singvogel aus der Familie der Bauml\u00e4ufer.\u00a0 Das Verbreitungsgebiet des Gartenbauml\u00e4ufers ist West- und Mitteleuropa, die Ostgrenze liegt etwas \u00f6stlich der Ostgrenze Polens und an der westlichen Schwarzmeerk\u00fcste. Er br\u00fctet au\u00dferdem in S\u00fcdeuropa, im Westen Kleinasiens sowie in Nordafrika. Der Gartenbauml\u00e4ufer bevorzugt, anders als der Waldbauml\u00e4ufer, Laubw\u00e4lder, Parks und G\u00e4rten mit vielen Obstb\u00e4umen. Er ist auch in Alleen, Feldgeh\u00f6lzen und Streuobstwiesen anzutreffen. Mit ihrem Gefieder sind Bauml\u00e4ufer ideal an die Rinde der B\u00e4ume angepasst, wo sie gut getarnt auf Nahrungssuche gehen. F\u00fcr die Futtersuche bevorzugt der Gartenbauml\u00e4ufer vor allem Laubb\u00e4ume mit besonders tiefer, borkiger Rinde (z.B. Eiche, Esche, Ulme), die er nach Nahrung absucht. Diese besteht aus Insekten, Spinnen, K\u00e4fer und Larven, welche er an und unter der Baumrinde findet. Er ern\u00e4hrt sich auch von Samen, die insbesondere im Winter einen gr\u00f6\u00dferen Teil seiner Nahrung ausmachen k\u00f6nnen. Anders als der <a title=\"Kleiber\" href=\"http:\/\/woerrlein-naturfoto.de\/wordpress\/kleiber-a-z\/kleiber\/\" target=\"_blank\">Kleiber<\/a> kann er nicht kopf\u00fcber den Baumstamm hinablaufen. Er beginnt am unteren Teil des Baumes und erklimmt mit Hilfe seiner spitzen langen Krallen ruckartig und spiralenf\u00f6rmig den Baumstamm. Dabei stochert er mit seinem langen, deutlich gebogenen Pinzettenschnabel in der Baumrinde nach allem Essbaren.<\/p>\n<p>L\u00e4nge: 12-13 cm\u00a0\u00a0 Spannweite: 17-20,5 cm\u00a0\u00a0 Gewicht:8,5-11 g\u00a0\u00a0 Gelege: 6-7 Eier<\/p>\n<p>Zur Galerie <a title=\"Bauml\u00e4ufer\" href=\"http:\/\/woerrlein-naturfoto.de\/wordpress\/hauptseite-voegel\/voegel\/sperlingsvoegel-2\/baumlaeufer\/\">Bauml\u00e4ufer<\/a><\/p>\n<p>&nbsp;<\/p>\n<p><em>Quelle des Textauszuges und weitere Infos bei <\/em><a href=\"http:\/\/de.wikipedia.org\/wiki\/Gartenbauml%C3%A4ufer\" target=\"_blank\">Wikipedia<\/a> <em>(<\/em><a href=\"http:\/\/www.gnu.org\/licenses\/fdl-1.3.txt\" target=\"_blank\">GNU-Lizenz<\/a><em>)<\/em> \u2013 <em>mein Dank gilt den<\/em> <a href=\"http:\/\/de.wikipedia.org\/w\/index.php?title=Gartenbauml%C3%A4ufer&amp;action=history\" target=\"_blank\">Autoren<\/a>.<\/p>\n","protected":false},"excerpt":{"rendered":"<p>V\u00f6gel -&gt; Sperlingsv\u00f6gel -&gt; Bauml\u00e4ufer V\u00f6gel von A-Z Zur Galerie Bauml\u00e4ufer Der Gartenbauml\u00e4ufer (Certhia brachydactyla) ist ein Singvogel aus der Familie der Bauml\u00e4ufer.\u00a0 Das Verbreitungsgebiet des Gartenbauml\u00e4ufers ist West- und Mitteleuropa, die Ostgrenze liegt etwas \u00f6stlich der Ostgrenze Polens und an der westlichen Schwarzmeerk\u00fcste. Er br\u00fctet au\u00dferdem in S\u00fcdeuropa, im Westen Kleinasiens sowie in Nordafrika. &hellip; <a href=\"https:\/\/woerrlein-naturfoto.de\/wordpress\/baumlaeufer-a-z\/gartenbaumlaeufer\/\" class=\"more-link\"><span class=\"screen-reader-text\">Gartenbauml\u00e4ufer<\/span> weiterlesen <span class=\"meta-nav\">&rarr;<\/span><\/a><\/p>\n","protected":false},"author":1,"featured_media":0,"parent":2681,"menu_order":0,"comment_status":"closed","ping_status":"closed","template":"page-templates\/full-width.php","meta":{"footnotes":""},"class_list":["post-2683","page","type-page","status-publish","hentry"],"_links":{"self":[{"href":"https:\/\/woerrlein-naturfoto.de\/wordpress\/wp-json\/wp\/v2\/pages\/2683","targetHints":{"allow":["GET"]}}],"collection":[{"href":"https:\/\/woerrlein-naturfoto.de\/wordpress\/wp-json\/wp\/v2\/pages"}],"about":[{"href":"https:\/\/woerrlein-naturfoto.de\/wordpress\/wp-json\/wp\/v2\/types\/page"}],"author":[{"embeddable":true,"href":"https:\/\/woerrlein-naturfoto.de\/wordpress\/wp-json\/wp\/v2\/users\/1"}],"replies":[{"embeddable":true,"href":"https:\/\/woerrlein-naturfoto.de\/wordpress\/wp-json\/wp\/v2\/comments?post=2683"}],"version-history":[{"count":8,"href":"https:\/\/woerrlein-naturfoto.de\/wordpress\/wp-json\/wp\/v2\/pages\/2683\/revisions"}],"predecessor-version":[{"id":6316,"href":"https:\/\/woerrlein-naturfoto.de\/wordpress\/wp-json\/wp\/v2\/pages\/2683\/revisions\/6316"}],"up":[{"embeddable":true,"href":"https:\/\/woerrlein-naturfoto.de\/wordpress\/wp-json\/wp\/v2\/pages\/2681"}],"wp:attachment":[{"href":"https:\/\/woerrlein-naturfoto.de\/wordpress\/wp-json\/wp\/v2\/media?parent=2683"}],"curies":[{"name":"wp","href":"https:\/\/api.w.org\/{rel}","templated":true}]}}